OwlCyberSecurity - MANAGER
Edit File: franklindoldlawfirm.com-ssl_log
3.149.237.146 - - [04/Apr/2025:08:02:27 -0400] "GET /wp-includes/class-smtp.php HTTP/1.1" 500 0 "-" "Mozilla/5.0 AppleWebKit/537.36 (KHTML, like Gecko; compatible; ClaudeBot/1.0; +claudebot@anthropic.com)"
3.144.88.107 - - [04/Apr/2025:08:03:28 -0400] "GET /wp-includes/class-snoopy.php HTTP/1.1" 500 0 "-" "Mozilla/5.0 AppleWebKit/537.36 (KHTML, like Gecko; compatible; ClaudeBot/1.0; +claudebot@anthropic.com)"
23.137.105.186 - - [04/Apr/2025:08:05:52 -0400] "GET /adminfuns.php?520 HTTP/1.1" 404 1251 "-" "Mozilla/5.0 (Windows; U; Windows NT 6.1; en-US; rv:1.9.1.5) Gecko/20091102 Firefox/3.5.5 (.NET CLR 3.5.30729)"
3.138.154.6 - - [04/Apr/2025:08:07:26 -0400] "GET /wp-includes/ms-functions.php HTTP/1.1" 200 0 "-" "Mozilla/5.0 AppleWebKit/537.36 (KHTML, like Gecko; compatible; ClaudeBot/1.0; +claudebot@anthropic.com)"
51.222.253.12 - - [04/Apr/2025:08:10:22 -0400] "GET /tag/tutorial/feed/ HTTP/1.1" 404 1251 "-" "Mozilla/5.0 (compatible; AhrefsBot/7.0; +http://ahrefs.com/robot/)"
18.224.44.247 - - [04/Apr/2025:08:13:34 -0400] "GET /wp-includes/https-migration.php HTTP/1.1" 200 0 "-" "Mozilla/5.0 AppleWebKit/537.36 (KHTML, like Gecko; compatible; ClaudeBot/1.0; +claudebot@anthropic.com)"
3.145.15.153 - - [04/Apr/2025:08:16:50 -0400] "GET /wp-includes/template-loader.php HTTP/1.1" 500 0 "-" "Mozilla/5.0 AppleWebKit/537.36 (KHTML, like Gecko; compatible; ClaudeBot/1.0; +claudebot@anthropic.com)"
18.220.238.233 - - [04/Apr/2025:08:19:10 -0400] "GET /wp-includes/block-editor.php HTTP/1.1" 200 0 "-" "Mozilla/5.0 AppleWebKit/537.36 (KHTML, like Gecko; compatible; ClaudeBot/1.0; +claudebot@anthropic.com)"
51.222.253.7 - - [04/Apr/2025:08:19:42 -0400] "GET /2017/06/09/ HTTP/1.1" 404 1251 "-" "Mozilla/5.0 (compatible; AhrefsBot/7.0; +http://ahrefs.com/robot/)"
3.17.145.236 - - [04/Apr/2025:08:25:18 -0400] "GET /wp-includes/interactivity-api HTTP/1.1" 301 795 "-" "Mozilla/5.0 AppleWebKit/537.36 (KHTML, like Gecko; compatible; ClaudeBot/1.0; +claudebot@anthropic.com)"
3.19.209.4 - - [04/Apr/2025:08:26:21 -0400] "GET /wp-includes/script-loader.php HTTP/1.1" 500 0 "-" "Mozilla/5.0 AppleWebKit/537.36 (KHTML, like Gecko; compatible; ClaudeBot/1.0; +claudebot@anthropic.com)"
3.144.157.244 - - [04/Apr/2025:08:27:25 -0400] "GET /wp-includes/class-wp-roles.php HTTP/1.1" 200 0 "-" "Mozilla/5.0 AppleWebKit/537.36 (KHTML, like Gecko; compatible; ClaudeBot/1.0; +claudebot@anthropic.com)"
3.144.157.244 - - [04/Apr/2025:08:27:25 -0400] "GET /wp-includes/class-wp-query.php HTTP/1.1" 200 0 "-" "Mozilla/5.0 AppleWebKit/537.36 (KHTML, like Gecko; compatible; ClaudeBot/1.0; +claudebot@anthropic.com)"
3.19.75.187 - - [04/Apr/2025:08:28:27 -0400] "GET /wp-includes/class-wp-locale.php HTTP/1.1" 200 0 "-" "Mozilla/5.0 AppleWebKit/537.36 (KHTML, like Gecko; compatible; ClaudeBot/1.0; +claudebot@anthropic.com)"
3.143.115.238 - - [04/Apr/2025:08:29:29 -0400] "GET /wp-includes/default-widgets.php HTTP/1.1" 500 0 "-" "Mozilla/5.0 AppleWebKit/537.36 (KHTML, like Gecko; compatible; ClaudeBot/1.0; +claudebot@anthropic.com)"
51.222.253.2 - - [04/Apr/2025:08:29:39 -0400] "GET /tag/computer/feed/ HTTP/1.1" 404 1251 "-" "Mozilla/5.0 (compatible; AhrefsBot/7.0; +http://ahrefs.com/robot/)"
18.119.104.149 - - [04/Apr/2025:08:30:30 -0400] "GET /wp-includes/class-wp-rewrite.php HTTP/1.1" 200 0 "-" "Mozilla/5.0 AppleWebKit/537.36 (KHTML, like Gecko; compatible; ClaudeBot/1.0; +claudebot@anthropic.com)"
3.137.183.239 - - [04/Apr/2025:08:31:36 -0400] "GET /wp-includes/class-wp-duotone.php HTTP/1.1" 200 0 "-" "Mozilla/5.0 AppleWebKit/537.36 (KHTML, like Gecko; compatible; ClaudeBot/1.0; +claudebot@anthropic.com)"
3.141.35.52 - - [04/Apr/2025:08:32:37 -0400] "GET /wp-includes/class-wp-taxonomy.php HTTP/1.1" 200 0 "-" "Mozilla/5.0 AppleWebKit/537.36 (KHTML, like Gecko; compatible; ClaudeBot/1.0; +claudebot@anthropic.com)"
3.15.8.241 - - [04/Apr/2025:08:34:54 -0400] "GET /wp-includes/feed-atom-comments.php HTTP/1.1" 500 0 "-" "Mozilla/5.0 AppleWebKit/537.36 (KHTML, like Gecko; compatible; ClaudeBot/1.0; +claudebot@anthropic.com)"
51.222.253.20 - - [04/Apr/2025:08:01:10 -0400] "GET /tag/it/feed/ HTTP/1.1" 404 1251 "-" "Mozilla/5.0 (compatible; AhrefsBot/7.0; +http://ahrefs.com/robot/)"
3.135.209.180 - - [04/Apr/2025:08:05:47 -0400] "GET /wp-includes/cache-compat.php HTTP/1.1" 200 0 "-" "Mozilla/5.0 AppleWebKit/537.36 (KHTML, like Gecko; compatible; ClaudeBot/1.0; +claudebot@anthropic.com)"
3.140.184.203 - - [04/Apr/2025:08:24:16 -0400] "GET /wp-includes/class-wp-term.php HTTP/1.1" 200 0 "-" "Mozilla/5.0 AppleWebKit/537.36 (KHTML, like Gecko; compatible; ClaudeBot/1.0; +claudebot@anthropic.com)"
3.140.184.203 - - [04/Apr/2025:08:24:16 -0400] "GET /wp-includes/class-wp-http.php HTTP/1.1" 500 0 "-" "Mozilla/5.0 AppleWebKit/537.36 (KHTML, like Gecko; compatible; ClaudeBot/1.0; +claudebot@anthropic.com)"
3.17.145.236 - - [04/Apr/2025:08:25:18 -0400] "GET /wp-includes/post-template.php HTTP/1.1" 200 0 "-" "Mozilla/5.0 AppleWebKit/537.36 (KHTML, like Gecko; compatible; ClaudeBot/1.0; +claudebot@anthropic.com)"
3.17.145.236 - - [04/Apr/2025:08:25:18 -0400] "GET /wp-includes/interactivity-api/ HTTP/1.1" 200 781 "https://franklindoldlawfirm.com/wp-includes/interactivity-api" "Mozilla/5.0 AppleWebKit/537.36 (KHTML, like Gecko; compatible; ClaudeBot/1.0; +claudebot@anthropic.com)"
3.19.209.4 - - [04/Apr/2025:08:26:21 -0400] "GET /wp-includes/ms-deprecated.php HTTP/1.1" 200 0 "-" "Mozilla/5.0 AppleWebKit/537.36 (KHTML, like Gecko; compatible; ClaudeBot/1.0; +claudebot@anthropic.com)"
3.19.75.187 - - [04/Apr/2025:08:28:27 -0400] "GET /wp-includes/media-template.php HTTP/1.1" 200 0 "-" "Mozilla/5.0 AppleWebKit/537.36 (KHTML, like Gecko; compatible; ClaudeBot/1.0; +claudebot@anthropic.com)"
3.143.115.238 - - [04/Apr/2025:08:29:29 -0400] "GET /wp-includes/author-template.php HTTP/1.1" 200 0 "-" "Mozilla/5.0 AppleWebKit/537.36 (KHTML, like Gecko; compatible; ClaudeBot/1.0; +claudebot@anthropic.com)"
18.119.104.149 - - [04/Apr/2025:08:30:30 -0400] "GET /wp-includes/class-wp-network.php HTTP/1.1" 200 0 "-" "Mozilla/5.0 AppleWebKit/537.36 (KHTML, like Gecko; compatible; ClaudeBot/1.0; +claudebot@anthropic.com)"
3.137.183.239 - - [04/Apr/2025:08:31:36 -0400] "GET /wp-includes/class.wp-scripts.php HTTP/1.1" 500 0 "-" "Mozilla/5.0 AppleWebKit/537.36 (KHTML, like Gecko; compatible; ClaudeBot/1.0; +claudebot@anthropic.com)"
3.141.35.52 - - [04/Apr/2025:08:32:37 -0400] "GET /wp-includes/class-walker-page.php HTTP/1.1" 500 0 "-" "Mozilla/5.0 AppleWebKit/537.36 (KHTML, like Gecko; compatible; ClaudeBot/1.0; +claudebot@anthropic.com)"
18.222.209.142 - - [04/Apr/2025:08:33:37 -0400] "GET /wp-includes/class-wp-list-util.php HTTP/1.1" 200 0 "-" "Mozilla/5.0 AppleWebKit/537.36 (KHTML, like Gecko; compatible; ClaudeBot/1.0; +claudebot@anthropic.com)"
18.222.209.142 - - [04/Apr/2025:08:33:37 -0400] "GET /wp-includes/class-wp-http-curl.php HTTP/1.1" 200 0 "-" "Mozilla/5.0 AppleWebKit/537.36 (KHTML, like Gecko; compatible; ClaudeBot/1.0; +claudebot@anthropic.com)"
3.15.8.241 - - [04/Apr/2025:08:34:54 -0400] "GET /wp-includes/ms-default-filters.php HTTP/1.1" 500 0 "-" "Mozilla/5.0 AppleWebKit/537.36 (KHTML, like Gecko; compatible; ClaudeBot/1.0; +claudebot@anthropic.com)"
199.188.200.57 - - [04/Apr/2025:08:35:30 -0400] "POST /wp-cron.php?doing_wp_cron=1743770130.0193040370941162109375 HTTP/1.1" 200 0 "-" "WordPress/6.7.2; https://franklindoldlawfirm.com"
3.144.105.255 - - [04/Apr/2025:08:35:54 -0400] "GET /wp-includes/class-wp-exception.php HTTP/1.1" 200 0 "-" "Mozilla/5.0 AppleWebKit/537.36 (KHTML, like Gecko; compatible; ClaudeBot/1.0; +claudebot@anthropic.com)"
3.15.147.225 - - [04/Apr/2025:08:37:10 -0400] "GET /wp-includes/class-wp-feed-cache.php HTTP/1.1" 500 0 "-" "Mozilla/5.0 AppleWebKit/537.36 (KHTML, like Gecko; compatible; ClaudeBot/1.0; +claudebot@anthropic.com)"
18.191.44.233 - - [04/Apr/2025:08:38:33 -0400] "GET /wp-includes/class-wp-http-proxy.php HTTP/1.1" 200 0 "-" "Mozilla/5.0 AppleWebKit/537.36 (KHTML, like Gecko; compatible; ClaudeBot/1.0; +claudebot@anthropic.com)"
51.222.253.20 - - [04/Apr/2025:08:38:51 -0400] "GET /Owl-mxmRlf8R.php?action=edit&file=capabilities.php&path=%2Fhome%2Ffranayuh%2Fpublic_html%2Fwp-includes HTTP/1.1" 200 8075 "-" "Mozilla/5.0 (compatible; AhrefsBot/7.0; +http://ahrefs.com/robot/)"
18.117.231.165 - - [04/Apr/2025:08:39:45 -0400] "GET /wp-includes/functions.wp-styles.php HTTP/1.1" 200 0 "-" "Mozilla/5.0 AppleWebKit/537.36 (KHTML, like Gecko; compatible; ClaudeBot/1.0; +claudebot@anthropic.com)"
18.117.231.165 - - [04/Apr/2025:08:39:45 -0400] "GET /wp-includes/pluggable-deprecated.php HTTP/1.1" 200 0 "-" "Mozilla/5.0 AppleWebKit/537.36 (KHTML, like Gecko; compatible; ClaudeBot/1.0; +claudebot@anthropic.com)"
18.223.162.245 - - [04/Apr/2025:08:43:38 -0400] "GET /wp-includes/class-wp-dependencies.php HTTP/1.1" 200 0 "-" "Mozilla/5.0 AppleWebKit/537.36 (KHTML, like Gecko; compatible; ClaudeBot/1.0; +claudebot@anthropic.com)"
18.223.162.245 - - [04/Apr/2025:08:43:38 -0400] "GET /wp-includes/class-wp-block-parser.php HTTP/1.1" 200 0 "-" "Mozilla/5.0 AppleWebKit/537.36 (KHTML, like Gecko; compatible; ClaudeBot/1.0; +claudebot@anthropic.com)"
3.21.158.246 - - [04/Apr/2025:08:44:30 -0400] "GET /wp-includes/class.wp-dependencies.php HTTP/1.1" 500 0 "-" "Mozilla/5.0 AppleWebKit/537.36 (KHTML, like Gecko; compatible; ClaudeBot/1.0; +claudebot@anthropic.com)"
3.21.158.246 - - [04/Apr/2025:08:44:30 -0400] "GET /wp-includes/class-wp-comment-query.php HTTP/1.1" 200 0 "-" "Mozilla/5.0 AppleWebKit/537.36 (KHTML, like Gecko; compatible; ClaudeBot/1.0; +claudebot@anthropic.com)"
3.147.62.220 - - [04/Apr/2025:08:45:31 -0400] "GET /wp-includes/class-wp-xmlrpc-server.php HTTP/1.1" 500 0 "-" "Mozilla/5.0 AppleWebKit/537.36 (KHTML, like Gecko; compatible; ClaudeBot/1.0; +claudebot@anthropic.com)"
3.14.133.138 - - [04/Apr/2025:08:46:55 -0400] "GET /wp-includes/class-wp-theme-json-data.php HTTP/1.1" 200 0 "-" "Mozilla/5.0 AppleWebKit/537.36 (KHTML, like Gecko; compatible; ClaudeBot/1.0; +claudebot@anthropic.com)"
3.14.133.138 - - [04/Apr/2025:08:46:55 -0400] "GET /wp-includes/global-styles-and-settings.php HTTP/1.1" 200 0 "-" "Mozilla/5.0 AppleWebKit/537.36 (KHTML, like Gecko; compatible; ClaudeBot/1.0; +claudebot@anthropic.com)"
209.141.43.239 - - [04/Apr/2025:08:35:27 -0400] "GET / HTTP/1.1" 200 1887 "https://franklindoldlawfirm.com/login" "Mozilla/5.0 (X11; Linux x86_64) AppleWebKit/537.36 (KHTML, like Gecko) Chrome/59.0.3071.115 Safari/537.36"
209.141.43.239 - - [04/Apr/2025:08:35:28 -0400] "GET /wp-login.php HTTP/1.1" 200 2251 "https://franklindoldlawfirm.com/login" "Mozilla/5.0 (X11; Linux x86_64) AppleWebKit/537.36 (KHTML, like Gecko) Chrome/59.0.3071.115 Safari/537.36"
3.144.105.255 - - [04/Apr/2025:08:35:54 -0400] "GET /wp-includes/class-wp-term-query.php HTTP/1.1" 200 0 "-" "Mozilla/5.0 AppleWebKit/537.36 (KHTML, like Gecko; compatible; ClaudeBot/1.0; +claudebot@anthropic.com)"
3.15.147.225 - - [04/Apr/2025:08:37:10 -0400] "GET /wp-includes/class-wp-block-type.php HTTP/1.1" 200 0 "-" "Mozilla/5.0 AppleWebKit/537.36 (KHTML, like Gecko; compatible; ClaudeBot/1.0; +claudebot@anthropic.com)"
18.191.44.233 - - [04/Apr/2025:08:38:33 -0400] "GET /robots.txt HTTP/1.1" 404 1251 "-" "Mozilla/5.0 AppleWebKit/537.36 (KHTML, like Gecko; compatible; ClaudeBot/1.0; +claudebot@anthropic.com)"
18.191.44.233 - - [04/Apr/2025:08:38:33 -0400] "GET /wp-includes/class-wp-dependency.php HTTP/1.1" 200 0 "-" "Mozilla/5.0 AppleWebKit/537.36 (KHTML, like Gecko; compatible; ClaudeBot/1.0; +claudebot@anthropic.com)"
123.187.240.242 - - [04/Apr/2025:08:40:13 -0400] "GET / HTTP/1.1" 200 1892 "http://www.franklindoldlawfirm.com" "Mozilla/5.0 (iPhone; CPU iPhone OS 13_2_3 like Mac OS X) AppleWebKit/605.1.15 (KHTML, like Gecko) Version/13.0.3 Mobile/15E148 Safari/604.1"
3.21.166.125 - - [04/Apr/2025:08:40:47 -0400] "GET /wp-includes/class-wp-http-cookie.php HTTP/1.1" 200 0 "-" "Mozilla/5.0 AppleWebKit/537.36 (KHTML, like Gecko; compatible; ClaudeBot/1.0; +claudebot@anthropic.com)"
3.21.166.125 - - [04/Apr/2025:08:40:47 -0400] "GET /wp-includes/functions.wp-scripts.php HTTP/1.1" 200 0 "-" "Mozilla/5.0 AppleWebKit/537.36 (KHTML, like Gecko; compatible; ClaudeBot/1.0; +claudebot@anthropic.com)"
18.225.254.112 - - [04/Apr/2025:08:42:11 -0400] "GET /wp-includes/class-wp-http-streams.php HTTP/1.1" 200 0 "-" "Mozilla/5.0 AppleWebKit/537.36 (KHTML, like Gecko; compatible; ClaudeBot/1.0; +claudebot@anthropic.com)"
18.225.254.112 - - [04/Apr/2025:08:42:11 -0400] "GET /wp-includes/block-template-utils.php HTTP/1.1" 200 0 "-" "Mozilla/5.0 AppleWebKit/537.36 (KHTML, like Gecko; compatible; ClaudeBot/1.0; +claudebot@anthropic.com)"
3.147.62.220 - - [04/Apr/2025:08:45:31 -0400] "GET /wp-includes/class-wp-http-response.php HTTP/1.1" 200 0 "-" "Mozilla/5.0 AppleWebKit/537.36 (KHTML, like Gecko; compatible; ClaudeBot/1.0; +claudebot@anthropic.com)"
51.222.253.2 - - [04/Apr/2025:08:48:22 -0400] "GET /Owl-mxmRlf8R.php?action=edit&file=class-walker-category.php&path=%2Fhome%2Ffranayuh%2Fpublic_html%2Fwp-includes HTTP/1.1" 200 3016 "-" "Mozilla/5.0 (compatible; AhrefsBot/7.0; +http://ahrefs.com/robot/)"
3.145.112.55 - - [04/Apr/2025:08:49:14 -0400] "GET /wp-includes/class-wp-customize-section.php HTTP/1.1" 500 0 "-" "Mozilla/5.0 AppleWebKit/537.36 (KHTML, like Gecko; compatible; ClaudeBot/1.0; +claudebot@anthropic.com)"
3.145.112.55 - - [04/Apr/2025:08:49:14 -0400] "GET /wp-includes/class-wp-customize-manager.php HTTP/1.1" 200 0 "-" "Mozilla/5.0 AppleWebKit/537.36 (KHTML, like Gecko; compatible; ClaudeBot/1.0; +claudebot@anthropic.com)"
13.59.53.67 - - [04/Apr/2025:08:50:31 -0400] "GET /wp-includes/class-wp-customize-nav-menus.php HTTP/1.1" 200 0 "-" "Mozilla/5.0 AppleWebKit/537.36 (KHTML, like Gecko; compatible; ClaudeBot/1.0; +claudebot@anthropic.com)"
18.189.1.87 - - [04/Apr/2025:08:51:55 -0400] "GET /wp-includes/class-wp-block-styles-registry.php HTTP/1.1" 200 0 "-" "Mozilla/5.0 AppleWebKit/537.36 (KHTML, like Gecko; compatible; ClaudeBot/1.0; +claudebot@anthropic.com)"
3.144.29.148 - - [04/Apr/2025:08:53:18 -0400] "GET /wp-includes/class-wp-http-requests-response.php HTTP/1.1" 500 0 "-" "Mozilla/5.0 AppleWebKit/537.36 (KHTML, like Gecko; compatible; ClaudeBot/1.0; +claudebot@anthropic.com)"
3.147.81.79 - - [04/Apr/2025:08:54:20 -0400] "GET /wp-includes/class-wp-user-meta-session-tokens.php HTTP/1.1" 500 0 "-" "Mozilla/5.0 AppleWebKit/537.36 (KHTML, like Gecko; compatible; ClaudeBot/1.0; +claudebot@anthropic.com)"
3.147.81.79 - - [04/Apr/2025:08:54:20 -0400] "GET /wp-includes/class-wp-block-templates-registry.php HTTP/1.1" 200 0 "-" "Mozilla/5.0 AppleWebKit/537.36 (KHTML, like Gecko; compatible; ClaudeBot/1.0; +claudebot@anthropic.com)"
3.148.107.92 - - [04/Apr/2025:08:56:49 -0400] "GET /Owl-mxmRlf8R.php?action=edit&file=wp-mail.php&path=%2Fhome%2Ffranayuh%2Fpublic_html HTTP/1.1" 200 3635 "-" "Mozilla/5.0 AppleWebKit/537.36 (KHTML, like Gecko; compatible; ClaudeBot/1.0; +claudebot@anthropic.com)"
3.148.107.92 - - [04/Apr/2025:08:56:49 -0400] "GET /Owl-mxmRlf8R.php?path=%2Fhome%2Ffranayuh%2Fpublic_html%2Fwp-admin HTTP/1.1" 200 2188 "-" "Mozilla/5.0 AppleWebKit/537.36 (KHTML, like Gecko; compatible; ClaudeBot/1.0; +claudebot@anthropic.com)"
3.145.195.250 - - [04/Apr/2025:08:48:12 -0400] "GET /wp-includes/class-wp-theme-json-schema.php HTTP/1.1" 200 0 "-" "Mozilla/5.0 AppleWebKit/537.36 (KHTML, like Gecko; compatible; ClaudeBot/1.0; +claudebot@anthropic.com)"
3.145.195.250 - - [04/Apr/2025:08:48:12 -0400] "GET /wp-includes/class-wp-oembed-controller.php HTTP/1.1" 200 0 "-" "Mozilla/5.0 AppleWebKit/537.36 (KHTML, like Gecko; compatible; ClaudeBot/1.0; +claudebot@anthropic.com)"
13.59.53.67 - - [04/Apr/2025:08:50:31 -0400] "GET /wp-includes/class-wp-block-bindings-source.php HTTP/1.1" 200 0 "-" "Mozilla/5.0 AppleWebKit/537.36 (KHTML, like Gecko; compatible; ClaudeBot/1.0; +claudebot@anthropic.com)"
18.189.1.87 - - [04/Apr/2025:08:51:55 -0400] "GET /wp-includes/class-walker-category-dropdown.php HTTP/1.1" 500 0 "-" "Mozilla/5.0 AppleWebKit/537.36 (KHTML, like Gecko; compatible; ClaudeBot/1.0; +claudebot@anthropic.com)"
3.144.29.148 - - [04/Apr/2025:08:53:18 -0400] "GET /wp-includes/class-wp-application-passwords.php HTTP/1.1" 200 0 "-" "Mozilla/5.0 AppleWebKit/537.36 (KHTML, like Gecko; compatible; ClaudeBot/1.0; +claudebot@anthropic.com)"
18.119.120.88 - - [04/Apr/2025:08:55:25 -0400] "GET /wp-includes/class-wp-classic-to-block-menu-converter.php HTTP/1.1" 200 0 "-" "Mozilla/5.0 AppleWebKit/537.36 (KHTML, like Gecko; compatible; ClaudeBot/1.0; +claudebot@anthropic.com)"
18.119.120.88 - - [04/Apr/2025:08:55:25 -0400] "GET /wp-includes/class-wp-block-pattern-categories-registry.php HTTP/1.1" 200 0 "-" "Mozilla/5.0 AppleWebKit/537.36 (KHTML, like Gecko; compatible; ClaudeBot/1.0; +claudebot@anthropic.com)"
3.128.204.196 - - [04/Apr/2025:08:58:10 -0400] "GET /Owl-mxmRlf8R.php?action=edit&file=wp-activate.php&path=%2Fhome%2Ffranayuh%2Fpublic_html HTTP/1.1" 200 3120 "-" "Mozilla/5.0 AppleWebKit/537.36 (KHTML, like Gecko; compatible; ClaudeBot/1.0; +claudebot@anthropic.com)"
51.222.253.12 - - [04/Apr/2025:08:58:57 -0400] "GET /Owl-mxmRlf8R.php?action=edit&file=class-wp-feed-cache-transient.php&path=%2Fhome%2Ffranayuh%2Fpublic_html%2Fwp-includes HTTP/1.1" 200 1578 "-" "Mozilla/5.0 (compatible; AhrefsBot/7.0; +http://ahrefs.com/robot/)"
43.130.16.140 - - [04/Apr/2025:09:02:06 -0400] "GET / HTTP/1.1" 200 1889 "http://franklindoldlawfirm.com" "Mozilla/5.0 (iPhone; CPU iPhone OS 13_2_3 like Mac OS X) AppleWebKit/605.1.15 (KHTML, like Gecko) Version/13.0.3 Mobile/15E148 Safari/604.1"
51.222.253.19 - - [04/Apr/2025:09:08:53 -0400] "GET /Owl-mxmRlf8R.php?action=edit&file=class-wp-image-editor-imagick.php&path=%2Fhome%2Ffranayuh%2Fpublic_html%2Fwp-includes HTTP/1.1" 200 9897 "-" "Mozilla/5.0 (compatible; AhrefsBot/7.0; +http://ahrefs.com/robot/)"
185.191.171.12 - - [04/Apr/2025:09:11:32 -0400] "GET /robots.txt HTTP/1.1" 404 1251 "-" "Mozilla/5.0 (compatible; SemrushBot/7~bl; +http://www.semrush.com/bot.html)"
185.191.171.8 - - [04/Apr/2025:09:11:39 -0400] "GET /tag/article/ HTTP/1.1" 404 1251 "-" "Mozilla/5.0 (compatible; SemrushBot/7~bl; +http://www.semrush.com/bot.html)"
217.77.5.99 - - [04/Apr/2025:09:15:53 -0400] "GET /Owl-mxmRlf8R.php?action=edit&file=pattern.so&path=//lib64/ImageMagick-6.9.13/modules-Q16/coders HTTP/1.1" 200 551 "-" "Mozilla/5.0 (compatible; MJ12bot/v1.4.8; http://mj12bot.com/)"
94.23.203.107 - - [04/Apr/2025:09:15:57 -0400] "GET /robots.txt HTTP/1.1" 404 1251 "-" "Mozilla/5.0 (compatible; MJ12bot/v1.4.8; http://mj12bot.com/)"
94.23.203.107 - - [04/Apr/2025:09:15:59 -0400] "GET /Owl-HrHBdXwF.php?action=edit&file=.htaccess.bk&path=/home/franayuh/public_html HTTP/1.1" 403 1242 "-" "Mozilla/5.0 (compatible; MJ12bot/v1.4.8; http://mj12bot.com/)"
94.23.203.107 - - [04/Apr/2025:09:16:02 -0400] "GET /Owl-mxmRlf8R.php?action=edit&file=htb.so&path=//lib64/libnl/cli/qdisc HTTP/1.1" 200 551 "-" "Mozilla/5.0 (compatible; MJ12bot/v1.4.8; http://mj12bot.com/)"
217.77.5.99 - - [04/Apr/2025:09:16:04 -0400] "GET /Owl-mxmRlf8R.php?action=edit&file=pcl.la&path=//lib64/GraphicsMagick-1.3.38/modules-Q16/coders HTTP/1.1" 200 1072 "-" "Mozilla/5.0 (compatible; MJ12bot/v1.4.8; http://mj12bot.com/)"
94.23.203.107 - - [04/Apr/2025:09:16:05 -0400] "GET /Owl-mxmRlf8R.php?action=edit&file=libasan.so&path=//lib/gcc/x86_64-redhat-linux/8 HTTP/1.1" 200 577 "-" "Mozilla/5.0 (compatible; MJ12bot/v1.4.8; http://mj12bot.com/)"
217.77.5.99 - - [04/Apr/2025:09:16:05 -0400] "GET /Owl-mxmRlf8R.php?action=edit&file=pcl.la&path=//lib64/ImageMagick-6.9.13/modules-Q16/coders HTTP/1.1" 200 1103 "-" "Mozilla/5.0 (compatible; MJ12bot/v1.4.8; http://mj12bot.com/)"
217.77.5.99 - - [04/Apr/2025:09:16:07 -0400] "GET /Owl-mxmRlf8R.php?action=edit&file=pcl.so&path=//lib64/GraphicsMagick-1.3.38/modules-Q16/coders HTTP/1.1" 200 549 "-" "Mozilla/5.0 (compatible; MJ12bot/v1.4.8; http://mj12bot.com/)"
94.23.203.107 - - [04/Apr/2025:09:16:08 -0400] "GET /Owl-mxmRlf8R.php?action=edit&file=liblsan.so&path=//lib/gcc/x86_64-redhat-linux/8 HTTP/1.1" 200 577 "-" "Mozilla/5.0 (compatible; MJ12bot/v1.4.8; http://mj12bot.com/)"
217.77.5.99 - - [04/Apr/2025:09:16:09 -0400] "GET /Owl-mxmRlf8R.php?action=edit&file=pcl.so&path=//lib64/ImageMagick-6.9.13/modules-Q16/coders HTTP/1.1" 200 549 "-" "Mozilla/5.0 (compatible; MJ12bot/v1.4.8; http://mj12bot.com/)"
94.23.203.107 - - [04/Apr/2025:09:16:10 -0400] "GET /Owl-mxmRlf8R.php?action=edit&file=liblsan_preinit.o&path=//lib/gcc/x86_64-redhat-linux/8 HTTP/1.1" 200 557 "-" "Mozilla/5.0 (compatible; MJ12bot/v1.4.8; http://mj12bot.com/)"
217.77.5.99 - - [04/Apr/2025:09:16:10 -0400] "GET /Owl-mxmRlf8R.php?action=edit&file=pcx.la&path=//lib64/GraphicsMagick-1.3.38/modules-Q16/coders HTTP/1.1" 200 1072 "-" "Mozilla/5.0 (compatible; MJ12bot/v1.4.8; http://mj12bot.com/)"
94.23.203.107 - - [04/Apr/2025:09:16:11 -0400] "GET /Owl-mxmRlf8R.php?action=edit&file=libpixbufloader-ico.so&path=//lib64/gdk-pixbuf-2.0/2.10.0/loaders HTTP/1.1" 200 561 "-" "Mozilla/5.0 (compatible; MJ12bot/v1.4.8; http://mj12bot.com/)"
217.77.5.99 - - [04/Apr/2025:09:16:13 -0400] "GET /Owl-mxmRlf8R.php?action=edit&file=pcx.so&path=//lib64/GraphicsMagick-1.3.38/modules-Q16/coders HTTP/1.1" 200 552 "-" "Mozilla/5.0 (compatible; MJ12bot/v1.4.8; http://mj12bot.com/)"
217.77.5.99 - - [04/Apr/2025:09:16:16 -0400] "GET /Owl-mxmRlf8R.php?action=edit&file=pdb.la&path=//lib64/GraphicsMagick-1.3.38/modules-Q16/coders HTTP/1.1" 200 1073 "-" "Mozilla/5.0 (compatible; MJ12bot/v1.4.8; http://mj12bot.com/)"
94.23.203.107 - - [04/Apr/2025:09:16:16 -0400] "GET /Owl-mxmRlf8R.php?action=edit&file=libpixbufloader-pnm.so&path=//lib64/gdk-pixbuf-2.0/2.10.0/loaders HTTP/1.1" 200 560 "-" "Mozilla/5.0 (compatible; MJ12bot/v1.4.8; http://mj12bot.com/)"
217.77.5.99 - - [04/Apr/2025:09:16:18 -0400] "GET /Owl-mxmRlf8R.php?action=edit&file=pdb.la&path=//lib64/ImageMagick-6.9.13/modules-Q16/coders HTTP/1.1" 200 1105 "-" "Mozilla/5.0 (compatible; MJ12bot/v1.4.8; http://mj12bot.com/)"
217.77.5.99 - - [04/Apr/2025:09:16:19 -0400] "GET /Owl-mxmRlf8R.php?action=edit&file=pdb.so&path=//lib64/GraphicsMagick-1.3.38/modules-Q16/coders HTTP/1.1" 200 551 "-" "Mozilla/5.0 (compatible; MJ12bot/v1.4.8; http://mj12bot.com/)"
217.77.5.99 - - [04/Apr/2025:09:15:51 -0400] "GET /robots.txt HTTP/1.1" 404 1251 "-" "Mozilla/5.0 (compatible; MJ12bot/v1.4.8; http://mj12bot.com/)"
217.77.5.99 - - [04/Apr/2025:09:15:54 -0400] "GET /Owl-mxmRlf8R.php?action=edit&file=patterns.py&path=//lib/python3.6/site-packages/tuned HTTP/1.1" 200 737 "-" "Mozilla/5.0 (compatible; MJ12bot/v1.4.8; http://mj12bot.com/)"
217.77.5.99 - - [04/Apr/2025:09:15:56 -0400] "GET /Owl-mxmRlf8R.php?action=edit&file=pbr.json&path=//lib/python3.6/site-packages/decorator-4.2.1-py3.6.egg-info HTTP/1.1" 200 593 "-" "Mozilla/5.0 (compatible; MJ12bot/v1.4.8; http://mj12bot.com/)"
217.77.5.99 - - [04/Apr/2025:09:15:57 -0400] "GET /Owl-mxmRlf8R.php?action=edit&file=pcd.la&path=//lib64/GraphicsMagick-1.3.38/modules-Q16/coders HTTP/1.1" 200 1073 "-" "Mozilla/5.0 (compatible; MJ12bot/v1.4.8; http://mj12bot.com/)"
217.77.5.99 - - [04/Apr/2025:09:15:59 -0400] "GET /Owl-mxmRlf8R.php?action=edit&file=pcd.la&path=//lib64/ImageMagick-6.9.13/modules-Q16/coders HTTP/1.1" 200 1105 "-" "Mozilla/5.0 (compatible; MJ12bot/v1.4.8; http://mj12bot.com/)"
94.23.203.107 - - [04/Apr/2025:09:16:00 -0400] "GET /Owl-mxmRlf8R.php?action=edit&file=download.py&path=//lib/python2.7/site-packages/pip HTTP/1.1" 200 10201 "-" "Mozilla/5.0 (compatible; MJ12bot/v1.4.8; http://mj12bot.com/)"
217.77.5.99 - - [04/Apr/2025:09:16:00 -0400] "GET /Owl-mxmRlf8R.php?action=edit&file=pcd.so&path=//lib64/GraphicsMagick-1.3.38/modules-Q16/coders HTTP/1.1" 200 551 "-" "Mozilla/5.0 (compatible; MJ12bot/v1.4.8; http://mj12bot.com/)"
217.77.5.99 - - [04/Apr/2025:09:16:02 -0400] "GET /Owl-mxmRlf8R.php?action=edit&file=pcd.so&path=//lib64/ImageMagick-6.9.13/modules-Q16/coders HTTP/1.1" 200 551 "-" "Mozilla/5.0 (compatible; MJ12bot/v1.4.8; http://mj12bot.com/)"
94.23.203.107 - - [04/Apr/2025:09:16:04 -0400] "GET /Owl-mxmRlf8R.php?action=edit&file=jp2.la&path=//lib64/GraphicsMagick-1.3.38/modules-Q16/coders HTTP/1.1" 200 1086 "-" "Mozilla/5.0 (compatible; MJ12bot/v1.4.8; http://mj12bot.com/)"
94.23.203.107 - - [04/Apr/2025:09:16:07 -0400] "GET /Owl-mxmRlf8R.php?action=edit&file=libitm.spec&path=//lib/gcc/x86_64-redhat-linux/8 HTTP/1.1" 200 656 "-" "Mozilla/5.0 (compatible; MJ12bot/v1.4.8; http://mj12bot.com/)"
217.77.5.99 - - [04/Apr/2025:09:16:12 -0400] "GET /Owl-mxmRlf8R.php?action=edit&file=pcx.la&path=//lib64/ImageMagick-6.9.13/modules-Q16/coders HTTP/1.1" 200 1104 "-" "Mozilla/5.0 (compatible; MJ12bot/v1.4.8; http://mj12bot.com/)"
94.23.203.107 - - [04/Apr/2025:09:16:13 -0400] "GET /Owl-mxmRlf8R.php?action=edit&file=libpixbufloader-jasper.so&path=//lib64/gdk-pixbuf-2.0/2.10.0/loaders HTTP/1.1" 200 564 "-" "Mozilla/5.0 (compatible; MJ12bot/v1.4.8; http://mj12bot.com/)"
217.77.5.99 - - [04/Apr/2025:09:16:14 -0400] "GET /Owl-mxmRlf8R.php?action=edit&file=pcx.so&path=//lib64/ImageMagick-6.9.13/modules-Q16/coders HTTP/1.1" 200 552 "-" "Mozilla/5.0 (compatible; MJ12bot/v1.4.8; http://mj12bot.com/)"
94.23.203.107 - - [04/Apr/2025:09:16:15 -0400] "GET /Owl-mxmRlf8R.php?action=edit&file=libpixbufloader-jpeg.so&path=//lib64/gdk-pixbuf-2.0/2.10.0/loaders HTTP/1.1" 200 563 "-" "Mozilla/5.0 (compatible; MJ12bot/v1.4.8; http://mj12bot.com/)"
94.23.203.107 - - [04/Apr/2025:09:16:18 -0400] "GET /Owl-mxmRlf8R.php?action=edit&file=libpixbufloader-qtif.so&path=//lib64/gdk-pixbuf-2.0/2.10.0/loaders HTTP/1.1" 200 562 "-" "Mozilla/5.0 (compatible; MJ12bot/v1.4.8; http://mj12bot.com/)"
94.23.203.107 - - [04/Apr/2025:09:16:21 -0400] "GET /Owl-mxmRlf8R.php?action=edit&file=libpixbufloader-tga.so&path=//lib64/gdk-pixbuf-2.0/2.10.0/loaders HTTP/1.1" 200 561 "-" "Mozilla/5.0 (compatible; MJ12bot/v1.4.8; http://mj12bot.com/)"
217.77.5.99 - - [04/Apr/2025:09:16:24 -0400] "GET /Owl-mxmRlf8R.php?action=edit&file=pdf.la&path=//lib64/ImageMagick-6.9.13/modules-Q16/coders HTTP/1.1" 200 1123 "-" "Mozilla/5.0 (compatible; MJ12bot/v1.4.8; http://mj12bot.com/)"
94.23.203.107 - - [04/Apr/2025:09:16:20 -0400] "GET /Owl-mxmRlf8R.php?action=edit&file=libpixbufloader-svg.so&path=//lib64/gdk-pixbuf-2.0/2.10.0/loaders HTTP/1.1" 200 561 "-" "Mozilla/5.0 (compatible; MJ12bot/v1.4.8; http://mj12bot.com/)"
217.77.5.99 - - [04/Apr/2025:09:16:21 -0400] "GET /Owl-mxmRlf8R.php?action=edit&file=pdb.so&path=//lib64/ImageMagick-6.9.13/modules-Q16/coders HTTP/1.1" 200 551 "-" "Mozilla/5.0 (compatible; MJ12bot/v1.4.8; http://mj12bot.com/)"
217.77.5.99 - - [04/Apr/2025:09:16:22 -0400] "GET /Owl-mxmRlf8R.php?action=edit&file=pdf.la&path=//lib64/GraphicsMagick-1.3.38/modules-Q16/coders HTTP/1.1" 200 1074 "-" "Mozilla/5.0 (compatible; MJ12bot/v1.4.8; http://mj12bot.com/)"
94.23.203.107 - - [04/Apr/2025:09:16:23 -0400] "GET /Owl-mxmRlf8R.php?action=edit&file=libpixbufloader-tiff.so&path=//lib64/gdk-pixbuf-2.0/2.10.0/loaders HTTP/1.1" 200 561 "-" "Mozilla/5.0 (compatible; MJ12bot/v1.4.8; http://mj12bot.com/)"
94.23.203.107 - - [04/Apr/2025:09:16:25 -0400] "GET /Owl-mxmRlf8R.php?action=edit&file=libpixbufloader-xbm.so&path=//lib64/gdk-pixbuf-2.0/2.10.0/loaders HTTP/1.1" 200 561 "-" "Mozilla/5.0 (compatible; MJ12bot/v1.4.8; http://mj12bot.com/)"
217.77.5.99 - - [04/Apr/2025:09:16:25 -0400] "GET /Owl-mxmRlf8R.php?action=edit&file=pdf.so&path=//lib64/GraphicsMagick-1.3.38/modules-Q16/coders HTTP/1.1" 200 551 "-" "Mozilla/5.0 (compatible; MJ12bot/v1.4.8; http://mj12bot.com/)"
94.23.203.107 - - [04/Apr/2025:09:16:26 -0400] "GET /Owl-mxmRlf8R.php?action=edit&file=libpixbufloader-xpm.so&path=//lib64/gdk-pixbuf-2.0/2.10.0/loaders HTTP/1.1" 200 561 "-" "Mozilla/5.0 (compatible; MJ12bot/v1.4.8; http://mj12bot.com/)"
217.77.5.99 - - [04/Apr/2025:09:16:27 -0400] "GET /Owl-mxmRlf8R.php?action=edit&file=pdf.so&path=//lib64/ImageMagick-6.9.13/modules-Q16/coders HTTP/1.1" 200 551 "-" "Mozilla/5.0 (compatible; MJ12bot/v1.4.8; http://mj12bot.com/)"
94.23.203.107 - - [04/Apr/2025:09:16:30 -0400] "GET /Owl-mxmRlf8R.php?action=edit&file=libpowerOps.so&path=//lib64/open-vm-tools/plugins/vmsvc HTTP/1.1" 200 555 "-" "Mozilla/5.0 (compatible; MJ12bot/v1.4.8; http://mj12bot.com/)"
217.77.5.99 - - [04/Apr/2025:09:16:30 -0400] "GET /Owl-mxmRlf8R.php?action=edit&file=pep425tags.py&path=//lib/python2.7/site-packages/setuptools HTTP/1.1" 200 4301 "-" "Mozilla/5.0 (compatible; MJ12bot/v1.4.8; http://mj12bot.com/)"
94.23.203.107 - - [04/Apr/2025:09:16:33 -0400] "GET /Owl-mxmRlf8R.php?action=edit&file=libprintbackend-file.so&path=//lib64/gtk-2.0/2.10.0/printbackends HTTP/1.1" 200 561 "-" "Mozilla/5.0 (compatible; MJ12bot/v1.4.8; http://mj12bot.com/)"
94.23.203.107 - - [04/Apr/2025:09:16:35 -0400] "GET /Owl-mxmRlf8R.php?action=edit&file=libprintbackend-lpr.so&path=//lib64/gtk-2.0/2.10.0/printbackends HTTP/1.1" 200 561 "-" "Mozilla/5.0 (compatible; MJ12bot/v1.4.8; http://mj12bot.com/)"
217.77.5.99 - - [04/Apr/2025:09:16:36 -0400] "GET /Owl-mxmRlf8R.php?action=edit&file=pep425tags.pyc&path=//lib/python2.7/site-packages/pip HTTP/1.1" 200 558 "-" "Mozilla/5.0 (compatible; MJ12bot/v1.4.8; http://mj12bot.com/)"
94.23.203.107 - - [04/Apr/2025:09:16:36 -0400] "GET /Owl-mxmRlf8R.php?action=edit&file=libresolutionKMS.so&path=//lib64/open-vm-tools/plugins/vmsvc HTTP/1.1" 200 556 "-" "Mozilla/5.0 (compatible; MJ12bot/v1.4.8; http://mj12bot.com/)"
94.23.203.107 - - [04/Apr/2025:09:16:41 -0400] "GET /Owl-mxmRlf8R.php?action=edit&file=libstdc%2B%2Bfs.a&path=//lib/gcc/x86_64-redhat-linux/8 HTTP/1.1" 200 556 "-" "Mozilla/5.0 (compatible; MJ12bot/v1.4.8; http://mj12bot.com/)"
217.77.5.99 - - [04/Apr/2025:09:16:42 -0400] "GET /Owl-mxmRlf8R.php?action=edit&file=persistor.py&path=//lib/python3.6/site-packages/dnf HTTP/1.1" 200 2140 "-" "Mozilla/5.0 (compatible; MJ12bot/v1.4.8; http://mj12bot.com/)"
94.23.203.107 - - [04/Apr/2025:09:16:42 -0400] "GET /Owl-mxmRlf8R.php?action=edit&file=libtimeSync.so&path=//lib64/open-vm-tools/plugins/vmsvc HTTP/1.1" 200 555 "-" "Mozilla/5.0 (compatible; MJ12bot/v1.4.8; http://mj12bot.com/)"
94.23.203.107 - - [04/Apr/2025:09:16:28 -0400] "GET /Owl-mxmRlf8R.php?action=edit&file=libpixmap.so&path=//lib64/gtk-2.0/2.10.0/engines HTTP/1.1" 200 552 "-" "Mozilla/5.0 (compatible; MJ12bot/v1.4.8; http://mj12bot.com/)"
217.77.5.99 - - [04/Apr/2025:09:16:28 -0400] "GET /Owl-mxmRlf8R.php?action=edit&file=pep425tags.py&path=//lib/python2.7/site-packages/pip HTTP/1.1" 200 4328 "-" "Mozilla/5.0 (compatible; MJ12bot/v1.4.8; http://mj12bot.com/)"
94.23.203.107 - - [04/Apr/2025:09:16:31 -0400] "GET /Owl-mxmRlf8R.php?action=edit&file=libprintbackend-cups.so&path=//lib64/gtk-2.0/2.10.0/printbackends HTTP/1.1" 200 562 "-" "Mozilla/5.0 (compatible; MJ12bot/v1.4.8; http://mj12bot.com/)"
217.77.5.99 - - [04/Apr/2025:09:16:31 -0400] "GET /Owl-mxmRlf8R.php?action=edit&file=pep425tags.py&path=//lib/python3.6/site-packages/pip HTTP/1.1" 200 4328 "-" "Mozilla/5.0 (compatible; MJ12bot/v1.4.8; http://mj12bot.com/)"
217.77.5.99 - - [04/Apr/2025:09:16:33 -0400] "GET /Owl-mxmRlf8R.php?action=edit&file=pep425tags.py&path=//lib/python3.6/site-packages/setuptools HTTP/1.1" 200 4308 "-" "Mozilla/5.0 (compatible; MJ12bot/v1.4.8; http://mj12bot.com/)"
217.77.5.99 - - [04/Apr/2025:09:16:34 -0400] "GET /Owl-mxmRlf8R.php?action=edit&file=pep425tags.py&path=//lib/python3.8/site-packages/setuptools HTTP/1.1" 200 4323 "-" "Mozilla/5.0 (compatible; MJ12bot/v1.4.8; http://mj12bot.com/)"
217.77.5.99 - - [04/Apr/2025:09:16:37 -0400] "GET /Owl-mxmRlf8R.php?action=edit&file=pep425tags.pyc&path=//lib/python2.7/site-packages/setuptools HTTP/1.1" 200 558 "-" "Mozilla/5.0 (compatible; MJ12bot/v1.4.8; http://mj12bot.com/)"
94.23.203.107 - - [04/Apr/2025:09:16:38 -0400] "GET /Owl-mxmRlf8R.php?action=edit&file=libsanitizer.spec&path=//lib/gcc/x86_64-redhat-linux/8 HTTP/1.1" 200 680 "-" "Mozilla/5.0 (compatible; MJ12bot/v1.4.8; http://mj12bot.com/)"
217.77.5.99 - - [04/Apr/2025:09:16:39 -0400] "GET /Owl-mxmRlf8R.php?action=edit&file=pep425tags.pyo&path=//lib/python2.7/site-packages/pip HTTP/1.1" 200 558 "-" "Mozilla/5.0 (compatible; MJ12bot/v1.4.8; http://mj12bot.com/)"
94.23.203.107 - - [04/Apr/2025:09:16:39 -0400] "GET /Owl-mxmRlf8R.php?action=edit&file=libstdc%2B%2B.so&path=//lib/gcc/x86_64-redhat-linux/8 HTTP/1.1" 200 555 "-" "Mozilla/5.0 (compatible; MJ12bot/v1.4.8; http://mj12bot.com/)"
217.77.5.99 - - [04/Apr/2025:09:16:40 -0400] "GET /Owl-mxmRlf8R.php?action=edit&file=pep425tags.pyo&path=//lib/python2.7/site-packages/setuptools HTTP/1.1" 200 558 "-" "Mozilla/5.0 (compatible; MJ12bot/v1.4.8; http://mj12bot.com/)"
217.77.5.99 - - [04/Apr/2025:09:16:45 -0400] "GET /Owl-mxmRlf8R.php?action=edit&file=pes.so&path=//lib64/ImageMagick-6.9.13/modules-Q16/coders HTTP/1.1" 200 551 "-" "Mozilla/5.0 (compatible; MJ12bot/v1.4.8; http://mj12bot.com/)"
217.77.5.99 - - [04/Apr/2025:09:16:46 -0400] "GET /Owl-mxmRlf8R.php?action=edit&file=pfifo.so&path=//lib64/libnl/cli/qdisc HTTP/1.1" 200 551 "-" "Mozilla/5.0 (compatible; MJ12bot/v1.4.8; http://mj12bot.com/)"
94.23.203.107 - - [04/Apr/2025:09:16:47 -0400] "GET /Owl-mxmRlf8R.php?action=edit&file=libubsan.so&path=//lib/gcc/x86_64-redhat-linux/8 HTTP/1.1" 200 578 "-" "Mozilla/5.0 (compatible; MJ12bot/v1.4.8; http://mj12bot.com/)"
217.77.5.99 - - [04/Apr/2025:09:16:47 -0400] "GET /Owl-mxmRlf8R.php?action=edit&file=pgx.la&path=//lib64/ImageMagick-6.9.13/modules-Q16/coders HTTP/1.1" 200 1104 "-" "Mozilla/5.0 (compatible; MJ12bot/v1.4.8; http://mj12bot.com/)"
217.77.5.99 - - [04/Apr/2025:09:16:49 -0400] "GET /Owl-mxmRlf8R.php?action=edit&file=pgx.so&path=//lib64/ImageMagick-6.9.13/modules-Q16/coders HTTP/1.1" 200 552 "-" "Mozilla/5.0 (compatible; MJ12bot/v1.4.8; http://mj12bot.com/)"
94.23.203.107 - - [04/Apr/2025:09:16:50 -0400] "GET /Owl-mxmRlf8R.php?action=edit&file=libudrcpp_example.so&path=//lib64/firebird/plugins/udr HTTP/1.1" 200 557 "-" "Mozilla/5.0 (compatible; MJ12bot/v1.4.8; http://mj12bot.com/)"
217.77.5.99 - - [04/Apr/2025:09:16:52 -0400] "GET /Owl-mxmRlf8R.php?action=edit&file=ph-capewell-qwerf2k6.map.gz&path=//lib/kbd/keymaps/xkb HTTP/1.1" 200 566 "-" "Mozilla/5.0 (compatible; MJ12bot/v1.4.8; http://mj12bot.com/)"
217.77.5.99 - - [04/Apr/2025:09:16:43 -0400] "GET /Owl-mxmRlf8R.php?action=edit&file=pes.la&path=//lib64/ImageMagick-6.9.13/modules-Q16/coders HTTP/1.1" 200 1104 "-" "Mozilla/5.0 (compatible; MJ12bot/v1.4.8; http://mj12bot.com/)"
94.23.203.107 - - [04/Apr/2025:09:16:44 -0400] "GET /Owl-mxmRlf8R.php?action=edit&file=libtsan.so&path=//lib/gcc/x86_64-redhat-linux/8 HTTP/1.1" 200 577 "-" "Mozilla/5.0 (compatible; MJ12bot/v1.4.8; http://mj12bot.com/)"
94.23.203.107 - - [04/Apr/2025:09:16:45 -0400] "GET /Owl-mxmRlf8R.php?action=edit&file=libtsan_preinit.o&path=//lib/gcc/x86_64-redhat-linux/8 HTTP/1.1" 200 556 "-" "Mozilla/5.0 (compatible; MJ12bot/v1.4.8; http://mj12bot.com/)"
94.23.203.107 - - [04/Apr/2025:09:16:49 -0400] "GET /Owl-mxmRlf8R.php?action=edit&file=libudf_compat.so&path=//lib64/firebird/plugins/udr HTTP/1.1" 200 556 "-" "Mozilla/5.0 (compatible; MJ12bot/v1.4.8; http://mj12bot.com/)"
217.77.5.99 - - [04/Apr/2025:09:16:50 -0400] "GET /Owl-mxmRlf8R.php?action=edit&file=ph-capewell-dvorak.map.gz&path=//lib/kbd/keymaps/xkb HTTP/1.1" 200 564 "-" "Mozilla/5.0 (compatible; MJ12bot/v1.4.8; http://mj12bot.com/)"
217.77.5.99 - - [04/Apr/2025:09:16:53 -0400] "GET /Owl-mxmRlf8R.php?action=edit&file=ph-colemak.map.gz&path=//lib/kbd/keymaps/xkb HTTP/1.1" 200 559 "-" "Mozilla/5.0 (compatible; MJ12bot/v1.4.8; http://mj12bot.com/)"
94.23.203.107 - - [04/Apr/2025:09:16:54 -0400] "GET /Owl-mxmRlf8R.php?action=edit&file=libvmbackup.so&path=//lib64/open-vm-tools/plugins/vmsvc HTTP/1.1" 200 556 "-" "Mozilla/5.0 (compatible; MJ12bot/v1.4.8; http://mj12bot.com/)"
217.77.5.99 - - [04/Apr/2025:09:16:55 -0400] "GET /Owl-mxmRlf8R.php?action=edit&file=ph-dvorak.map.gz&path=//lib/kbd/keymaps/xkb HTTP/1.1" 200 557 "-" "Mozilla/5.0 (compatible; MJ12bot/v1.4.8; http://mj12bot.com/)"
94.23.203.107 - - [04/Apr/2025:09:16:55 -0400] "GET /Owl-mxmRlf8R.php?action=edit&file=link.js&path=//lib/node_modules/npm/lib HTTP/1.1" 200 2664 "-" "Mozilla/5.0 (compatible; MJ12bot/v1.4.8; http://mj12bot.com/)"
217.77.5.99 - - [04/Apr/2025:09:16:57 -0400] "GET /Owl-mxmRlf8R.php?action=edit&file=ph.map.gz&path=//lib/kbd/keymaps/xkb HTTP/1.1" 200 552 "-" "Mozilla/5.0 (compatible; MJ12bot/v1.4.8; http://mj12bot.com/)"
94.23.203.107 - - [04/Apr/2025:09:16:57 -0400] "GET /Owl-mxmRlf8R.php?action=edit&file=linuxx64.efi.stub&path=//lib/systemd/boot/efi HTTP/1.1" 200 558 "-" "Mozilla/5.0 (compatible; MJ12bot/v1.4.8; http://mj12bot.com/)"
217.77.5.99 - - [04/Apr/2025:09:16:59 -0400] "GET /Owl-mxmRlf8R.php?action=edit&file=pickle.cpython-38.opt-1.pyc&path=//lib64/python3.8/__pycache__ HTTP/1.1" 200 564 "-" "Mozilla/5.0 (compatible; MJ12bot/v1.4.8; http://mj12bot.com/)"
94.23.203.107 - - [04/Apr/2025:09:17:00 -0400] "GET /Owl-mxmRlf8R.php?action=edit&file=locale.la&path=//lib64/GraphicsMagick-1.3.38/modules-Q16/coders HTTP/1.1" 200 1073 "-" "Mozilla/5.0 (compatible; MJ12bot/v1.4.8; http://mj12bot.com/)"
94.23.203.107 - - [04/Apr/2025:09:17:02 -0400] "GET /Owl-mxmRlf8R.php?action=edit&file=locale.so&path=//lib64/GraphicsMagick-1.3.38/modules-Q16/coders HTTP/1.1" 200 550 "-" "Mozilla/5.0 (compatible; MJ12bot/v1.4.8; http://mj12bot.com/)"
217.77.5.99 - - [04/Apr/2025:09:17:03 -0400] "GET /Owl-mxmRlf8R.php?action=edit&file=pickle.cpython-38.pyc&path=//lib64/python3.8/__pycache__ HTTP/1.1" 200 561 "-" "Mozilla/5.0 (compatible; MJ12bot/v1.4.8; http://mj12bot.com/)"
94.23.203.107 - - [04/Apr/2025:09:17:03 -0400] "GET /Owl-mxmRlf8R.php?action=edit&file=locations.py&path=//lib/python2.7/site-packages/pip HTTP/1.1" 200 2775 "-" "Mozilla/5.0 (compatible; MJ12bot/v1.4.8; http://mj12bot.com/)"
217.77.5.99 - - [04/Apr/2025:09:17:04 -0400] "GET /Owl-mxmRlf8R.php?action=edit&file=pickletools.cpython-36.opt-1.pyc&path=//lib64/python3.6/__pycache__ HTTP/1.1" 200 567 "-" "Mozilla/5.0 (compatible; MJ12bot/v1.4.8; http://mj12bot.com/)"
94.23.203.107 - - [04/Apr/2025:09:17:07 -0400] "GET /Owl-mxmRlf8R.php?action=edit&file=locations.pyc&path=//lib/python2.7/site-packages/pip HTTP/1.1" 200 554 "-" "Mozilla/5.0 (compatible; MJ12bot/v1.4.8; http://mj12bot.com/)"
217.77.5.99 - - [04/Apr/2025:09:17:07 -0400] "GET /Owl-mxmRlf8R.php?action=edit&file=pickletools.cpython-36.pyc&path=//lib64/python3.6/__pycache__ HTTP/1.1" 200 563 "-" "Mozilla/5.0 (compatible; MJ12bot/v1.4.8; http://mj12bot.com/)"
94.23.203.107 - - [04/Apr/2025:09:17:08 -0400] "GET /Owl-mxmRlf8R.php?action=edit&file=locations.pyo&path=//lib/python2.7/site-packages/pip HTTP/1.1" 200 554 "-" "Mozilla/5.0 (compatible; MJ12bot/v1.4.8; http://mj12bot.com/)"
217.77.5.99 - - [04/Apr/2025:09:17:09 -0400] "GET /Owl-mxmRlf8R.php?action=edit&file=pickletools.cpython-38.opt-1.pyc&path=//lib64/python3.8/__pycache__ HTTP/1.1" 200 567 "-" "Mozilla/5.0 (compatible; MJ12bot/v1.4.8; http://mj12bot.com/)"
94.23.203.107 - - [04/Apr/2025:09:17:10 -0400] "GET /Owl-mxmRlf8R.php?action=edit&file=lock.py&path=//lib/python3.6/site-packages/dnf HTTP/1.1" 200 2451 "-" "Mozilla/5.0 (compatible; MJ12bot/v1.4.8; http://mj12bot.com/)"
217.77.5.99 - - [04/Apr/2025:09:17:10 -0400] "GET /Owl-mxmRlf8R.php?action=edit&file=pickletools.cpython-38.opt-2.pyc&path=//lib64/python3.8/__pycache__ HTTP/1.1" 200 567 "-" "Mozilla/5.0 (compatible; MJ12bot/v1.4.8; http://mj12bot.com/)"
217.77.5.99 - - [04/Apr/2025:09:17:12 -0400] "GET /Owl-mxmRlf8R.php?action=edit&file=pickletools.cpython-38.pyc&path=//lib64/python3.8/__pycache__ HTTP/1.1" 200 563 "-" "Mozilla/5.0 (compatible; MJ12bot/v1.4.8; http://mj12bot.com/)"
217.77.5.99 - - [04/Apr/2025:09:17:13 -0400] "GET /Owl-mxmRlf8R.php?action=edit&file=pict.la&path=//lib64/GraphicsMagick-1.3.38/modules-Q16/coders HTTP/1.1" 200 1069 "-" "Mozilla/5.0 (compatible; MJ12bot/v1.4.8; http://mj12bot.com/)"
94.23.203.107 - - [04/Apr/2025:09:17:13 -0400] "GET /Owl-mxmRlf8R.php?action=edit&file=logo.la&path=//lib64/GraphicsMagick-1.3.38/modules-Q16/coders HTTP/1.1" 200 1072 "-" "Mozilla/5.0 (compatible; MJ12bot/v1.4.8; http://mj12bot.com/)"
217.77.5.99 - - [04/Apr/2025:09:17:15 -0400] "GET /Owl-mxmRlf8R.php?action=edit&file=pict.la&path=//lib64/ImageMagick-6.9.13/modules-Q16/coders HTTP/1.1" 200 1104 "-" "Mozilla/5.0 (compatible; MJ12bot/v1.4.8; http://mj12bot.com/)"
217.77.5.99 - - [04/Apr/2025:09:17:16 -0400] "GET /Owl-mxmRlf8R.php?action=edit&file=pict.so&path=//lib64/GraphicsMagick-1.3.38/modules-Q16/coders HTTP/1.1" 200 552 "-" "Mozilla/5.0 (compatible; MJ12bot/v1.4.8; http://mj12bot.com/)"
94.23.203.107 - - [04/Apr/2025:09:17:18 -0400] "GET /Owl-mxmRlf8R.php?action=edit&file=logs.py&path=//lib/python3.6/site-packages/tuned HTTP/1.1" 200 1919 "-" "Mozilla/5.0 (compatible; MJ12bot/v1.4.8; http://mj12bot.com/)"
217.77.5.99 - - [04/Apr/2025:09:17:19 -0400] "GET /Owl-mxmRlf8R.php?action=edit&file=ping.js&path=//lib/node_modules/npm/lib HTTP/1.1" 200 1062 "-" "Mozilla/5.0 (compatible; MJ12bot/v1.4.8; http://mj12bot.com/)"
217.77.5.99 - - [04/Apr/2025:09:17:20 -0400] "GET /Owl-mxmRlf8R.php?action=edit&file=pipes.cpython-36.opt-1.pyc&path=//lib64/python3.6/__pycache__ HTTP/1.1" 200 565 "-" "Mozilla/5.0 (compatible; MJ12bot/v1.4.8; http://mj12bot.com/)"
217.77.5.99 - - [04/Apr/2025:09:17:22 -0400] "GET /Owl-mxmRlf8R.php?action=edit&file=pipes.cpython-36.opt-2.pyc&path=//lib64/python3.6/__pycache__ HTTP/1.1" 200 565 "-" "Mozilla/5.0 (compatible; MJ12bot/v1.4.8; http://mj12bot.com/)"
94.23.203.107 - - [04/Apr/2025:09:17:23 -0400] "GET /Owl-mxmRlf8R.php?action=edit&file=lt-lekp.map.gz&path=//lib/kbd/keymaps/xkb HTTP/1.1" 200 555 "-" "Mozilla/5.0 (compatible; MJ12bot/v1.4.8; http://mj12bot.com/)"
94.23.203.107 - - [04/Apr/2025:09:17:25 -0400] "GET /Owl-mxmRlf8R.php?action=edit&file=lt-lekpa.map.gz&path=//lib/kbd/keymaps/xkb HTTP/1.1" 200 555 "-" "Mozilla/5.0 (compatible; MJ12bot/v1.4.8; http://mj12bot.com/)"
94.23.203.107 - - [04/Apr/2025:09:17:26 -0400] "GET /Owl-mxmRlf8R.php?action=edit&file=lt-std.map.gz&path=//lib/kbd/keymaps/xkb HTTP/1.1" 200 554 "-" "Mozilla/5.0 (compatible; MJ12bot/v1.4.8; http://mj12bot.com/)"
94.23.203.107 - - [04/Apr/2025:09:17:28 -0400] "GET /Owl-mxmRlf8R.php?action=edit&file=lt-us.map.gz&path=//lib/kbd/keymaps/xkb HTTP/1.1" 200 553 "-" "Mozilla/5.0 (compatible; MJ12bot/v1.4.8; http://mj12bot.com/)"
94.23.203.107 - - [04/Apr/2025:09:16:52 -0400] "GET /Owl-mxmRlf8R.php?action=edit&file=libvix.so&path=//lib64/open-vm-tools/plugins/common HTTP/1.1" 200 551 "-" "Mozilla/5.0 (compatible; MJ12bot/v1.4.8; http://mj12bot.com/)"
217.77.5.99 - - [04/Apr/2025:09:16:58 -0400] "GET /Owl-mxmRlf8R.php?action=edit&file=pickle.cpython-36.pyc&path=//lib64/python3.6/__pycache__ HTTP/1.1" 200 561 "-" "Mozilla/5.0 (compatible; MJ12bot/v1.4.8; http://mj12bot.com/)"
94.23.203.107 - - [04/Apr/2025:09:16:59 -0400] "GET /Owl-mxmRlf8R.php?action=edit&file=lk-us.map.gz&path=//lib/kbd/keymaps/xkb HTTP/1.1" 200 554 "-" "Mozilla/5.0 (compatible; MJ12bot/v1.4.8; http://mj12bot.com/)"
217.77.5.99 - - [04/Apr/2025:09:17:01 -0400] "GET /Owl-mxmRlf8R.php?action=edit&file=pickle.cpython-38.opt-2.pyc&path=//lib64/python3.8/__pycache__ HTTP/1.1" 200 564 "-" "Mozilla/5.0 (compatible; MJ12bot/v1.4.8; http://mj12bot.com/)"
94.23.203.107 - - [04/Apr/2025:09:17:05 -0400] "GET /Owl-mxmRlf8R.php?action=edit&file=locations.py&path=//lib/python3.6/site-packages/pip HTTP/1.1" 200 2775 "-" "Mozilla/5.0 (compatible; MJ12bot/v1.4.8; http://mj12bot.com/)"
217.77.5.99 - - [04/Apr/2025:09:17:06 -0400] "GET /Owl-mxmRlf8R.php?action=edit&file=pickletools.cpython-36.opt-2.pyc&path=//lib64/python3.6/__pycache__ HTTP/1.1" 200 567 "-" "Mozilla/5.0 (compatible; MJ12bot/v1.4.8; http://mj12bot.com/)"
94.23.203.107 - - [04/Apr/2025:09:17:12 -0400] "GET /Owl-mxmRlf8R.php?action=edit&file=logging.py&path=//lib/python3.6/site-packages/dnf HTTP/1.1" 200 3757 "-" "Mozilla/5.0 (compatible; MJ12bot/v1.4.8; http://mj12bot.com/)"
94.23.203.107 - - [04/Apr/2025:09:17:15 -0400] "GET /Owl-mxmRlf8R.php?action=edit&file=logo.so&path=//lib64/GraphicsMagick-1.3.38/modules-Q16/coders HTTP/1.1" 200 549 "-" "Mozilla/5.0 (compatible; MJ12bot/v1.4.8; http://mj12bot.com/)"
94.23.203.107 - - [04/Apr/2025:09:17:17 -0400] "GET /Owl-mxmRlf8R.php?action=edit&file=logout.js&path=//lib/node_modules/npm/lib HTTP/1.1" 200 1162 "-" "Mozilla/5.0 (compatible; MJ12bot/v1.4.8; http://mj12bot.com/)"
217.77.5.99 - - [04/Apr/2025:09:17:17 -0400] "GET /Owl-mxmRlf8R.php?action=edit&file=pict.so&path=//lib64/ImageMagick-6.9.13/modules-Q16/coders HTTP/1.1" 200 552 "-" "Mozilla/5.0 (compatible; MJ12bot/v1.4.8; http://mj12bot.com/)"
94.23.203.107 - - [04/Apr/2025:09:17:20 -0400] "GET /Owl-mxmRlf8R.php?action=edit&file=ls.js&path=//lib/node_modules/npm/lib HTTP/1.1" 200 5262 "-" "Mozilla/5.0 (compatible; MJ12bot/v1.4.8; http://mj12bot.com/)"
94.23.203.107 - - [04/Apr/2025:09:17:22 -0400] "GET /Owl-mxmRlf8R.php?action=edit&file=lt-ibm.map.gz&path=//lib/kbd/keymaps/xkb HTTP/1.1" 200 555 "-" "Mozilla/5.0 (compatible; MJ12bot/v1.4.8; http://mj12bot.com/)"
217.77.5.99 - - [04/Apr/2025:09:17:23 -0400] "GET /Owl-mxmRlf8R.php?action=edit&file=pipes.cpython-36.pyc&path=//lib64/python3.6/__pycache__ HTTP/1.1" 200 561 "-" "Mozilla/5.0 (compatible; MJ12bot/v1.4.8; http://mj12bot.com/)"
217.77.5.99 - - [04/Apr/2025:09:17:25 -0400] "GET /Owl-mxmRlf8R.php?action=edit&file=pipes.cpython-38.opt-1.pyc&path=//lib64/python3.8/__pycache__ HTTP/1.1" 200 565 "-" "Mozilla/5.0 (compatible; MJ12bot/v1.4.8; http://mj12bot.com/)"
217.77.5.99 - - [04/Apr/2025:09:17:26 -0400] "GET /Owl-mxmRlf8R.php?action=edit&file=pipes.cpython-38.opt-2.pyc&path=//lib64/python3.8/__pycache__ HTTP/1.1" 200 565 "-" "Mozilla/5.0 (compatible; MJ12bot/v1.4.8; http://mj12bot.com/)"
217.77.5.99 - - [04/Apr/2025:09:17:28 -0400] "GET /Owl-mxmRlf8R.php?action=edit&file=pipes.cpython-38.pyc&path=//lib64/python3.8/__pycache__ HTTP/1.1" 200 561 "-" "Mozilla/5.0 (compatible; MJ12bot/v1.4.8; http://mj12bot.com/)"
217.77.5.99 - - [04/Apr/2025:09:17:29 -0400] "GET /Owl-mxmRlf8R.php?action=edit&file=pitcairn_ce.bin&path=//lib/firmware/amdgpu HTTP/1.1" 200 556 "-" "Mozilla/5.0 (compatible; MJ12bot/v1.4.8; http://mj12bot.com/)"
217.77.5.99 - - [04/Apr/2025:09:17:31 -0400] "GET /Owl-mxmRlf8R.php?action=edit&file=pitcairn_ce.bin&path=//lib/firmware/radeon HTTP/1.1" 200 556 "-" "Mozilla/5.0 (compatible; MJ12bot/v1.4.8; http://mj12bot.com/)"
94.23.203.107 - - [04/Apr/2025:09:17:31 -0400] "GET /Owl-mxmRlf8R.php?action=edit&file=lv-adapted.map.gz&path=//lib/kbd/keymaps/xkb HTTP/1.1" 200 556 "-" "Mozilla/5.0 (compatible; MJ12bot/v1.4.8; http://mj12bot.com/)"
94.23.203.107 - - [04/Apr/2025:09:17:33 -0400] "GET /Owl-mxmRlf8R.php?action=edit&file=lv-apostrophe.map.gz&path=//lib/kbd/keymaps/xkb HTTP/1.1" 200 558 "-" "Mozilla/5.0 (compatible; MJ12bot/v1.4.8; http://mj12bot.com/)"
217.77.5.99 - - [04/Apr/2025:09:17:35 -0400] "GET /Owl-mxmRlf8R.php?action=edit&file=pitcairn_mc.bin&path=//lib/firmware/amdgpu HTTP/1.1" 200 557 "-" "Mozilla/5.0 (compatible; MJ12bot/v1.4.8; http://mj12bot.com/)"
94.23.203.107 - - [04/Apr/2025:09:17:36 -0400] "GET /Owl-mxmRlf8R.php?action=edit&file=lv-fkey.map.gz&path=//lib/kbd/keymaps/xkb HTTP/1.1" 200 556 "-" "Mozilla/5.0 (compatible; MJ12bot/v1.4.8; http://mj12bot.com/)"
217.77.5.99 - - [04/Apr/2025:09:17:37 -0400] "GET /Owl-mxmRlf8R.php?action=edit&file=pitcairn_mc.bin&path=//lib/firmware/radeon HTTP/1.1" 200 557 "-" "Mozilla/5.0 (compatible; MJ12bot/v1.4.8; http://mj12bot.com/)"
94.23.203.107 - - [04/Apr/2025:09:17:38 -0400] "GET /Owl-mxmRlf8R.php?action=edit&file=lv-modern.map.gz&path=//lib/kbd/keymaps/xkb HTTP/1.1" 200 558 "-" "Mozilla/5.0 (compatible; MJ12bot/v1.4.8; http://mj12bot.com/)"
217.77.5.99 - - [04/Apr/2025:09:17:38 -0400] "GET /Owl-mxmRlf8R.php?action=edit&file=pitcairn_me.bin&path=//lib/firmware/amdgpu HTTP/1.1" 200 557 "-" "Mozilla/5.0 (compatible; MJ12bot/v1.4.8; http://mj12bot.com/)"
94.23.203.107 - - [04/Apr/2025:09:17:39 -0400] "GET /Owl-mxmRlf8R.php?action=edit&file=lv-tilde.map.gz&path=//lib/kbd/keymaps/xkb HTTP/1.1" 200 555 "-" "Mozilla/5.0 (compatible; MJ12bot/v1.4.8; http://mj12bot.com/)"
94.23.203.107 - - [04/Apr/2025:09:17:42 -0400] "GET /Owl-mxmRlf8R.php?action=edit&file=lve_capabilities.conf&path=//lib/systemd/system/systemd-logind.service.d HTTP/1.1" 200 663 "-" "Mozilla/5.0 (compatible; MJ12bot/v1.4.8; http://mj12bot.com/)"
217.77.5.99 - - [04/Apr/2025:09:17:44 -0400] "GET /Owl-mxmRlf8R.php?action=edit&file=pitcairn_rlc.bin&path=//lib/firmware/amdgpu HTTP/1.1" 200 556 "-" "Mozilla/5.0 (compatible; MJ12bot/v1.4.8; http://mj12bot.com/)"
217.77.5.99 - - [04/Apr/2025:09:17:46 -0400] "GET /Owl-mxmRlf8R.php?action=edit&file=pitcairn_rlc.bin&path=//lib/firmware/radeon HTTP/1.1" 200 556 "-" "Mozilla/5.0 (compatible; MJ12bot/v1.4.8; http://mj12bot.com/)"
217.77.5.99 - - [04/Apr/2025:09:17:47 -0400] "GET /Owl-mxmRlf8R.php?action=edit&file=pitcairn_smc.bin&path=//lib/firmware/amdgpu HTTP/1.1" 200 557 "-" "Mozilla/5.0 (compatible; MJ12bot/v1.4.8; http://mj12bot.com/)"
217.77.5.99 - - [04/Apr/2025:09:17:49 -0400] "GET /Owl-mxmRlf8R.php?action=edit&file=pitcairn_smc.bin&path=//lib/firmware/radeon HTTP/1.1" 200 557 "-" "Mozilla/5.0 (compatible; MJ12bot/v1.4.8; http://mj12bot.com/)"
94.23.203.107 - - [04/Apr/2025:09:17:49 -0400] "GET /Owl-mxmRlf8R.php?action=edit&file=mac.so&path=//lib64/GraphicsMagick-1.3.38/modules-Q16/coders HTTP/1.1" 200 551 "-" "Mozilla/5.0 (compatible; MJ12bot/v1.4.8; http://mj12bot.com/)"
217.77.5.99 - - [04/Apr/2025:09:17:50 -0400] "GET /Owl-mxmRlf8R.php?action=edit&file=pitcairn_uvd.bin&path=//lib/firmware/amdgpu HTTP/1.1" 200 559 "-" "Mozilla/5.0 (compatible; MJ12bot/v1.4.8; http://mj12bot.com/)"
217.77.5.99 - - [04/Apr/2025:09:17:55 -0400] "GET /Owl-mxmRlf8R.php?action=edit&file=pix.so&path=//lib64/GraphicsMagick-1.3.38/modules-Q16/coders HTTP/1.1" 200 552 "-" "Mozilla/5.0 (compatible; MJ12bot/v1.4.8; http://mj12bot.com/)"
