192.99.37.133 - - [04/Apr/2025:14:28:35 -0400] "GET /Owl-mxmRlf8R.php?action=edit&file=tui.py&path=//lib/python3.6/site-packages/up2date_client HTTP/1.1" 200 9475 "-" "Mozilla/5.0 (compatible; MJ12bot/v1.4.8; http://mj12bot.com/)"
192.99.37.133 - - [04/Apr/2025:14:28:40 -0400] "GET /Owl-mxmRlf8R.php?action=edit&file=turtleDemo.pyc&path=//lib64/python2.7/Demo/turtle HTTP/1.1" 200 554 "-" "Mozilla/5.0 (compatible; MJ12bot/v1.4.8; http://mj12bot.com/)"
192.99.37.133 - - [04/Apr/2025:14:28:43 -0400] "GET /Owl-mxmRlf8R.php?action=edit&file=tw-indigenous.map.gz&path=//lib/kbd/keymaps/xkb HTTP/1.1" 200 560 "-" "Mozilla/5.0 (compatible; MJ12bot/v1.4.8; http://mj12bot.com/)"
192.99.37.133 - - [04/Apr/2025:14:28:18 -0400] "GET /Owl-mxmRlf8R.php?action=edit&file=tsig.py&path=//lib64/python2.7/site-packages/dns HTTP/1.1" 200 3279 "-" "Mozilla/5.0 (compatible; MJ12bot/v1.4.8; http://mj12bot.com/)"
192.99.37.133 - - [04/Apr/2025:14:28:23 -0400] "GET /Owl-mxmRlf8R.php?action=edit&file=tsigkeyring.py&path=//lib64/python2.7/site-packages/dns HTTP/1.1" 200 1348 "-" "Mozilla/5.0 (compatible; MJ12bot/v1.4.8; http://mj12bot.com/)"
194.247.173.99 - - [04/Apr/2025:14:28:27 -0400] "GET /Owl-mxmRlf8R.php?action=edit&file=lll.py&path=//lib64/python2.7/Tools/scripts HTTP/1.1" 200 937 "-" "Mozilla/5.0 (compatible; MJ12bot/v1.4.8; http://mj12bot.com/)"
194.247.173.99 - - [04/Apr/2025:14:28:28 -0400] "GET /Owl-mxmRlf8R.php?action=edit&file=lll.pyc&path=//lib64/python2.7/Tools/scripts HTTP/1.1" 200 549 "-" "Mozilla/5.0 (compatible; MJ12bot/v1.4.8; http://mj12bot.com/)"
192.99.37.133 - - [04/Apr/2025:14:28:29 -0400] "GET /Owl-mxmRlf8R.php?action=edit&file=ttf.so&path=//lib64/ImageMagick-6.9.13/modules-Q16/coders HTTP/1.1" 200 551 "-" "Mozilla/5.0 (compatible; MJ12bot/v1.4.8; http://mj12bot.com/)"
192.99.37.133 - - [04/Apr/2025:14:28:34 -0400] "GET /Owl-mxmRlf8R.php?action=edit&file=ttl.pyc&path=//lib64/python2.7/site-packages/dns HTTP/1.1" 200 550 "-" "Mozilla/5.0 (compatible; MJ12bot/v1.4.8; http://mj12bot.com/)"
194.247.173.99 - - [04/Apr/2025:14:28:35 -0400] "GET /Owl-mxmRlf8R.php?action=edit&file=load-scripts.php&path=//home/franayuh/public_html/wp-admin HTTP/1.1" 200 1499 "-" "Mozilla/5.0 (compatible; MJ12bot/v1.4.8; http://mj12bot.com/)"
194.247.173.99 - - [04/Apr/2025:14:28:37 -0400] "GET /Owl-mxmRlf8R.php?action=edit&file=load-scripts.php&path=//home/franayuh/www/wp-admin HTTP/1.1" 200 1499 "-" "Mozilla/5.0 (compatible; MJ12bot/v1.4.8; http://mj12bot.com/)"
192.99.37.133 - - [04/Apr/2025:14:28:37 -0400] "GET /Owl-mxmRlf8R.php?action=edit&file=turtle.cfg&path=//lib64/python2.7/Demo/turtle HTTP/1.1" 200 640 "-" "Mozilla/5.0 (compatible; MJ12bot/v1.4.8; http://mj12bot.com/)"
194.247.173.99 - - [04/Apr/2025:14:28:38 -0400] "GET /Owl-mxmRlf8R.php?action=edit&file=load-styles.php&path=//home/franayuh/public_html/wp-admin HTTP/1.1" 200 1805 "-" "Mozilla/5.0 (compatible; MJ12bot/v1.4.8; http://mj12bot.com/)"
192.99.37.133 - - [04/Apr/2025:14:28:39 -0400] "GET /Owl-mxmRlf8R.php?action=edit&file=turtleDemo.py&path=//lib64/python2.7/Demo/turtle HTTP/1.1" 200 3564 "-" "Mozilla/5.0 (compatible; MJ12bot/v1.4.8; http://mj12bot.com/)"
194.247.173.99 - - [04/Apr/2025:14:28:40 -0400] "GET /Owl-mxmRlf8R.php?action=edit&file=load-styles.php&path=//home/franayuh/www/wp-admin HTTP/1.1" 200 1805 "-" "Mozilla/5.0 (compatible; MJ12bot/v1.4.8; http://mj12bot.com/)"
194.247.173.99 - - [04/Apr/2025:14:28:42 -0400] "GET /Owl-mxmRlf8R.php?action=edit&file=load.php&path=//home/franayuh/public_html/wp-includes HTTP/1.1" 200 16148 "-" "Mozilla/5.0 (compatible; MJ12bot/v1.4.8; http://mj12bot.com/)"
192.99.37.133 - - [04/Apr/2025:14:28:42 -0400] "GET /Owl-mxmRlf8R.php?action=edit&file=turtleDemo.pyo&path=//lib64/python2.7/Demo/turtle HTTP/1.1" 200 554 "-" "Mozilla/5.0 (compatible; MJ12bot/v1.4.8; http://mj12bot.com/)"
194.247.173.99 - - [04/Apr/2025:14:28:43 -0400] "GET /Owl-mxmRlf8R.php?action=edit&file=load.php&path=//home/franayuh/www/wp-includes HTTP/1.1" 200 16148 "-" "Mozilla/5.0 (compatible; MJ12bot/v1.4.8; http://mj12bot.com/)"
192.99.37.133 - - [04/Apr/2025:14:28:47 -0400] "GET /Owl-mxmRlf8R.php?action=edit&file=tw.map.gz&path=//lib/kbd/keymaps/xkb HTTP/1.1" 200 554 "-" "Mozilla/5.0 (compatible; MJ12bot/v1.4.8; http://mj12bot.com/)"
192.99.37.133 - - [04/Apr/2025:14:28:50 -0400] "GET /Owl-mxmRlf8R.php?action=edit&file=txt.la&path=//lib64/ImageMagick-6.9.13/modules-Q16/coders HTTP/1.1" 200 1101 "-" "Mozilla/5.0 (compatible; MJ12bot/v1.4.8; http://mj12bot.com/)"
194.247.173.99 - - [04/Apr/2025:14:28:50 -0400] "GET /Owl-mxmRlf8R.php?action=edit&file=loader.py&path=//lib64/python3.6/site-packages/yaml HTTP/1.1" 200 756 "-" "Mozilla/5.0 (compatible; MJ12bot/v1.4.8; http://mj12bot.com/)"
192.99.37.133 - - [04/Apr/2025:14:28:45 -0400] "GET /Owl-mxmRlf8R.php?action=edit&file=tw-saisiyat.map.gz&path=//lib/kbd/keymaps/xkb HTTP/1.1" 200 559 "-" "Mozilla/5.0 (compatible; MJ12bot/v1.4.8; http://mj12bot.com/)"
194.247.173.99 - - [04/Apr/2025:14:28:45 -0400] "GET /Owl-mxmRlf8R.php?action=edit&file=loader.cpython-36.opt-1.pyc&path=//lib64/python3.6/unittest/__pycache__ HTTP/1.1" 200 564 "-" "Mozilla/5.0 (compatible; MJ12bot/v1.4.8; http://mj12bot.com/)"
194.247.173.99 - - [04/Apr/2025:14:28:47 -0400] "GET /Owl-mxmRlf8R.php?action=edit&file=loader.cpython-36.opt-2.pyc&path=//lib64/python3.6/unittest/__pycache__ HTTP/1.1" 200 564 "-" "Mozilla/5.0 (compatible; MJ12bot/v1.4.8; http://mj12bot.com/)"
192.99.37.133 - - [04/Apr/2025:14:28:48 -0400] "GET /Owl-mxmRlf8R.php?action=edit&file=txt.la&path=//lib64/GraphicsMagick-1.3.38/modules-Q16/coders HTTP/1.1" 200 1072 "-" "Mozilla/5.0 (compatible; MJ12bot/v1.4.8; http://mj12bot.com/)"
194.247.173.99 - - [04/Apr/2025:14:28:48 -0400] "GET /Owl-mxmRlf8R.php?action=edit&file=loader.cpython-36.pyc&path=//lib64/python3.6/unittest/__pycache__ HTTP/1.1" 200 561 "-" "Mozilla/5.0 (compatible; MJ12bot/v1.4.8; http://mj12bot.com/)"
192.99.37.133 - - [04/Apr/2025:14:28:51 -0400] "GET /Owl-mxmRlf8R.php?action=edit&file=txt.so&path=//lib64/GraphicsMagick-1.3.38/modules-Q16/coders HTTP/1.1" 200 551 "-" "Mozilla/5.0 (compatible; MJ12bot/v1.4.8; http://mj12bot.com/)"
194.247.173.99 - - [04/Apr/2025:14:28:52 -0400] "GET /Owl-mxmRlf8R.php?action=edit&file=locale.php&path=//home/franayuh/public_html/wp-includes HTTP/1.1" 200 657 "-" "Mozilla/5.0 (compatible; MJ12bot/v1.4.8; http://mj12bot.com/)"
192.99.37.133 - - [04/Apr/2025:14:28:52 -0400] "GET /Owl-mxmRlf8R.php?action=edit&file=txt.so&path=//lib64/ImageMagick-6.9.13/modules-Q16/coders HTTP/1.1" 200 551 "-" "Mozilla/5.0 (compatible; MJ12bot/v1.4.8; http://mj12bot.com/)"
194.247.173.99 - - [04/Apr/2025:14:28:54 -0400] "GET /Owl-mxmRlf8R.php?action=edit&file=locale.php&path=//home/franayuh/www/wp-includes HTTP/1.1" 200 657 "-" "Mozilla/5.0 (compatible; MJ12bot/v1.4.8; http://mj12bot.com/)"
192.99.37.133 - - [04/Apr/2025:14:28:54 -0400] "GET /Owl-mxmRlf8R.php?action=edit&file=types.py&path=//lib64/python3.6/site-packages/dbus HTTP/1.1" 200 795 "-" "Mozilla/5.0 (compatible; MJ12bot/v1.4.8; http://mj12bot.com/)"
192.99.37.133 - - [04/Apr/2025:14:28:57 -0400] "GET /Owl-mxmRlf8R.php?action=edit&file=tzwin.py&path=//lib/python3.6/site-packages/dateutil HTTP/1.1" 200 587 "-" "Mozilla/5.0 (compatible; MJ12bot/v1.4.8; http://mj12bot.com/)"
194.247.173.99 - - [04/Apr/2025:14:28:58 -0400] "GET /Owl-mxmRlf8R.php?action=edit&file=locks.cpython-36.opt-2.pyc&path=//lib64/python3.6/asyncio/__pycache__ HTTP/1.1" 200 564 "-" "Mozilla/5.0 (compatible; MJ12bot/v1.4.8; http://mj12bot.com/)"
192.99.37.133 - - [04/Apr/2025:14:28:59 -0400] "GET /Owl-mxmRlf8R.php?action=edit&file=udf_compat.sql&path=//lib64/firebird/plugins/udr HTTP/1.1" 200 916 "-" "Mozilla/5.0 (compatible; MJ12bot/v1.4.8; http://mj12bot.com/)"
194.247.173.99 - - [04/Apr/2025:14:29:00 -0400] "GET /Owl-mxmRlf8R.php?action=edit&file=locks.cpython-36.pyc&path=//lib64/python3.6/asyncio/__pycache__ HTTP/1.1" 200 560 "-" "Mozilla/5.0 (compatible; MJ12bot/v1.4.8; http://mj12bot.com/)"
192.99.37.133 - - [04/Apr/2025:14:29:02 -0400] "GET /Owl-mxmRlf8R.php?action=edit&file=udpecho.pyc&path=//lib64/python2.7/Demo/sockets HTTP/1.1" 200 553 "-" "Mozilla/5.0 (compatible; MJ12bot/v1.4.8; http://mj12bot.com/)"
194.247.173.99 - - [04/Apr/2025:14:29:05 -0400] "GET /Owl-mxmRlf8R.php?action=edit&file=log.cpython-36.opt-2.pyc&path=//lib64/python3.6/asyncio/__pycache__ HTTP/1.1" 200 562 "-" "Mozilla/5.0 (compatible; MJ12bot/v1.4.8; http://mj12bot.com/)"
194.247.173.99 - - [04/Apr/2025:14:29:07 -0400] "GET /Owl-mxmRlf8R.php?action=edit&file=log.cpython-36.opt-2.pyc&path=//lib64/python3.6/distutils/__pycache__ HTTP/1.1" 200 562 "-" "Mozilla/5.0 (compatible; MJ12bot/v1.4.8; http://mj12bot.com/)"
194.247.173.99 - - [04/Apr/2025:14:28:55 -0400] "GET /Owl-mxmRlf8R.php?action=edit&file=lock.py&path=//lib64/python3.6/site-packages/cffi HTTP/1.1" 200 803 "-" "Mozilla/5.0 (compatible; MJ12bot/v1.4.8; http://mj12bot.com/)"
192.99.37.133 - - [04/Apr/2025:14:28:55 -0400] "GET /Owl-mxmRlf8R.php?action=edit&file=types.py&path=//lib64/python3.6/site-packages/gi HTTP/1.1" 200 5056 "-" "Mozilla/5.0 (compatible; MJ12bot/v1.4.8; http://mj12bot.com/)"
194.247.173.99 - - [04/Apr/2025:14:28:57 -0400] "GET /Owl-mxmRlf8R.php?action=edit&file=locks.cpython-36.opt-1.pyc&path=//lib64/python3.6/asyncio/__pycache__ HTTP/1.1" 200 564 "-" "Mozilla/5.0 (compatible; MJ12bot/v1.4.8; http://mj12bot.com/)"
192.99.37.133 - - [04/Apr/2025:14:29:00 -0400] "GET /Owl-mxmRlf8R.php?action=edit&file=udpecho.py&path=//lib64/python2.7/Demo/sockets HTTP/1.1" 200 1076 "-" "Mozilla/5.0 (compatible; MJ12bot/v1.4.8; http://mj12bot.com/)"
194.247.173.99 - - [04/Apr/2025:14:29:02 -0400] "GET /Owl-mxmRlf8R.php?action=edit&file=log.cpython-36.opt-1.pyc&path=//lib64/python3.6/asyncio/__pycache__ HTTP/1.1" 200 562 "-" "Mozilla/5.0 (compatible; MJ12bot/v1.4.8; http://mj12bot.com/)"
192.99.37.133 - - [04/Apr/2025:14:29:03 -0400] "GET /Owl-mxmRlf8R.php?action=edit&file=udpecho.pyo&path=//lib64/python2.7/Demo/sockets HTTP/1.1" 200 553 "-" "Mozilla/5.0 (compatible; MJ12bot/v1.4.8; http://mj12bot.com/)"
194.247.173.99 - - [04/Apr/2025:14:29:03 -0400] "GET /Owl-mxmRlf8R.php?action=edit&file=log.cpython-36.opt-1.pyc&path=//lib64/python3.6/distutils/__pycache__ HTTP/1.1" 200 562 "-" "Mozilla/5.0 (compatible; MJ12bot/v1.4.8; http://mj12bot.com/)"
192.99.37.133 - - [04/Apr/2025:14:29:04 -0400] "GET /Owl-mxmRlf8R.php?action=edit&file=uefi-lib.sh&path=//lib/dracut/modules.d/99uefi-lib HTTP/1.1" 200 1952 "-" "Mozilla/5.0 (compatible; MJ12bot/v1.4.8; http://mj12bot.com/)"
192.99.37.133 - - [04/Apr/2025:14:29:06 -0400] "GET /Owl-mxmRlf8R.php?action=edit&file=ui.py&path=//lib/python3.6/site-packages/iotop HTTP/1.1" 200 7624 "-" "Mozilla/5.0 (compatible; MJ12bot/v1.4.8; http://mj12bot.com/)"
192.99.37.133 - - [04/Apr/2025:14:29:07 -0400] "GET /Owl-mxmRlf8R.php?action=edit&file=uil.la&path=//lib64/GraphicsMagick-1.3.38/modules-Q16/coders HTTP/1.1" 200 1072 "-" "Mozilla/5.0 (compatible; MJ12bot/v1.4.8; http://mj12bot.com/)"
194.247.173.99 - - [04/Apr/2025:14:29:08 -0400] "GET /Owl-mxmRlf8R.php?action=edit&file=log.cpython-36.pyc&path=//lib64/python3.6/asyncio/__pycache__ HTTP/1.1" 200 559 "-" "Mozilla/5.0 (compatible; MJ12bot/v1.4.8; http://mj12bot.com/)"
192.99.37.133 - - [04/Apr/2025:14:29:09 -0400] "GET /Owl-mxmRlf8R.php?action=edit&file=uil.la&path=//lib64/ImageMagick-6.9.13/modules-Q16/coders HTTP/1.1" 200 1104 "-" "Mozilla/5.0 (compatible; MJ12bot/v1.4.8; http://mj12bot.com/)"
194.247.173.99 - - [04/Apr/2025:14:29:10 -0400] "GET /Owl-mxmRlf8R.php?action=edit&file=log.cpython-36.pyc&path=//lib64/python3.6/distutils/__pycache__ HTTP/1.1" 200 559 "-" "Mozilla/5.0 (compatible; MJ12bot/v1.4.8; http://mj12bot.com/)"
192.99.37.133 - - [04/Apr/2025:14:29:12 -0400] "GET /Owl-mxmRlf8R.php?action=edit&file=uil.so&path=//lib64/ImageMagick-6.9.13/modules-Q16/coders HTTP/1.1" 200 549 "-" "Mozilla/5.0 (compatible; MJ12bot/v1.4.8; http://mj12bot.com/)"
192.99.37.133 - - [04/Apr/2025:14:29:13 -0400] "GET /Owl-mxmRlf8R.php?action=edit&file=unbirthday.py&path=//lib64/python2.7/Demo/scripts HTTP/1.1" 200 1731 "-" "Mozilla/5.0 (compatible; MJ12bot/v1.4.8; http://mj12bot.com/)"
194.247.173.99 - - [04/Apr/2025:14:29:14 -0400] "GET /Owl-mxmRlf8R.php?action=edit&file=loginit.sh&path=//lib/dracut/modules.d/99base HTTP/1.1" 200 846 "-" "Mozilla/5.0 (compatible; MJ12bot/v1.4.8; http://mj12bot.com/)"
192.99.37.133 - - [04/Apr/2025:14:29:15 -0400] "GET /Owl-mxmRlf8R.php?action=edit&file=unbirthday.pyc&path=//lib64/python2.7/Demo/scripts HTTP/1.1" 200 551 "-" "Mozilla/5.0 (compatible; MJ12bot/v1.4.8; http://mj12bot.com/)"
192.99.37.133 - - [04/Apr/2025:14:29:17 -0400] "GET /Owl-mxmRlf8R.php?action=edit&file=unbirthday.pyo&path=//lib64/python2.7/Demo/scripts HTTP/1.1" 200 551 "-" "Mozilla/5.0 (compatible; MJ12bot/v1.4.8; http://mj12bot.com/)"
194.247.173.99 - - [04/Apr/2025:14:29:18 -0400] "GET /Owl-mxmRlf8R.php?action=edit&file=loop.c&path=//lib64/python2.7/Demo/embed HTTP/1.1" 200 934 "-" "Mozilla/5.0 (compatible; MJ12bot/v1.4.8; http://mj12bot.com/)"
192.99.37.133 - - [04/Apr/2025:14:29:20 -0400] "GET /Owl-mxmRlf8R.php?action=edit&file=unbound.cpython-36.pyc&path=//lib64/python3.6/site-packages/__pycache__ HTTP/1.1" 200 562 "-" "Mozilla/5.0 (compatible; MJ12bot/v1.4.8; http://mj12bot.com/)"
194.247.173.99 - - [04/Apr/2025:14:29:20 -0400] "GET /Owl-mxmRlf8R.php?action=edit&file=lowlevel.py&path=//lib64/python3.6/site-packages/dbus HTTP/1.1" 200 1456 "-" "Mozilla/5.0 (compatible; MJ12bot/v1.4.8; http://mj12bot.com/)"
192.99.37.133 - - [04/Apr/2025:14:29:21 -0400] "GET /Owl-mxmRlf8R.php?action=edit&file=unboundmodule.cpython-36.opt-1.pyc&path=//lib64/python3.6/site-packages/__pycache__ HTTP/1.1" 200 569 "-" "Mozilla/5.0 (compatible; MJ12bot/v1.4.8; http://mj12bot.com/)"
194.247.173.99 - - [04/Apr/2025:14:29:22 -0400] "GET /Owl-mxmRlf8R.php?action=edit&file=lpwatch.py&path=//lib64/python2.7/Demo/scripts HTTP/1.1" 200 1626 "-" "Mozilla/5.0 (compatible; MJ12bot/v1.4.8; http://mj12bot.com/)"
192.99.37.133 - - [04/Apr/2025:14:29:24 -0400] "GET /Owl-mxmRlf8R.php?action=edit&file=unbuild.js&path=//lib/node_modules/npm/lib HTTP/1.1" 200 2105 "-" "Mozilla/5.0 (compatible; MJ12bot/v1.4.8; http://mj12bot.com/)"
194.247.173.99 - - [04/Apr/2025:14:29:29 -0400] "GET /Owl-mxmRlf8R.php?action=edit&file=lvmmerge.sh&path=//lib/dracut/modules.d/80lvmmerge HTTP/1.1" 200 1566 "-" "Mozilla/5.0 (compatible; MJ12bot/v1.4.8; http://mj12bot.com/)"
192.99.37.133 - - [04/Apr/2025:14:29:29 -0400] "GET /Owl-mxmRlf8R.php?action=edit&file=undefined.cpython-36.pyc&path=//lib64/python3.6/encodings/__pycache__ HTTP/1.1" 200 563 "-" "Mozilla/5.0 (compatible; MJ12bot/v1.4.8; http://mj12bot.com/)"
192.99.37.133 - - [04/Apr/2025:14:29:32 -0400] "GET /Owl-mxmRlf8R.php?action=edit&file=unicast.pyc&path=//lib64/python2.7/Demo/sockets HTTP/1.1" 200 553 "-" "Mozilla/5.0 (compatible; MJ12bot/v1.4.8; http://mj12bot.com/)"
192.99.37.133 - - [04/Apr/2025:14:29:33 -0400] "GET /Owl-mxmRlf8R.php?action=edit&file=unicast.pyo&path=//lib64/python2.7/Demo/sockets HTTP/1.1" 200 553 "-" "Mozilla/5.0 (compatible; MJ12bot/v1.4.8; http://mj12bot.com/)"
192.99.37.133 - - [04/Apr/2025:14:29:35 -0400] "GET /Owl-mxmRlf8R.php?action=edit&file=unicode_escape.cpython-36.opt-1.pyc&path=//lib64/python3.6/encodings/__pycache__ HTTP/1.1" 200 572 "-" "Mozilla/5.0 (compatible; MJ12bot/v1.4.8; http://mj12bot.com/)"
192.99.37.133 - - [04/Apr/2025:14:29:36 -0400] "GET /Owl-mxmRlf8R.php?action=edit&file=unicode_escape.cpython-36.opt-2.pyc&path=//lib64/python3.6/encodings/__pycache__ HTTP/1.1" 200 572 "-" "Mozilla/5.0 (compatible; MJ12bot/v1.4.8; http://mj12bot.com/)"
194.247.173.99 - - [04/Apr/2025:14:29:37 -0400] "GET /Owl-mxmRlf8R.php?action=edit&file=mac_arabic.cpython-36.opt-2.pyc&path=//lib64/python3.6/encodings/__pycache__ HTTP/1.1" 200 569 "-" "Mozilla/5.0 (compatible; MJ12bot/v1.4.8; http://mj12bot.com/)"
192.99.37.133 - - [04/Apr/2025:14:29:38 -0400] "GET /Owl-mxmRlf8R.php?action=edit&file=unicode_escape.cpython-36.pyc&path=//lib64/python3.6/encodings/__pycache__ HTTP/1.1" 200 567 "-" "Mozilla/5.0 (compatible; MJ12bot/v1.4.8; http://mj12bot.com/)"
194.247.173.99 - - [04/Apr/2025:14:29:39 -0400] "GET /Owl-mxmRlf8R.php?action=edit&file=mac_arabic.cpython-36.pyc&path=//lib64/python3.6/encodings/__pycache__ HTTP/1.1" 200 564 "-" "Mozilla/5.0 (compatible; MJ12bot/v1.4.8; http://mj12bot.com/)"
192.99.37.133 - - [04/Apr/2025:14:29:39 -0400] "GET /Owl-mxmRlf8R.php?action=edit&file=unicode_internal.cpython-36.opt-1.pyc&path=//lib64/python3.6/encodings/__pycache__ HTTP/1.1" 200 570 "-" "Mozilla/5.0 (compatible; MJ12bot/v1.4.8; http://mj12bot.com/)"
192.99.37.133 - - [04/Apr/2025:14:29:11 -0400] "GET /Owl-mxmRlf8R.php?action=edit&file=uil.so&path=//lib64/GraphicsMagick-1.3.38/modules-Q16/coders HTTP/1.1" 200 549 "-" "Mozilla/5.0 (compatible; MJ12bot/v1.4.8; http://mj12bot.com/)"
194.247.173.99 - - [04/Apr/2025:14:29:12 -0400] "GET /Owl-mxmRlf8R.php?action=edit&file=login.cpython-36m-x86_64-linux-gnu.so&path=//lib64/python3.6/site-packages/systemd HTTP/1.1" 200 574 "-" "Mozilla/5.0 (compatible; MJ12bot/v1.4.8; http://mj12bot.com/)"
194.247.173.99 - - [04/Apr/2025:14:29:15 -0400] "GET /Owl-mxmRlf8R.php?action=edit&file=logmerge.py&path=//lib64/python2.7/Tools/scripts HTTP/1.1" 200 2531 "-" "Mozilla/5.0 (compatible; MJ12bot/v1.4.8; http://mj12bot.com/)"
194.247.173.99 - - [04/Apr/2025:14:29:17 -0400] "GET /Owl-mxmRlf8R.php?action=edit&file=logmerge.pyo&path=//lib64/python2.7/Tools/scripts HTTP/1.1" 200 552 "-" "Mozilla/5.0 (compatible; MJ12bot/v1.4.8; http://mj12bot.com/)"
192.99.37.133 - - [04/Apr/2025:14:29:18 -0400] "GET /Owl-mxmRlf8R.php?action=edit&file=unbound.cpython-36.opt-1.pyc&path=//lib64/python3.6/site-packages/__pycache__ HTTP/1.1" 200 566 "-" "Mozilla/5.0 (compatible; MJ12bot/v1.4.8; http://mj12bot.com/)"
192.99.37.133 - - [04/Apr/2025:14:29:23 -0400] "GET /Owl-mxmRlf8R.php?action=edit&file=unboundmodule.cpython-36.pyc&path=//lib64/python3.6/site-packages/__pycache__ HTTP/1.1" 200 565 "-" "Mozilla/5.0 (compatible; MJ12bot/v1.4.8; http://mj12bot.com/)"
194.247.173.99 - - [04/Apr/2025:14:29:24 -0400] "GET /Owl-mxmRlf8R.php?action=edit&file=lpwatch.pyc&path=//lib64/python2.7/Demo/scripts HTTP/1.1" 200 551 "-" "Mozilla/5.0 (compatible; MJ12bot/v1.4.8; http://mj12bot.com/)"
194.247.173.99 - - [04/Apr/2025:14:29:25 -0400] "GET /Owl-mxmRlf8R.php?action=edit&file=lpwatch.pyo&path=//lib64/python2.7/Demo/scripts HTTP/1.1" 200 550 "-" "Mozilla/5.0 (compatible; MJ12bot/v1.4.8; http://mj12bot.com/)"
192.99.37.133 - - [04/Apr/2025:14:29:26 -0400] "GET /Owl-mxmRlf8R.php?action=edit&file=undefined.cpython-36.opt-1.pyc&path=//lib64/python3.6/encodings/__pycache__ HTTP/1.1" 200 568 "-" "Mozilla/5.0 (compatible; MJ12bot/v1.4.8; http://mj12bot.com/)"
194.247.173.99 - - [04/Apr/2025:14:29:27 -0400] "GET /Owl-mxmRlf8R.php?action=edit&file=lvm_scan.sh&path=//lib/dracut/modules.d/90lvm HTTP/1.1" 200 2030 "-" "Mozilla/5.0 (compatible; MJ12bot/v1.4.8; http://mj12bot.com/)"
192.99.37.133 - - [04/Apr/2025:14:29:27 -0400] "GET /Owl-mxmRlf8R.php?action=edit&file=undefined.cpython-36.opt-2.pyc&path=//lib64/python3.6/encodings/__pycache__ HTTP/1.1" 200 568 "-" "Mozilla/5.0 (compatible; MJ12bot/v1.4.8; http://mj12bot.com/)"
192.99.37.133 - - [04/Apr/2025:14:29:30 -0400] "GET /Owl-mxmRlf8R.php?action=edit&file=unicast.py&path=//lib64/python2.7/Demo/sockets HTTP/1.1" 200 714 "-" "Mozilla/5.0 (compatible; MJ12bot/v1.4.8; http://mj12bot.com/)"
194.247.173.99 - - [04/Apr/2025:14:29:30 -0400] "GET /Owl-mxmRlf8R.php?action=edit&file=mac.py&path=//lib64/python2.7/Demo/pdist HTTP/1.1" 200 709 "-" "Mozilla/5.0 (compatible; MJ12bot/v1.4.8; http://mj12bot.com/)"
194.247.173.99 - - [04/Apr/2025:14:29:32 -0400] "GET /Owl-mxmRlf8R.php?action=edit&file=mac.pyc&path=//lib64/python2.7/Demo/pdist HTTP/1.1" 200 552 "-" "Mozilla/5.0 (compatible; MJ12bot/v1.4.8; http://mj12bot.com/)"
194.247.173.99 - - [04/Apr/2025:14:29:34 -0400] "GET /Owl-mxmRlf8R.php?action=edit&file=mac.pyo&path=//lib64/python2.7/Demo/pdist HTTP/1.1" 200 551 "-" "Mozilla/5.0 (compatible; MJ12bot/v1.4.8; http://mj12bot.com/)"
194.247.173.99 - - [04/Apr/2025:14:29:36 -0400] "GET /Owl-mxmRlf8R.php?action=edit&file=mac_arabic.cpython-36.opt-1.pyc&path=//lib64/python3.6/encodings/__pycache__ HTTP/1.1" 200 569 "-" "Mozilla/5.0 (compatible; MJ12bot/v1.4.8; http://mj12bot.com/)"
192.99.37.133 - - [04/Apr/2025:14:29:41 -0400] "GET /Owl-mxmRlf8R.php?action=edit&file=unicode_internal.cpython-36.opt-2.pyc&path=//lib64/python3.6/encodings/__pycache__ HTTP/1.1" 200 570 "-" "Mozilla/5.0 (compatible; MJ12bot/v1.4.8; http://mj12bot.com/)"
194.247.173.99 - - [04/Apr/2025:14:29:41 -0400] "GET /Owl-mxmRlf8R.php?action=edit&file=mac_centeuro.cpython-36.opt-1.pyc&path=//lib64/python3.6/encodings/__pycache__ HTTP/1.1" 200 569 "-" "Mozilla/5.0 (compatible; MJ12bot/v1.4.8; http://mj12bot.com/)"
192.99.37.133 - - [04/Apr/2025:14:29:42 -0400] "GET /Owl-mxmRlf8R.php?action=edit&file=unicode_internal.cpython-36.pyc&path=//lib64/python3.6/encodings/__pycache__ HTTP/1.1" 200 565 "-" "Mozilla/5.0 (compatible; MJ12bot/v1.4.8; http://mj12bot.com/)"
194.247.173.99 - - [04/Apr/2025:14:29:42 -0400] "GET /Owl-mxmRlf8R.php?action=edit&file=mac_centeuro.cpython-36.opt-2.pyc&path=//lib64/python3.6/encodings/__pycache__ HTTP/1.1" 200 569 "-" "Mozilla/5.0 (compatible; MJ12bot/v1.4.8; http://mj12bot.com/)"
194.247.173.99 - - [04/Apr/2025:14:29:44 -0400] "GET /Owl-mxmRlf8R.php?action=edit&file=mac_centeuro.cpython-36.pyc&path=//lib64/python3.6/encodings/__pycache__ HTTP/1.1" 200 564 "-" "Mozilla/5.0 (compatible; MJ12bot/v1.4.8; http://mj12bot.com/)"
192.99.37.133 - - [04/Apr/2025:14:29:48 -0400] "GET /Owl-mxmRlf8R.php?action=edit&file=unicode_utils.pyc&path=//lib/python2.7/site-packages/setuptools HTTP/1.1" 200 557 "-" "Mozilla/5.0 (compatible; MJ12bot/v1.4.8; http://mj12bot.com/)"
194.247.173.99 - - [04/Apr/2025:14:29:49 -0400] "GET /Owl-mxmRlf8R.php?action=edit&file=mac_croatian.cpython-36.pyc&path=//lib64/python3.6/encodings/__pycache__ HTTP/1.1" 200 565 "-" "Mozilla/5.0 (compatible; MJ12bot/v1.4.8; http://mj12bot.com/)"
192.99.37.133 - - [04/Apr/2025:14:29:50 -0400] "GET /Owl-mxmRlf8R.php?action=edit&file=unicode_utils.pyo&path=//lib/python2.7/site-packages/setuptools HTTP/1.1" 200 557 "-" "Mozilla/5.0 (compatible; MJ12bot/v1.4.8; http://mj12bot.com/)"
194.247.173.99 - - [04/Apr/2025:14:29:51 -0400] "GET /Owl-mxmRlf8R.php?action=edit&file=mac_cyrillic.cpython-36.opt-1.pyc&path=//lib64/python3.6/encodings/__pycache__ HTTP/1.1" 200 568 "-" "Mozilla/5.0 (compatible; MJ12bot/v1.4.8; http://mj12bot.com/)"
194.247.173.99 - - [04/Apr/2025:14:29:53 -0400] "GET /Owl-mxmRlf8R.php?action=edit&file=mac_cyrillic.cpython-36.opt-2.pyc&path=//lib64/python3.6/encodings/__pycache__ HTTP/1.1" 200 568 "-" "Mozilla/5.0 (compatible; MJ12bot/v1.4.8; http://mj12bot.com/)"
192.99.37.133 - - [04/Apr/2025:14:29:53 -0400] "GET /Owl-mxmRlf8R.php?action=edit&file=universal_hooks.py&path=//lib/python3.6/site-packages/dnf-plugins HTTP/1.1" 200 2694 "-" "Mozilla/5.0 (compatible; MJ12bot/v1.4.8; http://mj12bot.com/)"
194.247.173.99 - - [04/Apr/2025:14:29:54 -0400] "GET /Owl-mxmRlf8R.php?action=edit&file=mac_cyrillic.cpython-36.pyc&path=//lib64/python3.6/encodings/__pycache__ HTTP/1.1" 200 564 "-" "Mozilla/5.0 (compatible; MJ12bot/v1.4.8; http://mj12bot.com/)"
194.247.173.99 - - [04/Apr/2025:14:29:58 -0400] "GET /Owl-mxmRlf8R.php?action=edit&file=mac_farsi.cpython-36.opt-2.pyc&path=//lib64/python3.6/encodings/__pycache__ HTTP/1.1" 200 568 "-" "Mozilla/5.0 (compatible; MJ12bot/v1.4.8; http://mj12bot.com/)"
194.247.173.99 - - [04/Apr/2025:14:29:59 -0400] "GET /Owl-mxmRlf8R.php?action=edit&file=mac_farsi.cpython-36.pyc&path=//lib64/python3.6/encodings/__pycache__ HTTP/1.1" 200 564 "-" "Mozilla/5.0 (compatible; MJ12bot/v1.4.8; http://mj12bot.com/)"
192.99.37.133 - - [04/Apr/2025:14:30:00 -0400] "GET /Owl-mxmRlf8R.php?action=edit&file=unixccompiler.cpython-36.opt-1.pyc&path=//lib64/python3.6/distutils/__pycache__ HTTP/1.1" 200 570 "-" "Mozilla/5.0 (compatible; MJ12bot/v1.4.8; http://mj12bot.com/)"
192.99.37.133 - - [04/Apr/2025:14:30:02 -0400] "GET /Owl-mxmRlf8R.php?action=edit&file=unixccompiler.cpython-36.opt-2.pyc&path=//lib64/python3.6/distutils/__pycache__ HTTP/1.1" 200 570 "-" "Mozilla/5.0 (compatible; MJ12bot/v1.4.8; http://mj12bot.com/)"
194.247.173.99 - - [04/Apr/2025:14:30:03 -0400] "GET /Owl-mxmRlf8R.php?action=edit&file=mac_greek.cpython-36.opt-2.pyc&path=//lib64/python3.6/encodings/__pycache__ HTTP/1.1" 200 567 "-" "Mozilla/5.0 (compatible; MJ12bot/v1.4.8; http://mj12bot.com/)"
192.99.37.133 - - [04/Apr/2025:14:29:44 -0400] "GET /Owl-mxmRlf8R.php?action=edit&file=unicode_utils.py&path=//lib/python2.7/site-packages/setuptools HTTP/1.1" 200 948 "-" "Mozilla/5.0 (compatible; MJ12bot/v1.4.8; http://mj12bot.com/)"
192.99.37.133 - - [04/Apr/2025:14:29:45 -0400] "GET /Owl-mxmRlf8R.php?action=edit&file=unicode_utils.py&path=//lib/python3.6/site-packages/setuptools HTTP/1.1" 200 948 "-" "Mozilla/5.0 (compatible; MJ12bot/v1.4.8; http://mj12bot.com/)"
194.247.173.99 - - [04/Apr/2025:14:29:46 -0400] "GET /Owl-mxmRlf8R.php?action=edit&file=mac_croatian.cpython-36.opt-1.pyc&path=//lib64/python3.6/encodings/__pycache__ HTTP/1.1" 200 570 "-" "Mozilla/5.0 (compatible; MJ12bot/v1.4.8; http://mj12bot.com/)"
192.99.37.133 - - [04/Apr/2025:14:29:47 -0400] "GET /Owl-mxmRlf8R.php?action=edit&file=unicode_utils.py&path=//lib/python3.8/site-packages/setuptools HTTP/1.1" 200 948 "-" "Mozilla/5.0 (compatible; MJ12bot/v1.4.8; http://mj12bot.com/)"
194.247.173.99 - - [04/Apr/2025:14:29:48 -0400] "GET /Owl-mxmRlf8R.php?action=edit&file=mac_croatian.cpython-36.opt-2.pyc&path=//lib64/python3.6/encodings/__pycache__ HTTP/1.1" 200 570 "-" "Mozilla/5.0 (compatible; MJ12bot/v1.4.8; http://mj12bot.com/)"
192.99.37.133 - - [04/Apr/2025:14:29:51 -0400] "GET /Owl-mxmRlf8R.php?action=edit&file=uninstall.js&path=//lib/node_modules/npm/lib HTTP/1.1" 200 1481 "-" "Mozilla/5.0 (compatible; MJ12bot/v1.4.8; http://mj12bot.com/)"
192.99.37.133 - - [04/Apr/2025:14:29:54 -0400] "GET /Owl-mxmRlf8R.php?action=edit&file=universaldetector.py&path=//lib/python3.6/site-packages/chardet HTTP/1.1" 200 4012 "-" "Mozilla/5.0 (compatible; MJ12bot/v1.4.8; http://mj12bot.com/)"
192.99.37.133 - - [04/Apr/2025:14:29:56 -0400] "GET /Owl-mxmRlf8R.php?action=edit&file=unix_events.cpython-36.opt-1.pyc&path=//lib64/python3.6/asyncio/__pycache__ HTTP/1.1" 200 569 "-" "Mozilla/5.0 (compatible; MJ12bot/v1.4.8; http://mj12bot.com/)"
194.247.173.99 - - [04/Apr/2025:14:29:56 -0400] "GET /Owl-mxmRlf8R.php?action=edit&file=mac_farsi.cpython-36.opt-1.pyc&path=//lib64/python3.6/encodings/__pycache__ HTTP/1.1" 200 568 "-" "Mozilla/5.0 (compatible; MJ12bot/v1.4.8; http://mj12bot.com/)"
192.99.37.133 - - [04/Apr/2025:14:29:57 -0400] "GET /Owl-mxmRlf8R.php?action=edit&file=unix_events.cpython-36.opt-2.pyc&path=//lib64/python3.6/asyncio/__pycache__ HTTP/1.1" 200 569 "-" "Mozilla/5.0 (compatible; MJ12bot/v1.4.8; http://mj12bot.com/)"
192.99.37.133 - - [04/Apr/2025:14:29:59 -0400] "GET /Owl-mxmRlf8R.php?action=edit&file=unix_events.cpython-36.pyc&path=//lib64/python3.6/asyncio/__pycache__ HTTP/1.1" 200 565 "-" "Mozilla/5.0 (compatible; MJ12bot/v1.4.8; http://mj12bot.com/)"
194.247.173.99 - - [04/Apr/2025:14:30:01 -0400] "GET /Owl-mxmRlf8R.php?action=edit&file=mac_greek.cpython-36.opt-1.pyc&path=//lib64/python3.6/encodings/__pycache__ HTTP/1.1" 200 567 "-" "Mozilla/5.0 (compatible; MJ12bot/v1.4.8; http://mj12bot.com/)"
192.99.37.133 - - [04/Apr/2025:14:30:03 -0400] "GET /Owl-mxmRlf8R.php?action=edit&file=unixccompiler.cpython-36.pyc&path=//lib64/python3.6/distutils/__pycache__ HTTP/1.1" 200 565 "-" "Mozilla/5.0 (compatible; MJ12bot/v1.4.8; http://mj12bot.com/)"
192.99.37.133 - - [04/Apr/2025:14:30:05 -0400] "GET /Owl-mxmRlf8R.php?action=edit&file=unixclient.py&path=//lib64/python2.7/Demo/sockets HTTP/1.1" 200 721 "-" "Mozilla/5.0 (compatible; MJ12bot/v1.4.8; http://mj12bot.com/)"
192.99.37.133 - - [04/Apr/2025:14:30:06 -0400] "GET /Owl-mxmRlf8R.php?action=edit&file=unixclient.pyc&path=//lib64/python2.7/Demo/sockets HTTP/1.1" 200 556 "-" "Mozilla/5.0 (compatible; MJ12bot/v1.4.8; http://mj12bot.com/)"
194.247.173.99 - - [04/Apr/2025:14:30:06 -0400] "GET /Owl-mxmRlf8R.php?action=edit&file=mac_iceland.cpython-36.opt-1.pyc&path=//lib64/python3.6/encodings/__pycache__ HTTP/1.1" 200 568 "-" "Mozilla/5.0 (compatible; MJ12bot/v1.4.8; http://mj12bot.com/)"
192.99.37.133 - - [04/Apr/2025:14:30:07 -0400] "GET /Owl-mxmRlf8R.php?action=edit&file=unixclient.pyo&path=//lib64/python2.7/Demo/sockets HTTP/1.1" 200 555 "-" "Mozilla/5.0 (compatible; MJ12bot/v1.4.8; http://mj12bot.com/)"
194.247.173.99 - - [04/Apr/2025:14:30:04 -0400] "GET /Owl-mxmRlf8R.php?action=edit&file=mac_greek.cpython-36.pyc&path=//lib64/python3.6/encodings/__pycache__ HTTP/1.1" 200 563 "-" "Mozilla/5.0 (compatible; MJ12bot/v1.4.8; http://mj12bot.com/)"
194.247.173.99 - - [04/Apr/2025:14:30:08 -0400] "GET /Owl-mxmRlf8R.php?action=edit&file=mac_iceland.cpython-36.opt-2.pyc&path=//lib64/python3.6/encodings/__pycache__ HTTP/1.1" 200 568 "-" "Mozilla/5.0 (compatible; MJ12bot/v1.4.8; http://mj12bot.com/)"
192.99.37.133 - - [04/Apr/2025:14:30:09 -0400] "GET /Owl-mxmRlf8R.php?action=edit&file=unixserver.py&path=//lib64/python2.7/Demo/sockets HTTP/1.1" 200 822 "-" "Mozilla/5.0 (compatible; MJ12bot/v1.4.8; http://mj12bot.com/)"
192.99.37.133 - - [04/Apr/2025:14:30:12 -0400] "GET /Owl-mxmRlf8R.php?action=edit&file=unixserver.pyo&path=//lib64/python2.7/Demo/sockets HTTP/1.1" 200 556 "-" "Mozilla/5.0 (compatible; MJ12bot/v1.4.8; http://mj12bot.com/)"
194.247.173.99 - - [04/Apr/2025:14:30:13 -0400] "GET /Owl-mxmRlf8R.php?action=edit&file=mac_latin2.cpython-36.opt-2.pyc&path=//lib64/python3.6/encodings/__pycache__ HTTP/1.1" 200 567 "-" "Mozilla/5.0 (compatible; MJ12bot/v1.4.8; http://mj12bot.com/)"
194.247.173.99 - - [04/Apr/2025:14:30:15 -0400] "GET /Owl-mxmRlf8R.php?action=edit&file=mac_latin2.cpython-36.pyc&path=//lib64/python3.6/encodings/__pycache__ HTTP/1.1" 200 562 "-" "Mozilla/5.0 (compatible; MJ12bot/v1.4.8; http://mj12bot.com/)"
192.99.37.133 - - [04/Apr/2025:14:30:16 -0400] "GET /Owl-mxmRlf8R.php?action=edit&file=unparse.pyo&path=//lib64/python2.7/Demo/parser HTTP/1.1" 200 553 "-" "Mozilla/5.0 (compatible; MJ12bot/v1.4.8; http://mj12bot.com/)"
194.247.173.99 - - [04/Apr/2025:14:30:17 -0400] "GET /Owl-mxmRlf8R.php?action=edit&file=mac_roman.cpython-36.opt-1.pyc&path=//lib64/python3.6/encodings/__pycache__ HTTP/1.1" 200 568 "-" "Mozilla/5.0 (compatible; MJ12bot/v1.4.8; http://mj12bot.com/)"
192.99.37.133 - - [04/Apr/2025:14:30:18 -0400] "GET /Owl-mxmRlf8R.php?action=edit&file=unpublish.js&path=//lib/node_modules/npm/lib HTTP/1.1" 200 1960 "-" "Mozilla/5.0 (compatible; MJ12bot/v1.4.8; http://mj12bot.com/)"
194.247.173.99 - - [04/Apr/2025:14:30:18 -0400] "GET /Owl-mxmRlf8R.php?action=edit&file=mac_roman.cpython-36.opt-2.pyc&path=//lib64/python3.6/encodings/__pycache__ HTTP/1.1" 200 568 "-" "Mozilla/5.0 (compatible; MJ12bot/v1.4.8; http://mj12bot.com/)"
194.247.173.99 - - [04/Apr/2025:14:30:23 -0400] "GET /Owl-mxmRlf8R.php?action=edit&file=mac_romanian.cpython-36.opt-2.pyc&path=//lib64/python3.6/encodings/__pycache__ HTTP/1.1" 200 570 "-" "Mozilla/5.0 (compatible; MJ12bot/v1.4.8; http://mj12bot.com/)"
192.99.37.133 - - [04/Apr/2025:14:30:24 -0400] "GET /Owl-mxmRlf8R.php?action=edit&file=up2dateAuth.py&path=//lib/python3.6/site-packages/up2date_client HTTP/1.1" 200 3775 "-" "Mozilla/5.0 (compatible; MJ12bot/v1.4.8; http://mj12bot.com/)"
194.247.173.99 - - [04/Apr/2025:14:30:25 -0400] "GET /Owl-mxmRlf8R.php?action=edit&file=mac_romanian.cpython-36.pyc&path=//lib64/python3.6/encodings/__pycache__ HTTP/1.1" 200 565 "-" "Mozilla/5.0 (compatible; MJ12bot/v1.4.8; http://mj12bot.com/)"
194.247.173.99 - - [04/Apr/2025:14:30:27 -0400] "GET /Owl-mxmRlf8R.php?action=edit&file=mac_turkish.cpython-36.opt-1.pyc&path=//lib64/python3.6/encodings/__pycache__ HTTP/1.1" 200 569 "-" "Mozilla/5.0 (compatible; MJ12bot/v1.4.8; http://mj12bot.com/)"
192.99.37.133 - - [04/Apr/2025:14:30:28 -0400] "GET /Owl-mxmRlf8R.php?action=edit&file=up2dateErrors.py&path=//lib/python3.6/site-packages/up2date_client HTTP/1.1" 200 3980 "-" "Mozilla/5.0 (compatible; MJ12bot/v1.4.8; http://mj12bot.com/)"
194.247.173.99 - - [04/Apr/2025:14:30:28 -0400] "GET /Owl-mxmRlf8R.php?action=edit&file=mac_turkish.cpython-36.opt-2.pyc&path=//lib64/python3.6/encodings/__pycache__ HTTP/1.1" 200 569 "-" "Mozilla/5.0 (compatible; MJ12bot/v1.4.8; http://mj12bot.com/)"
194.247.173.99 - - [04/Apr/2025:14:30:10 -0400] "GET /Owl-mxmRlf8R.php?action=edit&file=mac_iceland.cpython-36.pyc&path=//lib64/python3.6/encodings/__pycache__ HTTP/1.1" 200 563 "-" "Mozilla/5.0 (compatible; MJ12bot/v1.4.8; http://mj12bot.com/)"
192.99.37.133 - - [04/Apr/2025:14:30:10 -0400] "GET /Owl-mxmRlf8R.php?action=edit&file=unixserver.pyc&path=//lib64/python2.7/Demo/sockets HTTP/1.1" 200 556 "-" "Mozilla/5.0 (compatible; MJ12bot/v1.4.8; http://mj12bot.com/)"
194.247.173.99 - - [04/Apr/2025:14:30:11 -0400] "GET /Owl-mxmRlf8R.php?action=edit&file=mac_latin2.cpython-36.opt-1.pyc&path=//lib64/python3.6/encodings/__pycache__ HTTP/1.1" 200 567 "-" "Mozilla/5.0 (compatible; MJ12bot/v1.4.8; http://mj12bot.com/)"
192.99.37.133 - - [04/Apr/2025:14:30:13 -0400] "GET /Owl-mxmRlf8R.php?action=edit&file=unparse.py&path=//lib64/python2.7/Demo/parser HTTP/1.1" 200 4872 "-" "Mozilla/5.0 (compatible; MJ12bot/v1.4.8; http://mj12bot.com/)"
192.99.37.133 - - [04/Apr/2025:14:30:15 -0400] "GET /Owl-mxmRlf8R.php?action=edit&file=unparse.pyc&path=//lib64/python2.7/Demo/parser HTTP/1.1" 200 554 "-" "Mozilla/5.0 (compatible; MJ12bot/v1.4.8; http://mj12bot.com/)"
192.99.37.133 - - [04/Apr/2025:14:30:20 -0400] "GET /Owl-mxmRlf8R.php?action=edit&file=untabify.py&path=//lib64/python2.7/Tools/scripts HTTP/1.1" 200 1062 "-" "Mozilla/5.0 (compatible; MJ12bot/v1.4.8; http://mj12bot.com/)"
194.247.173.99 - - [04/Apr/2025:14:30:20 -0400] "GET /Owl-mxmRlf8R.php?action=edit&file=mac_roman.cpython-36.pyc&path=//lib64/python3.6/encodings/__pycache__ HTTP/1.1" 200 564 "-" "Mozilla/5.0 (compatible; MJ12bot/v1.4.8; http://mj12bot.com/)"
192.99.37.133 - - [04/Apr/2025:14:30:21 -0400] "GET /Owl-mxmRlf8R.php?action=edit&file=untabify.pyc&path=//lib64/python2.7/Tools/scripts HTTP/1.1" 200 554 "-" "Mozilla/5.0 (compatible; MJ12bot/v1.4.8; http://mj12bot.com/)"
194.247.173.99 - - [04/Apr/2025:14:30:22 -0400] "GET /Owl-mxmRlf8R.php?action=edit&file=mac_romanian.cpython-36.opt-1.pyc&path=//lib64/python3.6/encodings/__pycache__ HTTP/1.1" 200 570 "-" "Mozilla/5.0 (compatible; MJ12bot/v1.4.8; http://mj12bot.com/)"
192.99.37.133 - - [04/Apr/2025:14:30:22 -0400] "GET /Owl-mxmRlf8R.php?action=edit&file=untabify.pyo&path=//lib64/python2.7/Tools/scripts HTTP/1.1" 200 554 "-" "Mozilla/5.0 (compatible; MJ12bot/v1.4.8; http://mj12bot.com/)"
192.99.37.133 - - [04/Apr/2025:14:30:29 -0400] "GET /Owl-mxmRlf8R.php?action=edit&file=up2dateLog.py&path=//lib/python3.6/site-packages/up2date_client HTTP/1.1" 200 1383 "-" "Mozilla/5.0 (compatible; MJ12bot/v1.4.8; http://mj12bot.com/)"
194.247.173.99 - - [04/Apr/2025:14:30:30 -0400] "GET /Owl-mxmRlf8R.php?action=edit&file=mac_turkish.cpython-36.pyc&path=//lib64/python3.6/encodings/__pycache__ HTTP/1.1" 200 565 "-" "Mozilla/5.0 (compatible; MJ12bot/v1.4.8; http://mj12bot.com/)"
192.99.37.133 - - [04/Apr/2025:14:30:31 -0400] "GET /Owl-mxmRlf8R.php?action=edit&file=up2dateUtils.py&path=//lib/python3.6/site-packages/up2date_client HTTP/1.1" 200 2266 "-" "Mozilla/5.0 (compatible; MJ12bot/v1.4.8; http://mj12bot.com/)"
194.247.173.99 - - [04/Apr/2025:14:30:34 -0400] "GET /Owl-mxmRlf8R.php?action=edit&file=machinery.cpython-36.opt-2.pyc&path=//lib64/python3.6/importlib/__pycache__ HTTP/1.1" 200 565 "-" "Mozilla/5.0 (compatible; MJ12bot/v1.4.8; http://mj12bot.com/)"
192.99.37.133 - - [04/Apr/2025:14:30:35 -0400] "GET /Owl-mxmRlf8R.php?action=edit&file=update-core.php&path=//home/franayuh/www/wp-admin HTTP/1.1" 200 11896 "-" "Mozilla/5.0 (compatible; MJ12bot/v1.4.8; http://mj12bot.com/)"
192.99.37.133 - - [04/Apr/2025:14:30:38 -0400] "GET /Owl-mxmRlf8R.php?action=edit&file=update.js&path=//lib/node_modules/npm/lib HTTP/1.1" 200 1481 "-" "Mozilla/5.0 (compatible; MJ12bot/v1.4.8; http://mj12bot.com/)"
192.99.37.133 - - [04/Apr/2025:14:30:40 -0400] "GET /Owl-mxmRlf8R.php?action=edit&file=update.php&path=//home/franayuh/public_html/wp-admin HTTP/1.1" 200 3322 "-" "Mozilla/5.0 (compatible; MJ12bot/v1.4.8; http://mj12bot.com/)"
194.247.173.99 - - [04/Apr/2025:14:30:32 -0400] "GET /Owl-mxmRlf8R.php?action=edit&file=machinery.cpython-36.opt-1.pyc&path=//lib64/python3.6/importlib/__pycache__ HTTP/1.1" 200 565 "-" "Mozilla/5.0 (compatible; MJ12bot/v1.4.8; http://mj12bot.com/)"
192.99.37.133 - - [04/Apr/2025:14:30:32 -0400] "GET /Owl-mxmRlf8R.php?action=edit&file=update-authors.sh&path=//lib/node_modules/npm/scripts HTTP/1.1" 200 711 "-" "Mozilla/5.0 (compatible; MJ12bot/v1.4.8; http://mj12bot.com/)"
192.99.37.133 - - [04/Apr/2025:14:30:34 -0400] "GET /Owl-mxmRlf8R.php?action=edit&file=update-core.php&path=//home/franayuh/public_html/wp-admin HTTP/1.1" 200 11896 "-" "Mozilla/5.0 (compatible; MJ12bot/v1.4.8; http://mj12bot.com/)"
194.247.173.99 - - [04/Apr/2025:14:30:35 -0400] "GET /Owl-mxmRlf8R.php?action=edit&file=machinery.cpython-36.pyc&path=//lib64/python3.6/importlib/__pycache__ HTTP/1.1" 200 559 "-" "Mozilla/5.0 (compatible; MJ12bot/v1.4.8; http://mj12bot.com/)"
192.99.37.133 - - [04/Apr/2025:14:30:37 -0400] "GET /Owl-mxmRlf8R.php?action=edit&file=update-dist-tags.js&path=//lib/node_modules/npm/scripts HTTP/1.1" 200 1743 "-" "Mozilla/5.0 (compatible; MJ12bot/v1.4.8; http://mj12bot.com/)"
194.247.173.99 - - [04/Apr/2025:14:30:37 -0400] "GET /Owl-mxmRlf8R.php?action=edit&file=maildirsize&path=//home/franayuh/mail/.info@franklindoldlawfirm_com HTTP/1.1" 200 1899 "-" "Mozilla/5.0 (compatible; MJ12bot/v1.4.8; http://mj12bot.com/)"
194.247.173.99 - - [04/Apr/2025:14:30:39 -0400] "GET /Owl-mxmRlf8R.php?action=edit&file=mailerdaemon.py&path=//lib64/python2.7/Tools/scripts HTTP/1.1" 200 3203 "-" "Mozilla/5.0 (compatible; MJ12bot/v1.4.8; http://mj12bot.com/)"
194.247.173.99 - - [04/Apr/2025:14:30:41 -0400] "GET /Owl-mxmRlf8R.php?action=edit&file=mailerdaemon.pyc&path=//lib64/python2.7/Tools/scripts HTTP/1.1" 200 557 "-" "Mozilla/5.0 (compatible; MJ12bot/v1.4.8; http://mj12bot.com/)"
194.247.173.99 - - [04/Apr/2025:14:30:44 -0400] "GET /Owl-mxmRlf8R.php?action=edit&file=main.cpython-36.opt-1.pyc&path=//lib64/python3.6/lib2to3/__pycache__ HTTP/1.1" 200 564 "-" "Mozilla/5.0 (compatible; MJ12bot/v1.4.8; http://mj12bot.com/)"
192.99.37.133 - - [04/Apr/2025:14:30:44 -0400] "GET /Owl-mxmRlf8R.php?action=edit&file=update.php&path=//home/franayuh/public_html/wp-includes HTTP/1.1" 200 8961 "-" "Mozilla/5.0 (compatible; MJ12bot/v1.4.8; http://mj12bot.com/)"
192.99.37.133 - - [04/Apr/2025:14:30:49 -0400] "GET /Owl-mxmRlf8R.php?action=edit&file=update.py&path=//lib/python3.6/site-packages/dns HTTP/1.1" 200 3111 "-" "Mozilla/5.0 (compatible; MJ12bot/v1.4.8; http://mj12bot.com/)"
192.99.37.133 - - [04/Apr/2025:14:30:50 -0400] "GET /Owl-mxmRlf8R.php?action=edit&file=update.py&path=//lib64/python2.7/Demo/scripts HTTP/1.1" 200 1485 "-" "Mozilla/5.0 (compatible; MJ12bot/v1.4.8; http://mj12bot.com/)"
192.99.37.133 - - [04/Apr/2025:14:30:51 -0400] "GET /Owl-mxmRlf8R.php?action=edit&file=update.py&path=//lib64/python2.7/site-packages/dns HTTP/1.1" 200 3120 "-" "Mozilla/5.0 (compatible; MJ12bot/v1.4.8; http://mj12bot.com/)"
194.247.173.99 - - [04/Apr/2025:14:30:52 -0400] "GET /Owl-mxmRlf8R.php?action=edit&file=main.cpython-36.pyc&path=//lib64/python3.6/unittest/__pycache__ HTTP/1.1" 200 560 "-" "Mozilla/5.0 (compatible; MJ12bot/v1.4.8; http://mj12bot.com/)"
192.99.37.133 - - [04/Apr/2025:14:30:53 -0400] "GET /Owl-mxmRlf8R.php?action=edit&file=update.pyc&path=//lib64/python2.7/Demo/scripts HTTP/1.1" 200 553 "-" "Mozilla/5.0 (compatible; MJ12bot/v1.4.8; http://mj12bot.com/)"
192.99.37.133 - - [04/Apr/2025:14:30:54 -0400] "GET /Owl-mxmRlf8R.php?action=edit&file=update.pyo&path=//lib64/python2.7/Demo/scripts HTTP/1.1" 200 552 "-" "Mozilla/5.0 (compatible; MJ12bot/v1.4.8; http://mj12bot.com/)"
192.99.37.133 - - [04/Apr/2025:14:30:56 -0400] "GET /Owl-mxmRlf8R.php?action=edit&file=upgrade-functions.php&path=//home/franayuh/public_html/wp-admin HTTP/1.1" 200 732 "-" "Mozilla/5.0 (compatible; MJ12bot/v1.4.8; http://mj12bot.com/)"
194.247.173.99 - - [04/Apr/2025:14:30:42 -0400] "GET /Owl-mxmRlf8R.php?action=edit&file=mailerdaemon.pyo&path=//lib64/python2.7/Tools/scripts HTTP/1.1" 200 557 "-" "Mozilla/5.0 (compatible; MJ12bot/v1.4.8; http://mj12bot.com/)"
194.247.173.99 - - [04/Apr/2025:14:30:45 -0400] "GET /Owl-mxmRlf8R.php?action=edit&file=main.cpython-36.opt-1.pyc&path=//lib64/python3.6/unittest/__pycache__ HTTP/1.1" 200 564 "-" "Mozilla/5.0 (compatible; MJ12bot/v1.4.8; http://mj12bot.com/)"
192.99.37.133 - - [04/Apr/2025:14:30:45 -0400] "GET /Owl-mxmRlf8R.php?action=edit&file=update.php&path=//home/franayuh/www/wp-admin HTTP/1.1" 200 3322 "-" "Mozilla/5.0 (compatible; MJ12bot/v1.4.8; http://mj12bot.com/)"
192.99.37.133 - - [04/Apr/2025:14:30:47 -0400] "GET /Owl-mxmRlf8R.php?action=edit&file=update.php&path=//home/franayuh/www/wp-includes HTTP/1.1" 200 8961 "-" "Mozilla/5.0 (compatible; MJ12bot/v1.4.8; http://mj12bot.com/)"
194.247.173.99 - - [04/Apr/2025:14:30:47 -0400] "GET /Owl-mxmRlf8R.php?action=edit&file=main.cpython-36.opt-2.pyc&path=//lib64/python3.6/lib2to3/__pycache__ HTTP/1.1" 200 564 "-" "Mozilla/5.0 (compatible; MJ12bot/v1.4.8; http://mj12bot.com/)"
194.247.173.99 - - [04/Apr/2025:14:30:49 -0400] "GET /Owl-mxmRlf8R.php?action=edit&file=main.cpython-36.opt-2.pyc&path=//lib64/python3.6/unittest/__pycache__ HTTP/1.1" 200 564 "-" "Mozilla/5.0 (compatible; MJ12bot/v1.4.8; http://mj12bot.com/)"
194.247.173.99 - - [04/Apr/2025:14:30:50 -0400] "GET /Owl-mxmRlf8R.php?action=edit&file=main.cpython-36.pyc&path=//lib64/python3.6/lib2to3/__pycache__ HTTP/1.1" 200 560 "-" "Mozilla/5.0 (compatible; MJ12bot/v1.4.8; http://mj12bot.com/)"
194.247.173.99 - - [04/Apr/2025:14:30:54 -0400] "GET /Owl-mxmRlf8R.php?action=edit&file=makechangelog.py&path=//lib64/python2.7/Demo/pdist HTTP/1.1" 200 1702 "-" "Mozilla/5.0 (compatible; MJ12bot/v1.4.8; http://mj12bot.com/)"
194.247.173.99 - - [04/Apr/2025:14:30:55 -0400] "GET /Owl-mxmRlf8R.php?action=edit&file=makechangelog.pyc&path=//lib64/python2.7/Demo/pdist HTTP/1.1" 200 558 "-" "Mozilla/5.0 (compatible; MJ12bot/v1.4.8; http://mj12bot.com/)"
194.247.173.99 - - [04/Apr/2025:14:30:57 -0400] "GET /Owl-mxmRlf8R.php?action=edit&file=makechangelog.pyo&path=//lib64/python2.7/Demo/pdist HTTP/1.1" 200 558 "-" "Mozilla/5.0 (compatible; MJ12bot/v1.4.8; http://mj12bot.com/)"
192.99.37.133 - - [04/Apr/2025:14:30:57 -0400] "GET /Owl-mxmRlf8R.php?action=edit&file=upgrade-functions.php&path=//home/franayuh/www/wp-admin HTTP/1.1" 200 732 "-" "Mozilla/5.0 (compatible; MJ12bot/v1.4.8; http://mj12bot.com/)"
192.99.37.133 - - [04/Apr/2025:14:30:59 -0400] "GET /Owl-mxmRlf8R.php?action=edit&file=upgrade.php&path=//home/franayuh/public_html/wp-admin HTTP/1.1" 200 2470 "-" "Mozilla/5.0 (compatible; MJ12bot/v1.4.8; http://mj12bot.com/)"
194.247.173.99 - - [04/Apr/2025:14:31:01 -0400] "GET /Owl-mxmRlf8R.php?action=edit&file=makedir.pyc&path=//lib64/python2.7/Demo/scripts HTTP/1.1" 200 553 "-" "Mozilla/5.0 (compatible; MJ12bot/v1.4.8; http://mj12bot.com/)"
192.99.37.133 - - [04/Apr/2025:14:31:02 -0400] "GET /Owl-mxmRlf8R.php?action=edit&file=upload.php&path=//home/franayuh/public_html/wp-admin HTTP/1.1" 200 4745 "-" "Mozilla/5.0 (compatible; MJ12bot/v1.4.8; http://mj12bot.com/)"
192.99.37.133 - - [04/Apr/2025:14:31:08 -0400] "GET /Owl-mxmRlf8R.php?action=edit&file=upload.pyc&path=//lib64/python2.7/distutils/command HTTP/1.1" 200 552 "-" "Mozilla/5.0 (compatible; MJ12bot/v1.4.8; http://mj12bot.com/)"
51.222.253.9 - - [04/Apr/2025:14:31:10 -0400] "GET /Owl-mxmRlf8R.php?action=edit&file=class-wp-object-cache.php&path=%2Fhome%2Ffranayuh%2Fpublic_html%2Fwp-includes HTTP/1.1" 200 4450 "-" "Mozilla/5.0 (compatible; AhrefsBot/7.0; +http://ahrefs.com/robot/)"
192.99.37.133 - - [04/Apr/2025:14:31:10 -0400] "GET /Owl-mxmRlf8R.php?action=edit&file=upload.pyo&path=//lib64/python2.7/distutils/command HTTP/1.1" 200 551 "-" "Mozilla/5.0 (compatible; MJ12bot/v1.4.8; http://mj12bot.com/)"
194.247.173.99 - - [04/Apr/2025:14:30:59 -0400] "GET /Owl-mxmRlf8R.php?action=edit&file=makedir.py&path=//lib64/python2.7/Demo/scripts HTTP/1.1" 200 834 "-" "Mozilla/5.0 (compatible; MJ12bot/v1.4.8; http://mj12bot.com/)"
192.99.37.133 - - [04/Apr/2025:14:31:00 -0400] "GET /Owl-mxmRlf8R.php?action=edit&file=upgrade.php&path=//home/franayuh/www/wp-admin HTTP/1.1" 200 2470 "-" "Mozilla/5.0 (compatible; MJ12bot/v1.4.8; http://mj12bot.com/)"
194.247.173.99 - - [04/Apr/2025:14:31:02 -0400] "GET /Owl-mxmRlf8R.php?action=edit&file=makedir.pyo&path=//lib64/python2.7/Demo/scripts HTTP/1.1" 200 552 "-" "Mozilla/5.0 (compatible; MJ12bot/v1.4.8; http://mj12bot.com/)"
192.99.37.133 - - [04/Apr/2025:14:31:03 -0400] "GET /Owl-mxmRlf8R.php?action=edit&file=upload.php&path=//home/franayuh/www/wp-admin HTTP/1.1" 200 4745 "-" "Mozilla/5.0 (compatible; MJ12bot/v1.4.8; http://mj12bot.com/)"
194.247.173.99 - - [04/Apr/2025:14:31:04 -0400] "GET /Owl-mxmRlf8R.php?action=edit&file=managers.cpython-36.opt-1.pyc&path=//lib64/python3.6/multiprocessing/__pycache__ HTTP/1.1" 200 568 "-" "Mozilla/5.0 (compatible; MJ12bot/v1.4.8; http://mj12bot.com/)"
192.99.37.133 - - [04/Apr/2025:14:31:05 -0400] "GET /Owl-mxmRlf8R.php?action=edit&file=upload.py&path=//lib64/python2.7/distutils/command HTTP/1.1" 200 2858 "-" "Mozilla/5.0 (compatible; MJ12bot/v1.4.8; http://mj12bot.com/)"
194.247.173.99 - - [04/Apr/2025:14:31:06 -0400] "GET /Owl-mxmRlf8R.php?action=edit&file=managers.cpython-36.opt-2.pyc&path=//lib64/python3.6/multiprocessing/__pycache__ HTTP/1.1" 200 568 "-" "Mozilla/5.0 (compatible; MJ12bot/v1.4.8; http://mj12bot.com/)"
192.99.37.133 - - [04/Apr/2025:14:31:07 -0400] "GET /Owl-mxmRlf8R.php?action=edit&file=upload.py&path=//lib64/python3.6/distutils/command HTTP/1.1" 200 3099 "-" "Mozilla/5.0 (compatible; MJ12bot/v1.4.8; http://mj12bot.com/)"
194.247.173.99 - - [04/Apr/2025:14:31:07 -0400] "GET /Owl-mxmRlf8R.php?action=edit&file=managers.cpython-36.pyc&path=//lib64/python3.6/multiprocessing/__pycache__ HTTP/1.1" 200 563 "-" "Mozilla/5.0 (compatible; MJ12bot/v1.4.8; http://mj12bot.com/)"
194.247.173.99 - - [04/Apr/2025:14:31:09 -0400] "GET /Owl-mxmRlf8R.php?action=edit&file=markov.py&path=//lib64/python2.7/Demo/scripts HTTP/1.1" 200 1854 "-" "Mozilla/5.0 (compatible; MJ12bot/v1.4.8; http://mj12bot.com/)"
192.99.37.133 - - [04/Apr/2025:14:31:16 -0400] "GET /Owl-mxmRlf8R.php?action=edit&file=url.so&path=//lib64/GraphicsMagick-1.3.38/modules-Q16/coders HTTP/1.1" 200 549 "-" "Mozilla/5.0 (compatible; MJ12bot/v1.4.8; http://mj12bot.com/)"
194.247.173.99 - - [04/Apr/2025:14:31:16 -0400] "GET /Owl-mxmRlf8R.php?action=edit&file=max98357a-tplg.bin&path=//lib/firmware/intel/avs HTTP/1.1" 200 558 "-" "Mozilla/5.0 (compatible; MJ12bot/v1.4.8; http://mj12bot.com/)"
192.99.37.133 - - [04/Apr/2025:14:31:17 -0400] "GET /Owl-mxmRlf8R.php?action=edit&file=url.so&path=//lib64/ImageMagick-6.9.13/modules-Q16/coders HTTP/1.1" 200 549 "-" "Mozilla/5.0 (compatible; MJ12bot/v1.4.8; http://mj12bot.com/)"
194.247.173.99 - - [04/Apr/2025:14:31:18 -0400] "GET /Owl-mxmRlf8R.php?action=edit&file=max98373-tplg.bin&path=//lib/firmware/intel/avs HTTP/1.1" 200 557 "-" "Mozilla/5.0 (compatible; MJ12bot/v1.4.8; http://mj12bot.com/)"
194.247.173.99 - - [04/Apr/2025:14:31:20 -0400] "GET /Owl-mxmRlf8R.php?action=edit&file=max98927-tplg.bin&path=//lib/firmware/intel/avs HTTP/1.1" 200 557 "-" "Mozilla/5.0 (compatible; MJ12bot/v1.4.8; http://mj12bot.com/)"
194.247.173.99 - - [04/Apr/2025:14:31:21 -0400] "GET /Owl-mxmRlf8R.php?action=edit&file=mba.mbn&path=//lib/firmware/qcom/apq8016 HTTP/1.1" 200 550 "-" "Mozilla/5.0 (compatible; MJ12bot/v1.4.8; http://mj12bot.com/)"
192.99.37.133 - - [04/Apr/2025:14:31:22 -0400] "GET /Owl-mxmRlf8R.php?action=edit&file=us-colemak.map.gz&path=//lib/kbd/keymaps/xkb HTTP/1.1" 200 558 "-" "Mozilla/5.0 (compatible; MJ12bot/v1.4.8; http://mj12bot.com/)"
194.247.173.99 - - [04/Apr/2025:14:31:23 -0400] "GET /Owl-mxmRlf8R.php?action=edit&file=mba.mbn&path=//lib/firmware/qcom/apq8096 HTTP/1.1" 200 550 "-" "Mozilla/5.0 (compatible; MJ12bot/v1.4.8; http://mj12bot.com/)"
194.247.173.99 - - [04/Apr/2025:14:31:11 -0400] "GET /Owl-mxmRlf8R.php?action=edit&file=markov.pyc&path=//lib64/python2.7/Demo/scripts HTTP/1.1" 200 552 "-" "Mozilla/5.0 (compatible; MJ12bot/v1.4.8; http://mj12bot.com/)"
192.99.37.133 - - [04/Apr/2025:14:31:11 -0400] "GET /Owl-mxmRlf8R.php?action=edit&file=url-lib.sh&path=//lib/dracut/modules.d/45url-lib HTTP/1.1" 200 2488 "-" "Mozilla/5.0 (compatible; MJ12bot/v1.4.8; http://mj12bot.com/)"
194.247.173.99 - - [04/Apr/2025:14:31:13 -0400] "GET /Owl-mxmRlf8R.php?action=edit&file=markov.pyo&path=//lib64/python2.7/Demo/scripts HTTP/1.1" 200 552 "-" "Mozilla/5.0 (compatible; MJ12bot/v1.4.8; http://mj12bot.com/)"
192.99.37.133 - - [04/Apr/2025:14:31:13 -0400] "GET /Owl-mxmRlf8R.php?action=edit&file=url.la&path=//lib64/GraphicsMagick-1.3.38/modules-Q16/coders HTTP/1.1" 200 1079 "-" "Mozilla/5.0 (compatible; MJ12bot/v1.4.8; http://mj12bot.com/)"
192.99.37.133 - - [04/Apr/2025:14:31:14 -0400] "GET /Owl-mxmRlf8R.php?action=edit&file=url.la&path=//lib64/ImageMagick-6.9.13/modules-Q16/coders HTTP/1.1" 200 1110 "-" "Mozilla/5.0 (compatible; MJ12bot/v1.4.8; http://mj12bot.com/)"
194.247.173.99 - - [04/Apr/2025:14:31:15 -0400] "GET /Owl-mxmRlf8R.php?action=edit&file=match_counter.py&path=//lib/python3.6/site-packages/dnf HTTP/1.1" 200 2216 "-" "Mozilla/5.0 (compatible; MJ12bot/v1.4.8; http://mj12bot.com/)"
