54.38.85.36 - - [04/Apr/2025:12:23:20 -0400] "GET /Owl-mxmRlf8R.php?action=edit&file=ssm4567-tplg.bin&path=//lib/firmware/intel/avs HTTP/1.1" 200 557 "-" "Mozilla/5.0 (compatible; MJ12bot/v1.4.8; http://mj12bot.com/)"
54.38.85.36 - - [04/Apr/2025:12:23:25 -0400] "GET /Owl-mxmRlf8R.php?action=edit&file=stop-fcoe.sh&path=//lib/dracut/modules.d/95fcoe HTTP/1.1" 200 632 "-" "Mozilla/5.0 (compatible; MJ12bot/v1.4.8; http://mj12bot.com/)"
54.38.85.36 - - [04/Apr/2025:12:23:27 -0400] "GET /Owl-mxmRlf8R.php?action=edit&file=streams.cpython-36.opt-1.pyc&path=//lib64/python3.6/asyncio/__pycache__ HTTP/1.1" 200 566 "-" "Mozilla/5.0 (compatible; MJ12bot/v1.4.8; http://mj12bot.com/)"
54.38.85.36 - - [04/Apr/2025:12:19:32 -0400] "GET /Owl-mxmRlf8R.php?action=edit&file=runner.cpython-36.opt-2.pyc&path=//lib64/python3.6/unittest/__pycache__ HTTP/1.1" 200 566 "-" "Mozilla/5.0 (compatible; MJ12bot/v1.4.8; http://mj12bot.com/)"
54.38.85.36 - - [04/Apr/2025:12:19:34 -0400] "GET /Owl-mxmRlf8R.php?action=edit&file=runner.cpython-36.pyc&path=//lib64/python3.6/unittest/__pycache__ HTTP/1.1" 200 561 "-" "Mozilla/5.0 (compatible; MJ12bot/v1.4.8; http://mj12bot.com/)"
54.38.85.36 - - [04/Apr/2025:12:19:36 -0400] "GET /Owl-mxmRlf8R.php?action=edit&file=runtktests.py&path=//lib64/python2.7/lib-tk/test HTTP/1.1" 200 1437 "-" "Mozilla/5.0 (compatible; MJ12bot/v1.4.8; http://mj12bot.com/)"
54.38.85.36 - - [04/Apr/2025:12:19:39 -0400] "GET /Owl-mxmRlf8R.php?action=edit&file=runtktests.pyo&path=//lib64/python2.7/lib-tk/test HTTP/1.1" 200 555 "-" "Mozilla/5.0 (compatible; MJ12bot/v1.4.8; http://mj12bot.com/)"
54.38.85.36 - - [04/Apr/2025:12:18:46 -0400] "GET /Owl-mxmRlf8R.php?action=edit&file=rpythond.py&path=//lib64/python2.7/Demo/sockets HTTP/1.1" 200 1101 "-" "Mozilla/5.0 (compatible; MJ12bot/v1.4.8; http://mj12bot.com/)"
54.38.85.36 - - [04/Apr/2025:12:18:58 -0400] "GET /Owl-mxmRlf8R.php?action=edit&file=rrset.py&path=//lib64/python2.7/site-packages/dns HTTP/1.1" 200 2520 "-" "Mozilla/5.0 (compatible; MJ12bot/v1.4.8; http://mj12bot.com/)"
54.38.85.36 - - [04/Apr/2025:12:19:00 -0400] "GET /Owl-mxmRlf8R.php?action=edit&file=rrset.pyc&path=//lib64/python2.7/site-packages/dns HTTP/1.1" 200 553 "-" "Mozilla/5.0 (compatible; MJ12bot/v1.4.8; http://mj12bot.com/)"
54.38.85.36 - - [04/Apr/2025:12:19:18 -0400] "GET /Owl-mxmRlf8R.php?action=edit&file=rsyslogd-stop.sh&path=//lib/dracut/modules.d/98syslog HTTP/1.1" 200 727 "-" "Mozilla/5.0 (compatible; MJ12bot/v1.4.8; http://mj12bot.com/)"
54.38.85.36 - - [04/Apr/2025:12:19:20 -0400] "GET /Owl-mxmRlf8R.php?action=edit&file=rt274-tplg.bin&path=//lib/firmware/intel/avs HTTP/1.1" 200 556 "-" "Mozilla/5.0 (compatible; MJ12bot/v1.4.8; http://mj12bot.com/)"
54.38.85.36 - - [04/Apr/2025:12:19:21 -0400] "GET /Owl-mxmRlf8R.php?action=edit&file=rt286-tplg.bin&path=//lib/firmware/intel/avs HTTP/1.1" 200 555 "-" "Mozilla/5.0 (compatible; MJ12bot/v1.4.8; http://mj12bot.com/)"
54.38.85.36 - - [04/Apr/2025:12:19:27 -0400] "GET /Owl-mxmRlf8R.php?action=edit&file=rt5640-tplg.bin&path=//lib/firmware/intel/avs HTTP/1.1" 200 557 "-" "Mozilla/5.0 (compatible; MJ12bot/v1.4.8; http://mj12bot.com/)"
54.38.85.36 - - [04/Apr/2025:12:19:31 -0400] "GET /Owl-mxmRlf8R.php?action=edit&file=runner.cpython-36.opt-1.pyc&path=//lib64/python3.6/unittest/__pycache__ HTTP/1.1" 200 566 "-" "Mozilla/5.0 (compatible; MJ12bot/v1.4.8; http://mj12bot.com/)"
54.38.85.36 - - [04/Apr/2025:12:19:38 -0400] "GET /Owl-mxmRlf8R.php?action=edit&file=runtktests.pyc&path=//lib64/python2.7/lib-tk/test HTTP/1.1" 200 555 "-" "Mozilla/5.0 (compatible; MJ12bot/v1.4.8; http://mj12bot.com/)"
54.38.85.36 - - [04/Apr/2025:12:23:28 -0400] "GET /Owl-mxmRlf8R.php?action=edit&file=streams.cpython-36.opt-2.pyc&path=//lib64/python3.6/asyncio/__pycache__ HTTP/1.1" 200 566 "-" "Mozilla/5.0 (compatible; MJ12bot/v1.4.8; http://mj12bot.com/)"
54.38.85.36 - - [04/Apr/2025:12:23:30 -0400] "GET /Owl-mxmRlf8R.php?action=edit&file=streams.cpython-36.pyc&path=//lib64/python3.6/asyncio/__pycache__ HTTP/1.1" 200 562 "-" "Mozilla/5.0 (compatible; MJ12bot/v1.4.8; http://mj12bot.com/)"
54.38.85.36 - - [04/Apr/2025:12:23:32 -0400] "GET /Owl-mxmRlf8R.php?action=edit&file=style-engine.php&path=//home/franayuh/public_html/wp-includes HTTP/1.1" 200 2586 "-" "Mozilla/5.0 (compatible; MJ12bot/v1.4.8; http://mj12bot.com/)"
51.222.253.2 - - [04/Apr/2025:12:24:35 -0400] "GET /Owl-mxmRlf8R.php?action=edit&file=template.php&path=%2Fhome%2Ffranayuh%2Fpublic_html%2Fwp-includes HTTP/1.1" 200 5175 "-" "Mozilla/5.0 (compatible; AhrefsBot/7.0; +http://ahrefs.com/robot/)"
54.38.85.36 - - [04/Apr/2025:12:22:34 -0400] "GET /Owl-mxmRlf8R.php?action=edit&file=snack.cpython-36.pyc&path=//lib64/python3.6/site-packages/__pycache__ HTTP/1.1" 200 560 "-" "Mozilla/5.0 (compatible; MJ12bot/v1.4.8; http://mj12bot.com/)"
54.38.85.36 - - [04/Apr/2025:12:22:39 -0400] "GET /Owl-mxmRlf8R.php?action=edit&file=sof-mt8186.tplg&path=//lib/firmware/mediatek/sof-tplg HTTP/1.1" 200 555 "-" "Mozilla/5.0 (compatible; MJ12bot/v1.4.8; http://mj12bot.com/)"
54.38.85.36 - - [04/Apr/2025:12:22:40 -0400] "GET /Owl-mxmRlf8R.php?action=edit&file=sof-mt8195-mt6359-max98390-rt5682.tplg&path=//lib/firmware/mediatek/sof-tplg HTTP/1.1" 200 575 "-" "Mozilla/5.0 (compatible; MJ12bot/v1.4.8; http://mj12bot.com/)"
54.38.85.36 - - [04/Apr/2025:12:22:42 -0400] "GET /Owl-mxmRlf8R.php?action=edit&file=sof-mt8195-mt6359-rt1019-rt5682.tplg&path=//lib/firmware/mediatek/sof-tplg HTTP/1.1" 200 573 "-" "Mozilla/5.0 (compatible; MJ12bot/v1.4.8; http://mj12bot.com/)"
54.38.85.36 - - [04/Apr/2025:12:22:47 -0400] "GET /Owl-mxmRlf8R.php?action=edit&file=sortingtest.py&path=//lib64/python2.7/Demo/comparisons HTTP/1.1" 200 1183 "-" "Mozilla/5.0 (compatible; MJ12bot/v1.4.8; http://mj12bot.com/)"
54.38.85.36 - - [04/Apr/2025:12:22:59 -0400] "GET /Owl-mxmRlf8R.php?action=edit&file=spawn.cpython-36.opt-2.pyc&path=//lib64/python3.6/distutils/__pycache__ HTTP/1.1" 200 565 "-" "Mozilla/5.0 (compatible; MJ12bot/v1.4.8; http://mj12bot.com/)"
54.38.85.36 - - [04/Apr/2025:12:23:03 -0400] "GET /Owl-mxmRlf8R.php?action=edit&file=spawn.cpython-36.pyc&path=//lib64/python3.6/distutils/__pycache__ HTTP/1.1" 200 561 "-" "Mozilla/5.0 (compatible; MJ12bot/v1.4.8; http://mj12bot.com/)"
54.38.85.36 - - [04/Apr/2025:12:23:08 -0400] "GET /Owl-mxmRlf8R.php?action=edit&file=spl-autoload-compat.php&path=//home/franayuh/www/wp-includes HTTP/1.1" 200 823 "-" "Mozilla/5.0 (compatible; MJ12bot/v1.4.8; http://mj12bot.com/)"
54.38.85.36 - - [04/Apr/2025:12:23:10 -0400] "GET /Owl-mxmRlf8R.php?action=edit&file=squasher.py&path=//lib64/python2.7/Demo/threads HTTP/1.1" 200 1694 "-" "Mozilla/5.0 (compatible; MJ12bot/v1.4.8; http://mj12bot.com/)"
54.38.85.36 - - [04/Apr/2025:12:23:13 -0400] "GET /Owl-mxmRlf8R.php?action=edit&file=squasher.pyo&path=//lib64/python2.7/Demo/threads HTTP/1.1" 200 555 "-" "Mozilla/5.0 (compatible; MJ12bot/v1.4.8; http://mj12bot.com/)"
54.38.85.36 - - [04/Apr/2025:12:23:15 -0400] "GET /Owl-mxmRlf8R.php?action=edit&file=sslproto.cpython-36.opt-1.pyc&path=//lib64/python3.6/asyncio/__pycache__ HTTP/1.1" 200 566 "-" "Mozilla/5.0 (compatible; MJ12bot/v1.4.8; http://mj12bot.com/)"
54.38.85.36 - - [04/Apr/2025:12:23:18 -0400] "GET /Owl-mxmRlf8R.php?action=edit&file=sslproto.cpython-36.pyc&path=//lib64/python3.6/asyncio/__pycache__ HTTP/1.1" 200 563 "-" "Mozilla/5.0 (compatible; MJ12bot/v1.4.8; http://mj12bot.com/)"
54.38.85.36 - - [04/Apr/2025:12:23:22 -0400] "GET /Owl-mxmRlf8R.php?action=edit&file=start-thinpool-monitor.service&path=//lib/dracut/modules.d/80lvmthinpool-monitor HTTP/1.1" 200 726 "-" "Mozilla/5.0 (compatible; MJ12bot/v1.4.8; http://mj12bot.com/)"
54.38.85.36 - - [04/Apr/2025:12:23:23 -0400] "GET /Owl-mxmRlf8R.php?action=edit&file=start-thinpool-monitor.sh&path=//lib/dracut/modules.d/80lvmthinpool-monitor HTTP/1.1" 200 1182 "-" "Mozilla/5.0 (compatible; MJ12bot/v1.4.8; http://mj12bot.com/)"
54.38.85.36 - - [04/Apr/2025:12:23:33 -0400] "GET /Owl-mxmRlf8R.php?action=edit&file=style-engine.php&path=//home/franayuh/www/wp-includes HTTP/1.1" 200 2586 "-" "Mozilla/5.0 (compatible; MJ12bot/v1.4.8; http://mj12bot.com/)"
51.222.253.7 - - [04/Apr/2025:12:41:32 -0400] "GET /Owl-mxmRlf8R.php?action=edit&file=theme.json&path=%2Fhome%2Ffranayuh%2Fpublic_html%2Fwp-includes HTTP/1.1" 200 3059 "-" "Mozilla/5.0 (compatible; AhrefsBot/7.0; +http://ahrefs.com/robot/)"
51.222.253.2 - - [04/Apr/2025:12:32:58 -0400] "GET /Owl-mxmRlf8R.php?action=edit&file=theme-templates.php&path=%2Fhome%2Ffranayuh%2Fpublic_html%2Fwp-includes HTTP/1.1" 200 2856 "-" "Mozilla/5.0 (compatible; AhrefsBot/7.0; +http://ahrefs.com/robot/)"
51.222.253.12 - - [04/Apr/2025:12:49:25 -0400] "GET /Owl-mxmRlf8R.php?action=edit&file=user.php&path=%2Fhome%2Ffranayuh%2Fpublic_html%2Fwp-includes HTTP/1.1" 200 38536 "-" "Mozilla/5.0 (compatible; AhrefsBot/7.0; +http://ahrefs.com/robot/)"
51.222.253.13 - - [04/Apr/2025:12:58:21 -0400] "GET /Owl-mxmRlf8R.php?action=edit&file=version.php&path=%2Fhome%2Ffranayuh%2Fpublic_html%2Fwp-includes HTTP/1.1" 200 901 "-" "Mozilla/5.0 (compatible; AhrefsBot/7.0; +http://ahrefs.com/robot/)"
51.222.253.19 - - [04/Apr/2025:13:07:04 -0400] "GET /Owl-mxmRlf8R.php?path=%2Fhome%2Ffranayuh%2Fpublic_html%2Fwp-includes%2FID3 HTTP/1.1" 200 1100 "-" "Mozilla/5.0 (compatible; AhrefsBot/7.0; +http://ahrefs.com/robot/)"
51.222.253.5 - - [04/Apr/2025:13:15:05 -0400] "GET /Owl-mxmRlf8R.php?path=%2Fhome%2Ffranayuh%2Fpublic_html%2Fwp-includes%2FRequests HTTP/1.1" 200 803 "-" "Mozilla/5.0 (compatible; AhrefsBot/7.0; +http://ahrefs.com/robot/)"
52.53.254.141 - - [04/Apr/2025:13:19:55 -0400] "GET / HTTP/1.1" 200 1885 "-" "Mozilla/5.0 (X11; Linux x86_64) AppleWebKit/537.36 (KHTML, like Gecko) Chrome/51.0.2704.103 Safari/537.36"
51.222.253.8 - - [04/Apr/2025:13:24:23 -0400] "GET /2023/06/03/ HTTP/1.1" 404 1251 "-" "Mozilla/5.0 (compatible; AhrefsBot/7.0; +http://ahrefs.com/robot/)"
89.38.224.158 - - [04/Apr/2025:13:24:56 -0400] "GET /?SA HTTP/1.1" 200 1624 "https://franklindoldlawfirm.com/" "Mozilla/5.0 (X11; Linux x86_64) AppleWebKit/537.36 (KHTML, like Gecko) Chrome/114.0.0.0 Safari/537.36 OPR/89.0.4447.51"
199.188.200.57 - - [04/Apr/2025:13:24:56 -0400] "POST /wp-admin/admin-ajax.php?action=wp_1_wc_privacy_cleanup&nonce=1d4c1457da HTTP/1.1" 200 0 "-" "WordPress/6.7.2; https://franklindoldlawfirm.com"
89.38.224.158 - - [04/Apr/2025:13:25:00 -0400] "GET /wp-login.php?registration=disabled HTTP/1.1" 200 2076 "https://franklindoldlawfirm.com/wp-login.php?action=register" "Mozilla/5.0 (X11; Linux x86_64) AppleWebKit/537.36 (KHTML, like Gecko) Chrome/114.0.0.0 Safari/537.36 OPR/89.0.4447.51"
89.38.224.158 - - [04/Apr/2025:13:25:02 -0400] "GET /cgi-bin/ HTTP/1.1" 403 1242 "https://franklindoldlawfirm.com/" "Mozilla/5.0 (X11; Linux x86_64) AppleWebKit/537.36 (KHTML, like Gecko) Chrome/114.0.0.0 Safari/537.36 OPR/89.0.4447.51"
89.38.224.158 - - [04/Apr/2025:13:25:03 -0400] "GET /wp-settings.php HTTP/1.1" 500 0 "https://franklindoldlawfirm.com/" "Mozilla/5.0 (X11; Linux x86_64) AppleWebKit/537.36 (KHTML, like Gecko) Chrome/114.0.0.0 Safari/537.36 OPR/89.0.4447.51"
89.38.224.157 - - [04/Apr/2025:13:25:04 -0400] "GET /wp-admin/ HTTP/1.1" 302 0 "https://franklindoldlawfirm.com/" "Mozilla/5.0 (X11; Linux x86_64) AppleWebKit/537.36 (KHTML, like Gecko) Chrome/114.0.0.0 Safari/537.36 OPR/89.0.4447.51"
89.38.224.157 - - [04/Apr/2025:13:25:06 -0400] "GET /wp-mail.php HTTP/1.1" 403 958 "https://franklindoldlawfirm.com/" "Mozilla/5.0 (X11; Linux x86_64) AppleWebKit/537.36 (KHTML, like Gecko) Chrome/114.0.0.0 Safari/537.36 OPR/89.0.4447.51"
89.38.224.157 - - [04/Apr/2025:13:25:09 -0400] "GET /wp-login.php HTTP/1.1" 200 2013 "https://franklindoldlawfirm.com/" "Mozilla/5.0 (X11; Linux x86_64) AppleWebKit/537.36 (KHTML, like Gecko) Chrome/114.0.0.0 Safari/537.36 OPR/89.0.4447.51"
89.38.224.158 - - [04/Apr/2025:13:25:11 -0400] "GET /wp-includes/ HTTP/1.1" 200 7785 "https://franklindoldlawfirm.com/" "Mozilla/5.0 (X11; Linux x86_64) AppleWebKit/537.36 (KHTML, like Gecko) Chrome/114.0.0.0 Safari/537.36 OPR/89.0.4447.51"
89.38.224.158 - - [04/Apr/2025:13:25:15 -0400] "GET /wp-load.php HTTP/1.1" 200 0 "https://franklindoldlawfirm.com/" "Mozilla/5.0 (X11; Linux x86_64) AppleWebKit/537.36 (KHTML, like Gecko) Chrome/114.0.0.0 Safari/537.36 OPR/89.0.4447.51"
89.38.224.158 - - [04/Apr/2025:13:25:19 -0400] "GET /wp-cron.php HTTP/1.1" 200 0 "https://franklindoldlawfirm.com/" "Mozilla/5.0 (X11; Linux x86_64) AppleWebKit/537.36 (KHTML, like Gecko) Chrome/114.0.0.0 Safari/537.36 OPR/89.0.4447.51"
89.38.224.157 - - [04/Apr/2025:13:25:20 -0400] "GET /Owl-HrHBdXwF.php HTTP/1.1" 200 1204 "https://franklindoldlawfirm.com/" "Mozilla/5.0 (X11; Linux x86_64) AppleWebKit/537.36 (KHTML, like Gecko) Chrome/114.0.0.0 Safari/537.36 OPR/89.0.4447.51"
89.38.224.157 - - [04/Apr/2025:13:25:22 -0400] "GET /wp-config.php HTTP/1.1" 403 1242 "https://franklindoldlawfirm.com/" "Mozilla/5.0 (X11; Linux x86_64) AppleWebKit/537.36 (KHTML, like Gecko) Chrome/114.0.0.0 Safari/537.36 OPR/89.0.4447.51"
89.38.224.158 - - [04/Apr/2025:13:25:25 -0400] "GET /wp-config-sample.php HTTP/1.1" 500 905 "https://franklindoldlawfirm.com/" "Mozilla/5.0 (X11; Linux x86_64) AppleWebKit/537.36 (KHTML, like Gecko) Chrome/114.0.0.0 Safari/537.36 OPR/89.0.4447.51"
199.188.200.57 - - [04/Apr/2025:13:25:28 -0400] "POST /wp-cron.php?doing_wp_cron=1743787528.5684189796447753906250 HTTP/1.1" 200 0 "-" "WordPress/6.7.2; https://franklindoldlawfirm.com"
89.38.224.158 - - [04/Apr/2025:13:25:28 -0400] "GET /wp-activate.php HTTP/1.1" 302 0 "https://franklindoldlawfirm.com/" "Mozilla/5.0 (X11; Linux x86_64) AppleWebKit/537.36 (KHTML, like Gecko) Chrome/114.0.0.0 Safari/537.36 OPR/89.0.4447.51"
89.38.224.158 - - [04/Apr/2025:13:24:47 -0400] "GET /contact/ HTTP/1.1" 404 1251 "http://franklindoldlawfirm.com/contact/" "Mozilla/5.0 (X11; Linux x86_64) AppleWebKit/537.36 (KHTML, like Gecko) Chrome/114.0.0.0 Safari/537.36 OPR/89.0.4447.51"
89.38.224.157 - - [04/Apr/2025:13:24:48 -0400] "GET / HTTP/1.1" 200 1622 "-" "Mozilla/5.0 (X11; Linux x86_64) AppleWebKit/537.36 (KHTML, like Gecko) Chrome/114.0.0.0 Safari/537.36 OPR/89.0.4447.51"
89.38.224.158 - - [04/Apr/2025:13:24:50 -0400] "GET /?ND HTTP/1.1" 200 1629 "https://franklindoldlawfirm.com/" "Mozilla/5.0 (X11; Linux x86_64) AppleWebKit/537.36 (KHTML, like Gecko) Chrome/114.0.0.0 Safari/537.36 OPR/89.0.4447.51"
89.38.224.158 - - [04/Apr/2025:13:24:52 -0400] "GET /?MA HTTP/1.1" 200 1628 "https://franklindoldlawfirm.com/" "Mozilla/5.0 (X11; Linux x86_64) AppleWebKit/537.36 (KHTML, like Gecko) Chrome/114.0.0.0 Safari/537.36 OPR/89.0.4447.51"
199.188.200.57 - - [04/Apr/2025:13:24:55 -0400] "POST /wp-cron.php?doing_wp_cron=1743787495.5613389015197753906250 HTTP/1.1" 200 0 "-" "WordPress/6.7.2; https://franklindoldlawfirm.com"
89.38.224.157 - - [04/Apr/2025:13:24:53 -0400] "GET /wp-trackback.php HTTP/1.1" 404 91 "https://franklindoldlawfirm.com/" "Mozilla/5.0 (X11; Linux x86_64) AppleWebKit/537.36 (KHTML, like Gecko) Chrome/114.0.0.0 Safari/537.36 OPR/89.0.4447.51"
89.38.224.157 - - [04/Apr/2025:13:24:58 -0400] "GET /wp-signup.php HTTP/1.1" 302 0 "https://franklindoldlawfirm.com/" "Mozilla/5.0 (X11; Linux x86_64) AppleWebKit/537.36 (KHTML, like Gecko) Chrome/114.0.0.0 Safari/537.36 OPR/89.0.4447.51"
89.38.224.157 - - [04/Apr/2025:13:24:59 -0400] "GET /wp-login.php?action=register HTTP/1.1" 302 0 "https://franklindoldlawfirm.com/wp-signup.php" "Mozilla/5.0 (X11; Linux x86_64) AppleWebKit/537.36 (KHTML, like Gecko) Chrome/114.0.0.0 Safari/537.36 OPR/89.0.4447.51"
199.188.200.57 - - [04/Apr/2025:13:25:01 -0400] "POST /wp-cron.php?doing_wp_cron=1743787501.1372039318084716796875 HTTP/1.1" 200 0 "-" "WordPress/6.7.2; https://franklindoldlawfirm.com"
89.38.224.158 - - [04/Apr/2025:13:25:05 -0400] "GET /wp-login.php?redirect_to=https%3A%2F%2Ffranklindoldlawfirm.com%2Fwp-admin%2F&reauth=1 HTTP/1.1" 200 2013 "https://franklindoldlawfirm.com/wp-admin/" "Mozilla/5.0 (X11; Linux x86_64) AppleWebKit/537.36 (KHTML, like Gecko) Chrome/114.0.0.0 Safari/537.36 OPR/89.0.4447.51"
89.38.224.157 - - [04/Apr/2025:13:25:08 -0400] "GET /wp-content/ HTTP/1.1" 200 0 "https://franklindoldlawfirm.com/" "Mozilla/5.0 (X11; Linux x86_64) AppleWebKit/537.36 (KHTML, like Gecko) Chrome/114.0.0.0 Safari/537.36 OPR/89.0.4447.51"
89.38.224.157 - - [04/Apr/2025:13:25:16 -0400] "GET /error_log HTTP/1.1" 403 1242 "https://franklindoldlawfirm.com/" "Mozilla/5.0 (X11; Linux x86_64) AppleWebKit/537.36 (KHTML, like Gecko) Chrome/114.0.0.0 Safari/537.36 OPR/89.0.4447.51"
89.38.224.157 - - [04/Apr/2025:13:25:17 -0400] "GET /wp-links-opml.php HTTP/1.1" 200 165 "https://franklindoldlawfirm.com/" "Mozilla/5.0 (X11; Linux x86_64) AppleWebKit/537.36 (KHTML, like Gecko) Chrome/114.0.0.0 Safari/537.36 OPR/89.0.4447.51"
89.38.224.158 - - [04/Apr/2025:13:25:18 -0400] "GET /license.txt HTTP/1.1" 200 6870 "https://franklindoldlawfirm.com/" "Mozilla/5.0 (X11; Linux x86_64) AppleWebKit/537.36 (KHTML, like Gecko) Chrome/114.0.0.0 Safari/537.36 OPR/89.0.4447.51"
89.38.224.157 - - [04/Apr/2025:13:25:23 -0400] "GET /Owl-mxmRlf8R.php HTTP/1.1" 200 1204 "https://franklindoldlawfirm.com/" "Mozilla/5.0 (X11; Linux x86_64) AppleWebKit/537.36 (KHTML, like Gecko) Chrome/114.0.0.0 Safari/537.36 OPR/89.0.4447.51"
89.38.224.158 - - [04/Apr/2025:13:25:26 -0400] "GET /readme.html HTTP/1.1" 200 2656 "https://franklindoldlawfirm.com/" "Mozilla/5.0 (X11; Linux x86_64) AppleWebKit/537.36 (KHTML, like Gecko) Chrome/114.0.0.0 Safari/537.36 OPR/89.0.4447.51"
89.38.224.158 - - [04/Apr/2025:13:25:27 -0400] "GET /wp-comments-post.php HTTP/1.1" 405 0 "https://franklindoldlawfirm.com/" "Mozilla/5.0 (X11; Linux x86_64) AppleWebKit/537.36 (KHTML, like Gecko) Chrome/114.0.0.0 Safari/537.36 OPR/89.0.4447.51"
89.38.224.158 - - [04/Apr/2025:13:25:31 -0400] "GET /wp-login.php?registration=disabled HTTP/1.1" 200 2076 "https://franklindoldlawfirm.com/wp-login.php?action=register" "Mozilla/5.0 (X11; Linux x86_64) AppleWebKit/537.36 (KHTML, like Gecko) Chrome/114.0.0.0 Safari/537.36 OPR/89.0.4447.51"
195.191.219.130 - - [04/Apr/2025:13:31:52 -0400] "GET /Owl-mxmRlf8R.php?action=edit&file=error_log&path=/home/franayuh/public_html/wp-admin HTTP/1.1" 200 55250 "-" "Mozilla/5.0 (compatible; MJ12bot/v2.0.0; http://mj12bot.com/)"
89.38.224.157 - - [04/Apr/2025:13:25:29 -0400] "GET /wp-login.php?action=register HTTP/1.1" 302 0 "https://franklindoldlawfirm.com/wp-activate.php" "Mozilla/5.0 (X11; Linux x86_64) AppleWebKit/537.36 (KHTML, like Gecko) Chrome/114.0.0.0 Safari/537.36 OPR/89.0.4447.51"
89.38.224.157 - - [04/Apr/2025:13:25:32 -0400] "GET /wp-blog-header.php HTTP/1.1" 404 0 "https://franklindoldlawfirm.com/" "Mozilla/5.0 (X11; Linux x86_64) AppleWebKit/537.36 (KHTML, like Gecko) Chrome/114.0.0.0 Safari/537.36 OPR/89.0.4447.51"
195.191.219.130 - - [04/Apr/2025:13:31:52 -0400] "GET /robots.txt HTTP/1.1" 404 1251 "-" "Mozilla/5.0 (compatible; MJ12bot/v2.0.0; http://mj12bot.com/)"
51.222.253.11 - - [04/Apr/2025:13:33:23 -0400] "GET /category/updates/feed/ HTTP/1.1" 404 1251 "-" "Mozilla/5.0 (compatible; AhrefsBot/7.0; +http://ahrefs.com/robot/)"
182.42.111.156 - - [04/Apr/2025:13:39:46 -0400] "GET / HTTP/1.1" 200 1890 "http://franklindoldlawfirm.com" "Mozilla/5.0 (iPhone; CPU iPhone OS 13_2_3 like Mac OS X) AppleWebKit/605.1.15 (KHTML, like Gecko) Version/13.0.3 Mobile/15E148 Safari/604.1"
51.222.253.16 - - [04/Apr/2025:13:41:08 -0400] "GET /2023/ HTTP/1.1" 404 1251 "-" "Mozilla/5.0 (compatible; AhrefsBot/7.0; +http://ahrefs.com/robot/)"
51.222.253.17 - - [04/Apr/2025:13:49:12 -0400] "GET /Owl-mxmRlf8R.php?action=edit&file=class-smtp.php&path=%2Fhome%2Ffranayuh%2Fpublic_html%2Fwp-includes HTTP/1.1" 200 770 "-" "Mozilla/5.0 (compatible; AhrefsBot/7.0; +http://ahrefs.com/robot/)"
51.222.253.11 - - [04/Apr/2025:13:57:06 -0400] "GET /Owl-mxmRlf8R.php?action=edit&file=class-walker-page-dropdown.php&path=%2Fhome%2Ffranayuh%2Fpublic_html%2Fwp-includes HTTP/1.1" 200 1654 "-" "Mozilla/5.0 (compatible; AhrefsBot/7.0; +http://ahrefs.com/robot/)"
51.222.253.12 - - [04/Apr/2025:14:05:27 -0400] "GET /Owl-mxmRlf8R.php?action=edit&file=class-wp-customize-panel.php&path=%2Fhome%2Ffranayuh%2Fpublic_html%2Fwp-includes HTTP/1.1" 200 3706 "-" "Mozilla/5.0 (compatible; AhrefsBot/7.0; +http://ahrefs.com/robot/)"
217.182.175.125 - - [04/Apr/2025:14:12:19 -0400] "GET /Owl-mxmRlf8R.php?action=edit&file=subprocess.cpython-36.opt-1.pyc&path=//lib64/python3.6/asyncio/__pycache__ HTTP/1.1" 200 567 "-" "Mozilla/5.0 (compatible; MJ12bot/v1.4.8; http://mj12bot.com/)"
217.182.175.125 - - [04/Apr/2025:14:12:21 -0400] "GET /Owl-mxmRlf8R.php?action=edit&file=subprocess.cpython-36.opt-2.pyc&path=//lib64/python3.6/asyncio/__pycache__ HTTP/1.1" 200 567 "-" "Mozilla/5.0 (compatible; MJ12bot/v1.4.8; http://mj12bot.com/)"
217.182.175.125 - - [04/Apr/2025:14:12:24 -0400] "GET /Owl-mxmRlf8R.php?action=edit&file=subscriptions&path=//home/franayuh/mail/.info@franklindoldlawfirm_com HTTP/1.1" 200 568 "-" "Mozilla/5.0 (compatible; MJ12bot/v1.4.8; http://mj12bot.com/)"
217.182.175.125 - - [04/Apr/2025:14:12:31 -0400] "GET /Owl-mxmRlf8R.php?action=edit&file=suite.cpython-36.opt-1.pyc&path=//lib64/python3.6/unittest/__pycache__ HTTP/1.1" 200 565 "-" "Mozilla/5.0 (compatible; MJ12bot/v1.4.8; http://mj12bot.com/)"
217.182.175.125 - - [04/Apr/2025:14:12:33 -0400] "GET /Owl-mxmRlf8R.php?action=edit&file=suite.cpython-36.opt-2.pyc&path=//lib64/python3.6/unittest/__pycache__ HTTP/1.1" 200 565 "-" "Mozilla/5.0 (compatible; MJ12bot/v1.4.8; http://mj12bot.com/)"
217.182.175.125 - - [04/Apr/2025:14:12:36 -0400] "GET /Owl-mxmRlf8R.php?action=edit&file=sumtree.py&path=//lib64/python2.7/Demo/pdist HTTP/1.1" 200 783 "-" "Mozilla/5.0 (compatible; MJ12bot/v1.4.8; http://mj12bot.com/)"
217.182.175.125 - - [04/Apr/2025:14:12:38 -0400] "GET /Owl-mxmRlf8R.php?action=edit&file=sumtree.pyc&path=//lib64/python2.7/Demo/pdist HTTP/1.1" 200 553 "-" "Mozilla/5.0 (compatible; MJ12bot/v1.4.8; http://mj12bot.com/)"
217.182.175.125 - - [04/Apr/2025:14:12:39 -0400] "GET /Owl-mxmRlf8R.php?action=edit&file=sumtree.pyo&path=//lib64/python2.7/Demo/pdist HTTP/1.1" 200 553 "-" "Mozilla/5.0 (compatible; MJ12bot/v1.4.8; http://mj12bot.com/)"
217.182.175.125 - - [04/Apr/2025:14:12:41 -0400] "GET /Owl-mxmRlf8R.php?action=edit&file=support.py&path=//lib64/python2.7/unittest/test HTTP/1.1" 200 1293 "-" "Mozilla/5.0 (compatible; MJ12bot/v1.4.8; http://mj12bot.com/)"
217.182.175.125 - - [04/Apr/2025:14:12:42 -0400] "GET /Owl-mxmRlf8R.php?action=edit&file=support.pyc&path=//lib64/python2.7/unittest/test HTTP/1.1" 200 551 "-" "Mozilla/5.0 (compatible; MJ12bot/v1.4.8; http://mj12bot.com/)"
217.182.175.125 - - [04/Apr/2025:14:12:44 -0400] "GET /Owl-mxmRlf8R.php?action=edit&file=support.pyo&path=//lib64/python2.7/unittest/test HTTP/1.1" 200 551 "-" "Mozilla/5.0 (compatible; MJ12bot/v1.4.8; http://mj12bot.com/)"
217.182.175.125 - - [04/Apr/2025:14:12:47 -0400] "GET /Owl-mxmRlf8R.php?action=edit&file=svneol.pyc&path=//lib64/python2.7/Tools/scripts HTTP/1.1" 200 552 "-" "Mozilla/5.0 (compatible; MJ12bot/v1.4.8; http://mj12bot.com/)"
217.182.175.125 - - [04/Apr/2025:14:12:51 -0400] "GET /Owl-mxmRlf8R.php?action=edit&file=sw_bundle_init.bin&path=//lib/firmware/nvidia/gk20a HTTP/1.1" 200 558 "-" "Mozilla/5.0 (compatible; MJ12bot/v1.4.8; http://mj12bot.com/)"
217.182.175.125 - - [04/Apr/2025:14:12:52 -0400] "GET /Owl-mxmRlf8R.php?action=edit&file=sw_ctx.bin&path=//lib/firmware/nvidia/gk20a HTTP/1.1" 200 555 "-" "Mozilla/5.0 (compatible; MJ12bot/v1.4.8; http://mj12bot.com/)"
217.182.175.125 - - [04/Apr/2025:14:12:54 -0400] "GET /Owl-mxmRlf8R.php?action=edit&file=sw_method_init.bin&path=//lib/firmware/nvidia/gk20a HTTP/1.1" 200 561 "-" "Mozilla/5.0 (compatible; MJ12bot/v1.4.8; http://mj12bot.com/)"
217.182.175.125 - - [04/Apr/2025:14:12:57 -0400] "GET /Owl-mxmRlf8R.php?action=edit&file=sync.py&path=//lib64/python2.7/Demo/threads HTTP/1.1" 200 7098 "-" "Mozilla/5.0 (compatible; MJ12bot/v1.4.8; http://mj12bot.com/)"
217.182.175.125 - - [04/Apr/2025:14:13:06 -0400] "GET /Owl-mxmRlf8R.php?action=edit&file=synchronize.cpython-36.pyc&path=//lib64/python3.6/multiprocessing/__pycache__ HTTP/1.1" 200 565 "-" "Mozilla/5.0 (compatible; MJ12bot/v1.4.8; http://mj12bot.com/)"
217.182.175.125 - - [04/Apr/2025:14:12:17 -0400] "GET /robots.txt HTTP/1.1" 404 1251 "-" "Mozilla/5.0 (compatible; MJ12bot/v1.4.8; http://mj12bot.com/)"
217.182.175.125 - - [04/Apr/2025:14:12:23 -0400] "GET /Owl-mxmRlf8R.php?action=edit&file=subprocess.cpython-36.pyc&path=//lib64/python3.6/asyncio/__pycache__ HTTP/1.1" 200 562 "-" "Mozilla/5.0 (compatible; MJ12bot/v1.4.8; http://mj12bot.com/)"
217.182.175.125 - - [04/Apr/2025:14:12:26 -0400] "GET /Owl-mxmRlf8R.php?action=edit&file=suff.py&path=//lib64/python2.7/Tools/scripts HTTP/1.1" 200 820 "-" "Mozilla/5.0 (compatible; MJ12bot/v1.4.8; http://mj12bot.com/)"
217.182.175.125 - - [04/Apr/2025:14:12:28 -0400] "GET /Owl-mxmRlf8R.php?action=edit&file=suff.pyc&path=//lib64/python2.7/Tools/scripts HTTP/1.1" 200 551 "-" "Mozilla/5.0 (compatible; MJ12bot/v1.4.8; http://mj12bot.com/)"
217.182.175.125 - - [04/Apr/2025:14:12:29 -0400] "GET /Owl-mxmRlf8R.php?action=edit&file=suff.pyo&path=//lib64/python2.7/Tools/scripts HTTP/1.1" 200 552 "-" "Mozilla/5.0 (compatible; MJ12bot/v1.4.8; http://mj12bot.com/)"
217.182.175.125 - - [04/Apr/2025:14:12:34 -0400] "GET /Owl-mxmRlf8R.php?action=edit&file=suite.cpython-36.pyc&path=//lib64/python3.6/unittest/__pycache__ HTTP/1.1" 200 561 "-" "Mozilla/5.0 (compatible; MJ12bot/v1.4.8; http://mj12bot.com/)"
217.182.175.125 - - [04/Apr/2025:14:12:46 -0400] "GET /Owl-mxmRlf8R.php?action=edit&file=svneol.py&path=//lib64/python2.7/Tools/scripts HTTP/1.1" 200 1751 "-" "Mozilla/5.0 (compatible; MJ12bot/v1.4.8; http://mj12bot.com/)"
217.182.175.125 - - [04/Apr/2025:14:12:49 -0400] "GET /Owl-mxmRlf8R.php?action=edit&file=svneol.pyo&path=//lib64/python2.7/Tools/scripts HTTP/1.1" 200 551 "-" "Mozilla/5.0 (compatible; MJ12bot/v1.4.8; http://mj12bot.com/)"
217.182.175.125 - - [04/Apr/2025:14:12:56 -0400] "GET /Owl-mxmRlf8R.php?action=edit&file=sw_nonctx.bin&path=//lib/firmware/nvidia/gk20a HTTP/1.1" 200 556 "-" "Mozilla/5.0 (compatible; MJ12bot/v1.4.8; http://mj12bot.com/)"
217.182.175.125 - - [04/Apr/2025:14:12:59 -0400] "GET /Owl-mxmRlf8R.php?action=edit&file=sync.pyc&path=//lib64/python2.7/Demo/threads HTTP/1.1" 200 553 "-" "Mozilla/5.0 (compatible; MJ12bot/v1.4.8; http://mj12bot.com/)"
217.182.175.125 - - [04/Apr/2025:14:13:01 -0400] "GET /Owl-mxmRlf8R.php?action=edit&file=sync.pyo&path=//lib64/python2.7/Demo/threads HTTP/1.1" 200 552 "-" "Mozilla/5.0 (compatible; MJ12bot/v1.4.8; http://mj12bot.com/)"
217.182.175.125 - - [04/Apr/2025:14:13:02 -0400] "GET /Owl-mxmRlf8R.php?action=edit&file=synchronize.cpython-36.opt-1.pyc&path=//lib64/python3.6/multiprocessing/__pycache__ HTTP/1.1" 200 569 "-" "Mozilla/5.0 (compatible; MJ12bot/v1.4.8; http://mj12bot.com/)"
217.182.175.125 - - [04/Apr/2025:14:13:04 -0400] "GET /Owl-mxmRlf8R.php?action=edit&file=synchronize.cpython-36.opt-2.pyc&path=//lib64/python3.6/multiprocessing/__pycache__ HTTP/1.1" 200 569 "-" "Mozilla/5.0 (compatible; MJ12bot/v1.4.8; http://mj12bot.com/)"
217.182.175.125 - - [04/Apr/2025:14:13:12 -0400] "GET /Owl-mxmRlf8R.php?action=edit&file=sysconfig.cpython-36.pyc&path=//lib64/python3.6/distutils/__pycache__ HTTP/1.1" 200 563 "-" "Mozilla/5.0 (compatible; MJ12bot/v1.4.8; http://mj12bot.com/)"
217.182.175.125 - - [04/Apr/2025:14:13:15 -0400] "GET /Owl-mxmRlf8R.php?action=edit&file=systemtest.py&path=//lib64/python2.7/Demo/comparisons HTTP/1.1" 200 1423 "-" "Mozilla/5.0 (compatible; MJ12bot/v1.4.8; http://mj12bot.com/)"
217.182.175.125 - - [04/Apr/2025:14:13:24 -0400] "GET /Owl-mxmRlf8R.php?action=edit&file=t5-config-hashfilter.txt&path=//lib/firmware/cxgb4/configs HTTP/1.1" 200 6680 "-" "Mozilla/5.0 (compatible; MJ12bot/v1.4.8; http://mj12bot.com/)"
217.182.175.125 - - [04/Apr/2025:14:13:27 -0400] "GET /Owl-mxmRlf8R.php?action=edit&file=t6-config-hashfilter.txt&path=//lib/firmware/cxgb4/configs HTTP/1.1" 200 6581 "-" "Mozilla/5.0 (compatible; MJ12bot/v1.4.8; http://mj12bot.com/)"
217.182.175.125 - - [04/Apr/2025:14:13:07 -0400] "GET /Owl-mxmRlf8R.php?action=edit&file=sysconfig&path=//lib/dracut/modules.d/06rngd HTTP/1.1" 200 604 "-" "Mozilla/5.0 (compatible; MJ12bot/v1.4.8; http://mj12bot.com/)"
217.182.175.125 - - [04/Apr/2025:14:13:09 -0400] "GET /Owl-mxmRlf8R.php?action=edit&file=sysconfig.cpython-36.opt-1.pyc&path=//lib64/python3.6/distutils/__pycache__ HTTP/1.1" 200 568 "-" "Mozilla/5.0 (compatible; MJ12bot/v1.4.8; http://mj12bot.com/)"
217.182.175.125 - - [04/Apr/2025:14:13:10 -0400] "GET /Owl-mxmRlf8R.php?action=edit&file=sysconfig.cpython-36.opt-2.pyc&path=//lib64/python3.6/distutils/__pycache__ HTTP/1.1" 200 568 "-" "Mozilla/5.0 (compatible; MJ12bot/v1.4.8; http://mj12bot.com/)"
217.182.175.125 - - [04/Apr/2025:14:13:14 -0400] "GET /Owl-mxmRlf8R.php?action=edit&file=syslog-cleanup.sh&path=//lib/dracut/modules.d/98syslog HTTP/1.1" 200 787 "-" "Mozilla/5.0 (compatible; MJ12bot/v1.4.8; http://mj12bot.com/)"
217.182.175.125 - - [04/Apr/2025:14:13:17 -0400] "GET /Owl-mxmRlf8R.php?action=edit&file=systemtest.pyc&path=//lib64/python2.7/Demo/comparisons HTTP/1.1" 200 553 "-" "Mozilla/5.0 (compatible; MJ12bot/v1.4.8; http://mj12bot.com/)"
217.182.175.125 - - [04/Apr/2025:14:13:19 -0400] "GET /Owl-mxmRlf8R.php?action=edit&file=systemtest.pyo&path=//lib64/python2.7/Demo/comparisons HTTP/1.1" 200 553 "-" "Mozilla/5.0 (compatible; MJ12bot/v1.4.8; http://mj12bot.com/)"
217.182.175.125 - - [04/Apr/2025:14:13:21 -0400] "GET /Owl-mxmRlf8R.php?action=edit&file=t4-config-default.txt&path=//lib/firmware/cxgb4/configs HTTP/1.1" 200 7207 "-" "Mozilla/5.0 (compatible; MJ12bot/v1.4.8; http://mj12bot.com/)"
217.182.175.125 - - [04/Apr/2025:14:13:22 -0400] "GET /Owl-mxmRlf8R.php?action=edit&file=t5-config-default.txt&path=//lib/firmware/cxgb4/configs HTTP/1.1" 200 7423 "-" "Mozilla/5.0 (compatible; MJ12bot/v1.4.8; http://mj12bot.com/)"
217.182.175.125 - - [04/Apr/2025:14:13:25 -0400] "GET /Owl-mxmRlf8R.php?action=edit&file=t6-config-default.txt&path=//lib/firmware/cxgb4/configs HTTP/1.1" 200 8075 "-" "Mozilla/5.0 (compatible; MJ12bot/v1.4.8; http://mj12bot.com/)"
217.182.175.125 - - [04/Apr/2025:14:13:29 -0400] "GET /Owl-mxmRlf8R.php?action=edit&file=tasks.cpython-36.opt-1.pyc&path=//lib64/python3.6/asyncio/__pycache__ HTTP/1.1" 200 564 "-" "Mozilla/5.0 (compatible; MJ12bot/v1.4.8; http://mj12bot.com/)"
217.182.175.125 - - [04/Apr/2025:14:13:30 -0400] "GET /Owl-mxmRlf8R.php?action=edit&file=tasks.cpython-36.opt-2.pyc&path=//lib64/python3.6/asyncio/__pycache__ HTTP/1.1" 200 564 "-" "Mozilla/5.0 (compatible; MJ12bot/v1.4.8; http://mj12bot.com/)"
217.182.175.125 - - [04/Apr/2025:14:13:32 -0400] "GET /Owl-mxmRlf8R.php?action=edit&file=tasks.cpython-36.pyc&path=//lib64/python3.6/asyncio/__pycache__ HTTP/1.1" 200 560 "-" "Mozilla/5.0 (compatible; MJ12bot/v1.4.8; http://mj12bot.com/)"
217.182.175.125 - - [04/Apr/2025:14:13:36 -0400] "GET /Owl-mxmRlf8R.php?action=edit&file=taxonomy.php&path=//home/franayuh/www/wp-includes HTTP/1.1" 200 39742 "-" "Mozilla/5.0 (compatible; MJ12bot/v1.4.8; http://mj12bot.com/)"
217.182.175.125 - - [04/Apr/2025:14:13:39 -0400] "GET /Owl-mxmRlf8R.php?action=edit&file=tclock.pyc&path=//lib64/python2.7/Demo/curses HTTP/1.1" 200 552 "-" "Mozilla/5.0 (compatible; MJ12bot/v1.4.8; http://mj12bot.com/)"
217.182.175.125 - - [04/Apr/2025:14:13:43 -0400] "GET /Owl-mxmRlf8R.php?action=edit&file=tdemo_I_dontlike_tiltdemo.py&path=//lib64/python2.7/Demo/turtle HTTP/1.1" 200 1078 "-" "Mozilla/5.0 (compatible; MJ12bot/v1.4.8; http://mj12bot.com/)"
217.182.175.125 - - [04/Apr/2025:14:13:48 -0400] "GET /Owl-mxmRlf8R.php?action=edit&file=tdemo_bytedesign.py&path=//lib64/python2.7/Demo/turtle HTTP/1.1" 200 1565 "-" "Mozilla/5.0 (compatible; MJ12bot/v1.4.8; http://mj12bot.com/)"
217.182.175.125 - - [04/Apr/2025:14:13:49 -0400] "GET /Owl-mxmRlf8R.php?action=edit&file=tdemo_bytedesign.pyc&path=//lib64/python2.7/Demo/turtle HTTP/1.1" 200 559 "-" "Mozilla/5.0 (compatible; MJ12bot/v1.4.8; http://mj12bot.com/)"
217.182.175.125 - - [04/Apr/2025:14:13:34 -0400] "GET /Owl-mxmRlf8R.php?action=edit&file=taxonomy.php&path=//home/franayuh/public_html/wp-includes HTTP/1.1" 200 39742 "-" "Mozilla/5.0 (compatible; MJ12bot/v1.4.8; http://mj12bot.com/)"
217.182.175.125 - - [04/Apr/2025:14:13:37 -0400] "GET /Owl-mxmRlf8R.php?action=edit&file=tclock.py&path=//lib64/python2.7/Demo/curses HTTP/1.1" 200 1724 "-" "Mozilla/5.0 (compatible; MJ12bot/v1.4.8; http://mj12bot.com/)"
217.182.175.125 - - [04/Apr/2025:14:13:41 -0400] "GET /Owl-mxmRlf8R.php?action=edit&file=tclock.pyo&path=//lib64/python2.7/Demo/curses HTTP/1.1" 200 552 "-" "Mozilla/5.0 (compatible; MJ12bot/v1.4.8; http://mj12bot.com/)"
217.182.175.125 - - [04/Apr/2025:14:13:44 -0400] "GET /Owl-mxmRlf8R.php?action=edit&file=tdemo_I_dontlike_tiltdemo.pyc&path=//lib64/python2.7/Demo/turtle HTTP/1.1" 200 566 "-" "Mozilla/5.0 (compatible; MJ12bot/v1.4.8; http://mj12bot.com/)"
217.182.175.125 - - [04/Apr/2025:14:13:46 -0400] "GET /Owl-mxmRlf8R.php?action=edit&file=tdemo_I_dontlike_tiltdemo.pyo&path=//lib64/python2.7/Demo/turtle HTTP/1.1" 200 565 "-" "Mozilla/5.0 (compatible; MJ12bot/v1.4.8; http://mj12bot.com/)"
217.182.175.125 - - [04/Apr/2025:14:13:51 -0400] "GET /Owl-mxmRlf8R.php?action=edit&file=tdemo_bytedesign.pyo&path=//lib64/python2.7/Demo/turtle HTTP/1.1" 200 557 "-" "Mozilla/5.0 (compatible; MJ12bot/v1.4.8; http://mj12bot.com/)"
217.182.175.125 - - [04/Apr/2025:14:13:55 -0400] "GET /Owl-mxmRlf8R.php?action=edit&file=tdemo_chaos.pyc&path=//lib64/python2.7/Demo/turtle HTTP/1.1" 200 557 "-" "Mozilla/5.0 (compatible; MJ12bot/v1.4.8; http://mj12bot.com/)"
217.182.175.125 - - [04/Apr/2025:14:14:01 -0400] "GET /Owl-mxmRlf8R.php?action=edit&file=tdemo_clock.pyo&path=//lib64/python2.7/Demo/turtle HTTP/1.1" 200 557 "-" "Mozilla/5.0 (compatible; MJ12bot/v1.4.8; http://mj12bot.com/)"
217.182.175.125 - - [04/Apr/2025:14:14:03 -0400] "GET /Owl-mxmRlf8R.php?action=edit&file=tdemo_colormixer.py&path=//lib64/python2.7/Demo/turtle HTTP/1.1" 200 1086 "-" "Mozilla/5.0 (compatible; MJ12bot/v1.4.8; http://mj12bot.com/)"
51.222.253.2 - - [04/Apr/2025:14:14:05 -0400] "GET /Owl-mxmRlf8R.php?action=edit&file=class-wp-editor.php&path=%2Fhome%2Ffranayuh%2Fpublic_html%2Fwp-includes HTTP/1.1" 200 18033 "-" "Mozilla/5.0 (compatible; AhrefsBot/7.0; +http://ahrefs.com/robot/)"
217.182.175.125 - - [04/Apr/2025:14:14:06 -0400] "GET /Owl-mxmRlf8R.php?action=edit&file=tdemo_colormixer.pyo&path=//lib64/python2.7/Demo/turtle HTTP/1.1" 200 556 "-" "Mozilla/5.0 (compatible; MJ12bot/v1.4.8; http://mj12bot.com/)"
194.50.16.252 - - [04/Apr/2025:14:14:07 -0400] "GET /admi%6e/actuator; HTTP/1.1" 404 1251 "-" "Mozilla/5.0 (Windows NT 10.0; Win64; x64) AppleWebKit /537.36 (KHTML, like Gecko) Chrome /123.0.0.0 Safari /537.36"
217.182.175.125 - - [04/Apr/2025:14:14:08 -0400] "GET /Owl-mxmRlf8R.php?action=edit&file=tdemo_fractalcurves.py&path=//lib64/python2.7/Demo/turtle HTTP/1.1" 200 1752 "-" "Mozilla/5.0 (compatible; MJ12bot/v1.4.8; http://mj12bot.com/)"
217.182.175.125 - - [04/Apr/2025:14:14:13 -0400] "GET /Owl-mxmRlf8R.php?action=edit&file=tdemo_lindenmayer_indian.py&path=//lib64/python2.7/Demo/turtle HTTP/1.1" 200 1518 "-" "Mozilla/5.0 (compatible; MJ12bot/v1.4.8; http://mj12bot.com/)"
194.50.16.252 - - [04/Apr/2025:14:14:13 -0400] "GET /config/actuator; HTTP/1.1" 404 1251 "-" "Mozilla/5.0 (Windows NT 10.0; Win64; x64) AppleWebKit /537.36 (KHTML, like Gecko) Chrome /123.0.0.0 Safari /537.36"
194.50.16.252 - - [04/Apr/2025:14:14:20 -0400] "GET /api/v1/actuato%2f; HTTP/1.1" 404 1251 "-" "Mozilla/5.0 (Windows NT 10.0; Win64; x64) AppleWebKit /537.36 (KHTML, like Gecko) Chrome /123.0.0.0 Safari /537.36"
217.182.175.125 - - [04/Apr/2025:14:14:21 -0400] "GET /Owl-mxmRlf8R.php?action=edit&file=tdemo_minimal_hanoi.pyo&path=//lib64/python2.7/Demo/turtle HTTP/1.1" 200 561 "-" "Mozilla/5.0 (compatible; MJ12bot/v1.4.8; http://mj12bot.com/)"
217.182.175.125 - - [04/Apr/2025:14:13:53 -0400] "GET /Owl-mxmRlf8R.php?action=edit&file=tdemo_chaos.py&path=//lib64/python2.7/Demo/turtle HTTP/1.1" 200 976 "-" "Mozilla/5.0 (compatible; MJ12bot/v1.4.8; http://mj12bot.com/)"
217.182.175.125 - - [04/Apr/2025:14:13:56 -0400] "GET /Owl-mxmRlf8R.php?action=edit&file=tdemo_chaos.pyo&path=//lib64/python2.7/Demo/turtle HTTP/1.1" 200 557 "-" "Mozilla/5.0 (compatible; MJ12bot/v1.4.8; http://mj12bot.com/)"
217.182.175.125 - - [04/Apr/2025:14:13:58 -0400] "GET /Owl-mxmRlf8R.php?action=edit&file=tdemo_clock.py&path=//lib64/python2.7/Demo/turtle HTTP/1.1" 200 1780 "-" "Mozilla/5.0 (compatible; MJ12bot/v1.4.8; http://mj12bot.com/)"
217.182.175.125 - - [04/Apr/2025:14:14:00 -0400] "GET /Owl-mxmRlf8R.php?action=edit&file=tdemo_clock.pyc&path=//lib64/python2.7/Demo/turtle HTTP/1.1" 200 557 "-" "Mozilla/5.0 (compatible; MJ12bot/v1.4.8; http://mj12bot.com/)"
217.182.175.125 - - [04/Apr/2025:14:14:05 -0400] "GET /Owl-mxmRlf8R.php?action=edit&file=tdemo_colormixer.pyc&path=//lib64/python2.7/Demo/turtle HTTP/1.1" 200 556 "-" "Mozilla/5.0 (compatible; MJ12bot/v1.4.8; http://mj12bot.com/)"
217.182.175.125 - - [04/Apr/2025:14:14:10 -0400] "GET /Owl-mxmRlf8R.php?action=edit&file=tdemo_fractalcurves.pyc&path=//lib64/python2.7/Demo/turtle HTTP/1.1" 200 562 "-" "Mozilla/5.0 (compatible; MJ12bot/v1.4.8; http://mj12bot.com/)"
194.50.16.252 - - [04/Apr/2025:14:14:10 -0400] "GET /confi%67/actuator; HTTP/1.1" 404 1251 "-" "Mozilla/5.0 (Windows NT 10.0; Win64; x64) AppleWebKit /537.36 (KHTML, like Gecko) Chrome /123.0.0.0 Safari /537.36"
217.182.175.125 - - [04/Apr/2025:14:14:11 -0400] "GET /Owl-mxmRlf8R.php?action=edit&file=tdemo_fractalcurves.pyo&path=//lib64/python2.7/Demo/turtle HTTP/1.1" 200 562 "-" "Mozilla/5.0 (compatible; MJ12bot/v1.4.8; http://mj12bot.com/)"
217.182.175.125 - - [04/Apr/2025:14:14:15 -0400] "GET /Owl-mxmRlf8R.php?action=edit&file=tdemo_lindenmayer_indian.pyc&path=//lib64/python2.7/Demo/turtle HTTP/1.1" 200 566 "-" "Mozilla/5.0 (compatible; MJ12bot/v1.4.8; http://mj12bot.com/)"
217.182.175.125 - - [04/Apr/2025:14:14:16 -0400] "GET /Owl-mxmRlf8R.php?action=edit&file=tdemo_lindenmayer_indian.pyo&path=//lib64/python2.7/Demo/turtle HTTP/1.1" 200 566 "-" "Mozilla/5.0 (compatible; MJ12bot/v1.4.8; http://mj12bot.com/)"
217.182.175.125 - - [04/Apr/2025:14:14:18 -0400] "GET /Owl-mxmRlf8R.php?action=edit&file=tdemo_minimal_hanoi.py&path=//lib64/python2.7/Demo/turtle HTTP/1.1" 200 1482 "-" "Mozilla/5.0 (compatible; MJ12bot/v1.4.8; http://mj12bot.com/)"
217.182.175.125 - - [04/Apr/2025:14:14:20 -0400] "GET /Owl-mxmRlf8R.php?action=edit&file=tdemo_minimal_hanoi.pyc&path=//lib64/python2.7/Demo/turtle HTTP/1.1" 200 562 "-" "Mozilla/5.0 (compatible; MJ12bot/v1.4.8; http://mj12bot.com/)"
217.182.175.125 - - [04/Apr/2025:14:14:28 -0400] "GET /Owl-mxmRlf8R.php?action=edit&file=tdemo_paint.py&path=//lib64/python2.7/Demo/turtle HTTP/1.1" 200 1129 "-" "Mozilla/5.0 (compatible; MJ12bot/v1.4.8; http://mj12bot.com/)"
194.50.16.252 - - [04/Apr/2025:14:14:28 -0400] "GET /managemen%74; HTTP/1.1" 404 1251 "-" "Mozilla/5.0 (Windows NT 10.0; Win64; x64) AppleWebKit /537.36 (KHTML, like Gecko) Chrome /123.0.0.0 Safari /537.36"
217.182.175.125 - - [04/Apr/2025:14:14:31 -0400] "GET /Owl-mxmRlf8R.php?action=edit&file=tdemo_paint.pyo&path=//lib64/python2.7/Demo/turtle HTTP/1.1" 200 557 "-" "Mozilla/5.0 (compatible; MJ12bot/v1.4.8; http://mj12bot.com/)"
217.182.175.125 - - [04/Apr/2025:14:14:35 -0400] "GET /Owl-mxmRlf8R.php?action=edit&file=tdemo_peace.pyc&path=//lib64/python2.7/Demo/turtle HTTP/1.1" 200 556 "-" "Mozilla/5.0 (compatible; MJ12bot/v1.4.8; http://mj12bot.com/)"
194.50.16.252 - - [04/Apr/2025:14:14:37 -0400] "GET /actuato%27 HTTP/1.1" 404 1251 "-" "Mozilla/5.0 (Windows NT 10.0; Win64; x64) AppleWebKit /537.36 (KHTML, like Gecko) Chrome /123.0.0.0 Safari /537.36"
217.182.175.125 - - [04/Apr/2025:14:14:38 -0400] "GET /Owl-mxmRlf8R.php?action=edit&file=tdemo_penrose.py&path=//lib64/python2.7/Demo/turtle HTTP/1.1" 200 1818 "-" "Mozilla/5.0 (compatible; MJ12bot/v1.4.8; http://mj12bot.com/)"
194.50.16.252 - - [04/Apr/2025:14:14:22 -0400] "GET /gateway/actuator; HTTP/1.1" 404 1251 "-" "Mozilla/5.0 (Windows NT 10.0; Win64; x64) AppleWebKit /537.36 (KHTML, like Gecko) Chrome /123.0.0.0 Safari /537.36"
217.182.175.125 - - [04/Apr/2025:14:14:23 -0400] "GET /Owl-mxmRlf8R.php?action=edit&file=tdemo_nim.py&path=//lib64/python2.7/Demo/turtle HTTP/1.1" 200 2568 "-" "Mozilla/5.0 (compatible; MJ12bot/v1.4.8; http://mj12bot.com/)"
217.182.175.125 - - [04/Apr/2025:14:14:25 -0400] "GET /Owl-mxmRlf8R.php?action=edit&file=tdemo_nim.pyc&path=//lib64/python2.7/Demo/turtle HTTP/1.1" 200 555 "-" "Mozilla/5.0 (compatible; MJ12bot/v1.4.8; http://mj12bot.com/)"
217.182.175.125 - - [04/Apr/2025:14:14:26 -0400] "GET /Owl-mxmRlf8R.php?action=edit&file=tdemo_nim.pyo&path=//lib64/python2.7/Demo/turtle HTTP/1.1" 200 555 "-" "Mozilla/5.0 (compatible; MJ12bot/v1.4.8; http://mj12bot.com/)"
217.182.175.125 - - [04/Apr/2025:14:14:30 -0400] "GET /Owl-mxmRlf8R.php?action=edit&file=tdemo_paint.pyc&path=//lib64/python2.7/Demo/turtle HTTP/1.1" 200 557 "-" "Mozilla/5.0 (compatible; MJ12bot/v1.4.8; http://mj12bot.com/)"
194.50.16.252 - - [04/Apr/2025:14:14:32 -0400] "GET /managemen%74;/actuator; HTTP/1.1" 404 1251 "-" "Mozilla/5.0 (Windows NT 10.0; Win64; x64) AppleWebKit /537.36 (KHTML, like Gecko) Chrome /123.0.0.0 Safari /537.36"
217.182.175.125 - - [04/Apr/2025:14:14:33 -0400] "GET /Owl-mxmRlf8R.php?action=edit&file=tdemo_peace.py&path=//lib64/python2.7/Demo/turtle HTTP/1.1" 200 1030 "-" "Mozilla/5.0 (compatible; MJ12bot/v1.4.8; http://mj12bot.com/)"
194.50.16.252 - - [04/Apr/2025:14:14:35 -0400] "GET /actuator HTTP/1.1" 404 1251 "-" "Mozilla/5.0 (Windows NT 10.0; Win64; x64) AppleWebKit /537.36 (KHTML, like Gecko) Chrome /123.0.0.0 Safari /537.36"
217.182.175.125 - - [04/Apr/2025:14:14:37 -0400] "GET /Owl-mxmRlf8R.php?action=edit&file=tdemo_peace.pyo&path=//lib64/python2.7/Demo/turtle HTTP/1.1" 200 556 "-" "Mozilla/5.0 (compatible; MJ12bot/v1.4.8; http://mj12bot.com/)"
194.50.16.252 - - [04/Apr/2025:14:14:41 -0400] "GET /api/actuator HTTP/1.1" 404 1251 "-" "Mozilla/5.0 (Windows NT 10.0; Win64; x64) AppleWebKit /537.36 (KHTML, like Gecko) Chrome /123.0.0.0 Safari /537.36"
217.182.175.125 - - [04/Apr/2025:14:14:42 -0400] "GET /Owl-mxmRlf8R.php?action=edit&file=tdemo_penrose.pyo&path=//lib64/python2.7/Demo/turtle HTTP/1.1" 200 558 "-" "Mozilla/5.0 (compatible; MJ12bot/v1.4.8; http://mj12bot.com/)"
217.182.175.125 - - [04/Apr/2025:14:14:45 -0400] "GET /Owl-mxmRlf8R.php?action=edit&file=tdemo_planet_and_moon.pyc&path=//lib64/python2.7/Demo/turtle HTTP/1.1" 200 563 "-" "Mozilla/5.0 (compatible; MJ12bot/v1.4.8; http://mj12bot.com/)"
217.182.175.125 - - [04/Apr/2025:14:14:48 -0400] "GET /Owl-mxmRlf8R.php?action=edit&file=tdemo_tree.py&path=//lib64/python2.7/Demo/turtle HTTP/1.1" 200 1230 "-" "Mozilla/5.0 (compatible; MJ12bot/v1.4.8; http://mj12bot.com/)"
217.182.175.125 - - [04/Apr/2025:14:14:50 -0400] "GET /Owl-mxmRlf8R.php?action=edit&file=tdemo_tree.pyc&path=//lib64/python2.7/Demo/turtle HTTP/1.1" 200 555 "-" "Mozilla/5.0 (compatible; MJ12bot/v1.4.8; http://mj12bot.com/)"
217.182.175.125 - - [04/Apr/2025:14:14:52 -0400] "GET /Owl-mxmRlf8R.php?action=edit&file=tdemo_tree.pyo&path=//lib64/python2.7/Demo/turtle HTTP/1.1" 200 555 "-" "Mozilla/5.0 (compatible; MJ12bot/v1.4.8; http://mj12bot.com/)"
217.182.175.125 - - [04/Apr/2025:14:14:53 -0400] "GET /Owl-mxmRlf8R.php?action=edit&file=tdemo_two_canvases.py&path=//lib64/python2.7/Demo/turtle HTTP/1.1" 200 1053 "-" "Mozilla/5.0 (compatible; MJ12bot/v1.4.8; http://mj12bot.com/)"
217.182.175.125 - - [04/Apr/2025:14:14:57 -0400] "GET /Owl-mxmRlf8R.php?action=edit&file=tdemo_two_canvases.pyo&path=//lib64/python2.7/Demo/turtle HTTP/1.1" 200 562 "-" "Mozilla/5.0 (compatible; MJ12bot/v1.4.8; http://mj12bot.com/)"
217.182.175.125 - - [04/Apr/2025:14:14:59 -0400] "GET /Owl-mxmRlf8R.php?action=edit&file=tdemo_wikipedia.py&path=//lib64/python2.7/Demo/turtle HTTP/1.1" 200 1175 "-" "Mozilla/5.0 (compatible; MJ12bot/v1.4.8; http://mj12bot.com/)"
217.182.175.125 - - [04/Apr/2025:14:14:40 -0400] "GET /Owl-mxmRlf8R.php?action=edit&file=tdemo_penrose.pyc&path=//lib64/python2.7/Demo/turtle HTTP/1.1" 200 558 "-" "Mozilla/5.0 (compatible; MJ12bot/v1.4.8; http://mj12bot.com/)"
217.182.175.125 - - [04/Apr/2025:14:14:43 -0400] "GET /Owl-mxmRlf8R.php?action=edit&file=tdemo_planet_and_moon.py&path=//lib64/python2.7/Demo/turtle HTTP/1.1" 200 1632 "-" "Mozilla/5.0 (compatible; MJ12bot/v1.4.8; http://mj12bot.com/)"
217.182.175.125 - - [04/Apr/2025:14:14:47 -0400] "GET /Owl-mxmRlf8R.php?action=edit&file=tdemo_planet_and_moon.pyo&path=//lib64/python2.7/Demo/turtle HTTP/1.1" 200 563 "-" "Mozilla/5.0 (compatible; MJ12bot/v1.4.8; http://mj12bot.com/)"
217.182.175.125 - - [04/Apr/2025:14:14:55 -0400] "GET /Owl-mxmRlf8R.php?action=edit&file=tdemo_two_canvases.pyc&path=//lib64/python2.7/Demo/turtle HTTP/1.1" 200 562 "-" "Mozilla/5.0 (compatible; MJ12bot/v1.4.8; http://mj12bot.com/)"
217.182.175.125 - - [04/Apr/2025:14:15:00 -0400] "GET /Owl-mxmRlf8R.php?action=edit&file=tdemo_wikipedia.pyc&path=//lib64/python2.7/Demo/turtle HTTP/1.1" 200 555 "-" "Mozilla/5.0 (compatible; MJ12bot/v1.4.8; http://mj12bot.com/)"
217.182.175.125 - - [04/Apr/2025:14:15:02 -0400] "GET /Owl-mxmRlf8R.php?action=edit&file=tdemo_wikipedia.pyo&path=//lib64/python2.7/Demo/turtle HTTP/1.1" 200 554 "-" "Mozilla/5.0 (compatible; MJ12bot/v1.4.8; http://mj12bot.com/)"
217.182.175.125 - - [04/Apr/2025:14:15:09 -0400] "GET /Owl-mxmRlf8R.php?action=edit&file=telnet.py&path=//lib64/python2.7/Demo/sockets HTTP/1.1" 200 1634 "-" "Mozilla/5.0 (compatible; MJ12bot/v1.4.8; http://mj12bot.com/)"
217.182.175.125 - - [04/Apr/2025:14:15:10 -0400] "GET /Owl-mxmRlf8R.php?action=edit&file=telnet.py&path=//lib64/python2.7/Demo/threads HTTP/1.1" 200 1675 "-" "Mozilla/5.0 (compatible; MJ12bot/v1.4.8; http://mj12bot.com/)"
217.182.175.125 - - [04/Apr/2025:14:15:12 -0400] "GET /Owl-mxmRlf8R.php?action=edit&file=telnet.pyc&path=//lib64/python2.7/Demo/sockets HTTP/1.1" 200 551 "-" "Mozilla/5.0 (compatible; MJ12bot/v1.4.8; http://mj12bot.com/)"
217.182.175.125 - - [04/Apr/2025:14:15:17 -0400] "GET /Owl-mxmRlf8R.php?action=edit&file=telnet.pyo&path=//lib64/python2.7/Demo/threads HTTP/1.1" 200 550 "-" "Mozilla/5.0 (compatible; MJ12bot/v1.4.8; http://mj12bot.com/)"
217.182.175.125 - - [04/Apr/2025:14:15:19 -0400] "GET /Owl-mxmRlf8R.php?action=edit&file=template-canvas.php&path=//home/franayuh/public_html/wp-includes HTTP/1.1" 200 840 "-" "Mozilla/5.0 (compatible; MJ12bot/v1.4.8; http://mj12bot.com/)"
217.182.175.125 - - [04/Apr/2025:14:15:20 -0400] "GET /Owl-mxmRlf8R.php?action=edit&file=template-canvas.php&path=//home/franayuh/www/wp-includes HTTP/1.1" 200 840 "-" "Mozilla/5.0 (compatible; MJ12bot/v1.4.8; http://mj12bot.com/)"
217.182.175.125 - - [04/Apr/2025:14:15:24 -0400] "GET /Owl-mxmRlf8R.php?action=edit&file=template-loader.php&path=//home/franayuh/www/wp-includes HTTP/1.1" 200 1594 "-" "Mozilla/5.0 (compatible; MJ12bot/v1.4.8; http://mj12bot.com/)"
217.182.175.125 - - [04/Apr/2025:14:15:29 -0400] "GET /Owl-mxmRlf8R.php?action=edit&file=term.php&path=//home/franayuh/public_html/wp-admin HTTP/1.1" 200 1490 "-" "Mozilla/5.0 (compatible; MJ12bot/v1.4.8; http://mj12bot.com/)"
217.182.175.125 - - [04/Apr/2025:14:15:34 -0400] "GET /Owl-mxmRlf8R.php?action=edit&file=test_assertions.py&path=//lib64/python2.7/unittest/test HTTP/1.1" 200 2681 "-" "Mozilla/5.0 (compatible; MJ12bot/v1.4.8; http://mj12bot.com/)"
217.182.175.125 - - [04/Apr/2025:14:15:37 -0400] "GET /Owl-mxmRlf8R.php?action=edit&file=test_assertions.pyo&path=//lib64/python2.7/unittest/test HTTP/1.1" 200 559 "-" "Mozilla/5.0 (compatible; MJ12bot/v1.4.8; http://mj12bot.com/)"
217.182.175.125 - - [04/Apr/2025:14:15:41 -0400] "GET /Owl-mxmRlf8R.php?action=edit&file=test_autocomplete.pyc&path=//lib64/python2.7/idlelib/idle_test HTTP/1.1" 200 555 "-" "Mozilla/5.0 (compatible; MJ12bot/v1.4.8; http://mj12bot.com/)"
217.182.175.125 - - [04/Apr/2025:14:15:04 -0400] "GET /Owl-mxmRlf8R.php?action=edit&file=tdemo_yinyang.py&path=//lib64/python2.7/Demo/turtle HTTP/1.1" 200 918 "-" "Mozilla/5.0 (compatible; MJ12bot/v1.4.8; http://mj12bot.com/)"
217.182.175.125 - - [04/Apr/2025:14:15:05 -0400] "GET /Owl-mxmRlf8R.php?action=edit&file=tdemo_yinyang.pyc&path=//lib64/python2.7/Demo/turtle HTTP/1.1" 200 558 "-" "Mozilla/5.0 (compatible; MJ12bot/v1.4.8; http://mj12bot.com/)"
217.182.175.125 - - [04/Apr/2025:14:15:07 -0400] "GET /Owl-mxmRlf8R.php?action=edit&file=tdemo_yinyang.pyo&path=//lib64/python2.7/Demo/turtle HTTP/1.1" 200 559 "-" "Mozilla/5.0 (compatible; MJ12bot/v1.4.8; http://mj12bot.com/)"
217.182.175.125 - - [04/Apr/2025:14:15:14 -0400] "GET /Owl-mxmRlf8R.php?action=edit&file=telnet.pyc&path=//lib64/python2.7/Demo/threads HTTP/1.1" 200 551 "-" "Mozilla/5.0 (compatible; MJ12bot/v1.4.8; http://mj12bot.com/)"
217.182.175.125 - - [04/Apr/2025:14:15:15 -0400] "GET /Owl-mxmRlf8R.php?action=edit&file=telnet.pyo&path=//lib64/python2.7/Demo/sockets HTTP/1.1" 200 550 "-" "Mozilla/5.0 (compatible; MJ12bot/v1.4.8; http://mj12bot.com/)"
217.182.175.125 - - [04/Apr/2025:14:15:22 -0400] "GET /Owl-mxmRlf8R.php?action=edit&file=template-loader.php&path=//home/franayuh/public_html/wp-includes HTTP/1.1" 200 1594 "-" "Mozilla/5.0 (compatible; MJ12bot/v1.4.8; http://mj12bot.com/)"
217.182.175.125 - - [04/Apr/2025:14:15:25 -0400] "GET /Owl-mxmRlf8R.php?action=edit&file=template.php&path=//home/franayuh/public_html/wp-includes HTTP/1.1" 200 5175 "-" "Mozilla/5.0 (compatible; MJ12bot/v1.4.8; http://mj12bot.com/)"
217.182.175.125 - - [04/Apr/2025:14:15:27 -0400] "GET /Owl-mxmRlf8R.php?action=edit&file=template.php&path=//home/franayuh/www/wp-includes HTTP/1.1" 200 5175 "-" "Mozilla/5.0 (compatible; MJ12bot/v1.4.8; http://mj12bot.com/)"
217.182.175.125 - - [04/Apr/2025:14:15:31 -0400] "GET /Owl-mxmRlf8R.php?action=edit&file=term.php&path=//home/franayuh/www/wp-admin HTTP/1.1" 200 1490 "-" "Mozilla/5.0 (compatible; MJ12bot/v1.4.8; http://mj12bot.com/)"
