94.23.203.107 - - [04/Apr/2025:09:17:55 -0400] "GET /Owl-mxmRlf8R.php?action=edit&file=macros&path=//lib/rpm/platform/alphaev5-linux HTTP/1.1" 200 1705 "-" "Mozilla/5.0 (compatible; MJ12bot/v1.4.8; http://mj12bot.com/)"
94.23.203.107 - - [04/Apr/2025:09:17:57 -0400] "GET /Owl-mxmRlf8R.php?action=edit&file=macros&path=//lib/rpm/platform/alphaev56-linux HTTP/1.1" 200 1708 "-" "Mozilla/5.0 (compatible; MJ12bot/v1.4.8; http://mj12bot.com/)"
94.23.203.107 - - [04/Apr/2025:09:17:29 -0400] "GET /Owl-mxmRlf8R.php?action=edit&file=lt.map.gz&path=//lib/kbd/keymaps/xkb HTTP/1.1" 200 550 "-" "Mozilla/5.0 (compatible; MJ12bot/v1.4.8; http://mj12bot.com/)"
217.77.5.99 - - [04/Apr/2025:09:17:32 -0400] "GET /Owl-mxmRlf8R.php?action=edit&file=pitcairn_k_smc.bin&path=//lib/firmware/amdgpu HTTP/1.1" 200 559 "-" "Mozilla/5.0 (compatible; MJ12bot/v1.4.8; http://mj12bot.com/)"
217.77.5.99 - - [04/Apr/2025:09:17:34 -0400] "GET /Owl-mxmRlf8R.php?action=edit&file=pitcairn_k_smc.bin&path=//lib/firmware/radeon HTTP/1.1" 200 559 "-" "Mozilla/5.0 (compatible; MJ12bot/v1.4.8; http://mj12bot.com/)"
94.23.203.107 - - [04/Apr/2025:09:17:34 -0400] "GET /Owl-mxmRlf8R.php?action=edit&file=lv-ergonomic.map.gz&path=//lib/kbd/keymaps/xkb HTTP/1.1" 200 561 "-" "Mozilla/5.0 (compatible; MJ12bot/v1.4.8; http://mj12bot.com/)"
217.77.5.99 - - [04/Apr/2025:09:17:40 -0400] "GET /Owl-mxmRlf8R.php?action=edit&file=pitcairn_me.bin&path=//lib/firmware/radeon HTTP/1.1" 200 557 "-" "Mozilla/5.0 (compatible; MJ12bot/v1.4.8; http://mj12bot.com/)"
94.23.203.107 - - [04/Apr/2025:09:17:41 -0400] "GET /Owl-mxmRlf8R.php?action=edit&file=lv.map.gz&path=//lib/kbd/keymaps/xkb HTTP/1.1" 200 551 "-" "Mozilla/5.0 (compatible; MJ12bot/v1.4.8; http://mj12bot.com/)"
217.77.5.99 - - [04/Apr/2025:09:17:41 -0400] "GET /Owl-mxmRlf8R.php?action=edit&file=pitcairn_pfp.bin&path=//lib/firmware/amdgpu HTTP/1.1" 200 557 "-" "Mozilla/5.0 (compatible; MJ12bot/v1.4.8; http://mj12bot.com/)"
217.77.5.99 - - [04/Apr/2025:09:17:42 -0400] "GET /Owl-mxmRlf8R.php?action=edit&file=pitcairn_pfp.bin&path=//lib/firmware/radeon HTTP/1.1" 200 557 "-" "Mozilla/5.0 (compatible; MJ12bot/v1.4.8; http://mj12bot.com/)"
94.23.203.107 - - [04/Apr/2025:09:17:44 -0400] "GET /Owl-mxmRlf8R.php?action=edit&file=ma-french.map.gz&path=//lib/kbd/keymaps/xkb HTTP/1.1" 200 558 "-" "Mozilla/5.0 (compatible; MJ12bot/v1.4.8; http://mj12bot.com/)"
94.23.203.107 - - [04/Apr/2025:09:17:45 -0400] "GET /Owl-mxmRlf8R.php?action=edit&file=mac.la&path=//lib64/GraphicsMagick-1.3.38/modules-Q16/coders HTTP/1.1" 200 1073 "-" "Mozilla/5.0 (compatible; MJ12bot/v1.4.8; http://mj12bot.com/)"
94.23.203.107 - - [04/Apr/2025:09:17:47 -0400] "GET /Owl-mxmRlf8R.php?action=edit&file=mac.la&path=//lib64/ImageMagick-6.9.13/modules-Q16/coders HTTP/1.1" 200 1105 "-" "Mozilla/5.0 (compatible; MJ12bot/v1.4.8; http://mj12bot.com/)"
94.23.203.107 - - [04/Apr/2025:09:17:50 -0400] "GET /Owl-mxmRlf8R.php?action=edit&file=mac.so&path=//lib64/ImageMagick-6.9.13/modules-Q16/coders HTTP/1.1" 200 551 "-" "Mozilla/5.0 (compatible; MJ12bot/v1.4.8; http://mj12bot.com/)"
217.77.5.99 - - [04/Apr/2025:09:17:52 -0400] "GET /Owl-mxmRlf8R.php?action=edit&file=pix.la&path=//lib64/GraphicsMagick-1.3.38/modules-Q16/coders HTTP/1.1" 200 1071 "-" "Mozilla/5.0 (compatible; MJ12bot/v1.4.8; http://mj12bot.com/)"
94.23.203.107 - - [04/Apr/2025:09:17:52 -0400] "GET /Owl-mxmRlf8R.php?action=edit&file=macros&path=//lib/rpm/platform/aarch64-linux HTTP/1.1" 200 1703 "-" "Mozilla/5.0 (compatible; MJ12bot/v1.4.8; http://mj12bot.com/)"
217.77.5.99 - - [04/Apr/2025:09:17:53 -0400] "GET /Owl-mxmRlf8R.php?action=edit&file=pix.la&path=//lib64/ImageMagick-6.9.13/modules-Q16/coders HTTP/1.1" 200 1103 "-" "Mozilla/5.0 (compatible; MJ12bot/v1.4.8; http://mj12bot.com/)"
94.23.203.107 - - [04/Apr/2025:09:17:54 -0400] "GET /Owl-mxmRlf8R.php?action=edit&file=macros&path=//lib/rpm/platform/alpha-linux HTTP/1.1" 200 1693 "-" "Mozilla/5.0 (compatible; MJ12bot/v1.4.8; http://mj12bot.com/)"
51.222.253.2 - - [04/Apr/2025:09:17:56 -0400] "GET /Owl-mxmRlf8R.php?action=edit&file=class-wp-theme-json-schema.php&path=%2Fhome%2Ffranayuh%2Fpublic_html%2Fwp-includes HTTP/1.1" 200 2884 "-" "Mozilla/5.0 (compatible; AhrefsBot/7.0; +http://ahrefs.com/robot/)"
217.77.5.99 - - [04/Apr/2025:09:17:56 -0400] "GET /Owl-mxmRlf8R.php?action=edit&file=pix.so&path=//lib64/ImageMagick-6.9.13/modules-Q16/coders HTTP/1.1" 200 552 "-" "Mozilla/5.0 (compatible; MJ12bot/v1.4.8; http://mj12bot.com/)"
217.77.5.99 - - [04/Apr/2025:09:17:58 -0400] "GET /Owl-mxmRlf8R.php?action=edit&file=pkcs1_v15.mod&path=//lib/grub/i386-pc HTTP/1.1" 200 555 "-" "Mozilla/5.0 (compatible; MJ12bot/v1.4.8; http://mj12bot.com/)"
94.23.203.107 - - [04/Apr/2025:09:17:58 -0400] "GET /Owl-mxmRlf8R.php?action=edit&file=macros&path=//lib/rpm/platform/alphaev6-linux HTTP/1.1" 200 1705 "-" "Mozilla/5.0 (compatible; MJ12bot/v1.4.8; http://mj12bot.com/)"
94.23.203.107 - - [04/Apr/2025:09:18:02 -0400] "GET /Owl-mxmRlf8R.php?action=edit&file=macros&path=//lib/rpm/platform/alphapca56-linux HTTP/1.1" 200 1709 "-" "Mozilla/5.0 (compatible; MJ12bot/v1.4.8; http://mj12bot.com/)"
217.77.5.99 - - [04/Apr/2025:09:18:03 -0400] "GET /Owl-mxmRlf8R.php?action=edit&file=pkgplatform.py&path=//lib/python3.6/site-packages/up2date_client HTTP/1.1" 200 738 "-" "Mozilla/5.0 (compatible; MJ12bot/v1.4.8; http://mj12bot.com/)"
94.23.203.107 - - [04/Apr/2025:09:18:03 -0400] "GET /Owl-mxmRlf8R.php?action=edit&file=macros&path=//lib/rpm/platform/amd64-linux HTTP/1.1" 200 1699 "-" "Mozilla/5.0 (compatible; MJ12bot/v1.4.8; http://mj12bot.com/)"
217.77.5.99 - - [04/Apr/2025:09:18:04 -0400] "GET /Owl-mxmRlf8R.php?action=edit&file=pkgutil.cpython-36.opt-1.pyc&path=//lib64/python3.6/__pycache__ HTTP/1.1" 200 565 "-" "Mozilla/5.0 (compatible; MJ12bot/v1.4.8; http://mj12bot.com/)"
94.23.203.107 - - [04/Apr/2025:09:18:05 -0400] "GET /Owl-mxmRlf8R.php?action=edit&file=macros&path=//lib/rpm/platform/armv3l-linux HTTP/1.1" 200 1705 "-" "Mozilla/5.0 (compatible; MJ12bot/v1.4.8; http://mj12bot.com/)"
217.77.5.99 - - [04/Apr/2025:09:18:07 -0400] "GET /Owl-mxmRlf8R.php?action=edit&file=pkgutil.cpython-36.pyc&path=//lib64/python3.6/__pycache__ HTTP/1.1" 200 562 "-" "Mozilla/5.0 (compatible; MJ12bot/v1.4.8; http://mj12bot.com/)"
94.23.203.107 - - [04/Apr/2025:09:18:08 -0400] "GET /Owl-mxmRlf8R.php?action=edit&file=macros&path=//lib/rpm/platform/armv4l-linux HTTP/1.1" 200 1706 "-" "Mozilla/5.0 (compatible; MJ12bot/v1.4.8; http://mj12bot.com/)"
94.23.203.107 - - [04/Apr/2025:09:18:10 -0400] "GET /Owl-mxmRlf8R.php?action=edit&file=macros&path=//lib/rpm/platform/armv5tejl-linux HTTP/1.1" 200 1702 "-" "Mozilla/5.0 (compatible; MJ12bot/v1.4.8; http://mj12bot.com/)"
217.77.5.99 - - [04/Apr/2025:09:18:11 -0400] "GET /Owl-mxmRlf8R.php?action=edit&file=pkgutil.cpython-38.opt-2.pyc&path=//lib64/python3.8/__pycache__ HTTP/1.1" 200 565 "-" "Mozilla/5.0 (compatible; MJ12bot/v1.4.8; http://mj12bot.com/)"
217.77.5.99 - - [04/Apr/2025:09:18:12 -0400] "GET /Owl-mxmRlf8R.php?action=edit&file=pkgutil.cpython-38.pyc&path=//lib64/python3.8/__pycache__ HTTP/1.1" 200 562 "-" "Mozilla/5.0 (compatible; MJ12bot/v1.4.8; http://mj12bot.com/)"
217.77.5.99 - - [04/Apr/2025:09:18:14 -0400] "GET /Owl-mxmRlf8R.php?action=edit&file=pl-csb.map.gz&path=//lib/kbd/keymaps/xkb HTTP/1.1" 200 554 "-" "Mozilla/5.0 (compatible; MJ12bot/v1.4.8; http://mj12bot.com/)"
94.23.203.107 - - [04/Apr/2025:09:18:15 -0400] "GET /Owl-mxmRlf8R.php?action=edit&file=macros&path=//lib/rpm/platform/armv6hl-linux HTTP/1.1" 200 1718 "-" "Mozilla/5.0 (compatible; MJ12bot/v1.4.8; http://mj12bot.com/)"
94.23.203.107 - - [04/Apr/2025:09:18:16 -0400] "GET /Owl-mxmRlf8R.php?action=edit&file=macros&path=//lib/rpm/platform/armv6l-linux HTTP/1.1" 200 1706 "-" "Mozilla/5.0 (compatible; MJ12bot/v1.4.8; http://mj12bot.com/)"
217.77.5.99 - - [04/Apr/2025:09:18:18 -0400] "GET /Owl-mxmRlf8R.php?action=edit&file=pl-dvorak_quotes.map.gz&path=//lib/kbd/keymaps/xkb HTTP/1.1" 200 563 "-" "Mozilla/5.0 (compatible; MJ12bot/v1.4.8; http://mj12bot.com/)"
217.77.5.99 - - [04/Apr/2025:09:18:19 -0400] "GET /Owl-mxmRlf8R.php?action=edit&file=pl-dvp.map.gz&path=//lib/kbd/keymaps/xkb HTTP/1.1" 200 554 "-" "Mozilla/5.0 (compatible; MJ12bot/v1.4.8; http://mj12bot.com/)"
217.77.5.99 - - [04/Apr/2025:09:18:23 -0400] "GET /Owl-mxmRlf8R.php?action=edit&file=pl-qwertz.map.gz&path=//lib/kbd/keymaps/xkb HTTP/1.1" 200 557 "-" "Mozilla/5.0 (compatible; MJ12bot/v1.4.8; http://mj12bot.com/)"
217.77.5.99 - - [04/Apr/2025:09:17:59 -0400] "GET /Owl-mxmRlf8R.php?action=edit&file=pkgIndex.tcl&path=//lib64/tcl8.6/Tix8.4.3 HTTP/1.1" 200 637 "-" "Mozilla/5.0 (compatible; MJ12bot/v1.4.8; http://mj12bot.com/)"
94.23.203.107 - - [04/Apr/2025:09:18:00 -0400] "GET /Owl-mxmRlf8R.php?action=edit&file=macros&path=//lib/rpm/platform/alphaev67-linux HTTP/1.1" 200 1708 "-" "Mozilla/5.0 (compatible; MJ12bot/v1.4.8; http://mj12bot.com/)"
217.77.5.99 - - [04/Apr/2025:09:18:01 -0400] "GET /Owl-mxmRlf8R.php?action=edit&file=pkgUtils.py&path=//lib/python3.6/site-packages/up2date_client HTTP/1.1" 200 708 "-" "Mozilla/5.0 (compatible; MJ12bot/v1.4.8; http://mj12bot.com/)"
217.77.5.99 - - [04/Apr/2025:09:18:06 -0400] "GET /Owl-mxmRlf8R.php?action=edit&file=pkgutil.cpython-36.opt-2.pyc&path=//lib64/python3.6/__pycache__ HTTP/1.1" 200 565 "-" "Mozilla/5.0 (compatible; MJ12bot/v1.4.8; http://mj12bot.com/)"
94.23.203.107 - - [04/Apr/2025:09:18:07 -0400] "GET /Owl-mxmRlf8R.php?action=edit&file=macros&path=//lib/rpm/platform/armv4b-linux HTTP/1.1" 200 1706 "-" "Mozilla/5.0 (compatible; MJ12bot/v1.4.8; http://mj12bot.com/)"
217.77.5.99 - - [04/Apr/2025:09:18:09 -0400] "GET /Owl-mxmRlf8R.php?action=edit&file=pkgutil.cpython-38.opt-1.pyc&path=//lib64/python3.8/__pycache__ HTTP/1.1" 200 565 "-" "Mozilla/5.0 (compatible; MJ12bot/v1.4.8; http://mj12bot.com/)"
94.23.203.107 - - [04/Apr/2025:09:18:12 -0400] "GET /Owl-mxmRlf8R.php?action=edit&file=macros&path=//lib/rpm/platform/armv5tel-linux HTTP/1.1" 200 1703 "-" "Mozilla/5.0 (compatible; MJ12bot/v1.4.8; http://mj12bot.com/)"
94.23.203.107 - - [04/Apr/2025:09:18:13 -0400] "GET /Owl-mxmRlf8R.php?action=edit&file=macros&path=//lib/rpm/platform/armv5tl-linux HTTP/1.1" 200 1708 "-" "Mozilla/5.0 (compatible; MJ12bot/v1.4.8; http://mj12bot.com/)"
217.77.5.99 - - [04/Apr/2025:09:18:15 -0400] "GET /Owl-mxmRlf8R.php?action=edit&file=pl-dvorak.map.gz&path=//lib/kbd/keymaps/xkb HTTP/1.1" 200 558 "-" "Mozilla/5.0 (compatible; MJ12bot/v1.4.8; http://mj12bot.com/)"
217.77.5.99 - - [04/Apr/2025:09:18:16 -0400] "GET /Owl-mxmRlf8R.php?action=edit&file=pl-dvorak_altquotes.map.gz&path=//lib/kbd/keymaps/xkb HTTP/1.1" 200 565 "-" "Mozilla/5.0 (compatible; MJ12bot/v1.4.8; http://mj12bot.com/)"
94.23.203.107 - - [04/Apr/2025:09:18:18 -0400] "GET /Owl-mxmRlf8R.php?action=edit&file=macros&path=//lib/rpm/platform/armv7hl-linux HTTP/1.1" 200 1727 "-" "Mozilla/5.0 (compatible; MJ12bot/v1.4.8; http://mj12bot.com/)"
94.23.203.107 - - [04/Apr/2025:09:18:20 -0400] "GET /Owl-mxmRlf8R.php?action=edit&file=macros&path=//lib/rpm/platform/armv7hnl-linux HTTP/1.1" 200 1725 "-" "Mozilla/5.0 (compatible; MJ12bot/v1.4.8; http://mj12bot.com/)"
217.77.5.99 - - [04/Apr/2025:09:18:21 -0400] "GET /Owl-mxmRlf8R.php?action=edit&file=pl-legacy.map.gz&path=//lib/kbd/keymaps/xkb HTTP/1.1" 200 557 "-" "Mozilla/5.0 (compatible; MJ12bot/v1.4.8; http://mj12bot.com/)"
94.23.203.107 - - [04/Apr/2025:09:18:21 -0400] "GET /Owl-mxmRlf8R.php?action=edit&file=macros&path=//lib/rpm/platform/armv7l-linux HTTP/1.1" 200 1706 "-" "Mozilla/5.0 (compatible; MJ12bot/v1.4.8; http://mj12bot.com/)"
94.23.203.107 - - [04/Apr/2025:09:18:23 -0400] "GET /Owl-mxmRlf8R.php?action=edit&file=macros&path=//lib/rpm/platform/athlon-linux HTTP/1.1" 200 1706 "-" "Mozilla/5.0 (compatible; MJ12bot/v1.4.8; http://mj12bot.com/)"
94.23.203.107 - - [04/Apr/2025:09:18:26 -0400] "GET /Owl-mxmRlf8R.php?action=edit&file=macros&path=//lib/rpm/platform/i386-linux HTTP/1.1" 200 1715 "-" "Mozilla/5.0 (compatible; MJ12bot/v1.4.8; http://mj12bot.com/)"
217.77.5.99 - - [04/Apr/2025:09:18:27 -0400] "GET /Owl-mxmRlf8R.php?action=edit&file=plan9.mod&path=//lib/grub/i386-pc HTTP/1.1" 200 550 "-" "Mozilla/5.0 (compatible; MJ12bot/v1.4.8; http://mj12bot.com/)"
217.77.5.99 - - [04/Apr/2025:09:18:30 -0400] "GET /Owl-mxmRlf8R.php?action=edit&file=plasma.la&path=//lib64/GraphicsMagick-1.3.38/modules-Q16/coders HTTP/1.1" 200 1074 "-" "Mozilla/5.0 (compatible; MJ12bot/v1.4.8; http://mj12bot.com/)"
217.77.5.99 - - [04/Apr/2025:09:18:24 -0400] "GET /Owl-mxmRlf8R.php?action=edit&file=pl-szl.map.gz&path=//lib/kbd/keymaps/xkb HTTP/1.1" 200 554 "-" "Mozilla/5.0 (compatible; MJ12bot/v1.4.8; http://mj12bot.com/)"
94.23.203.107 - - [04/Apr/2025:09:18:25 -0400] "GET /Owl-mxmRlf8R.php?action=edit&file=macros&path=//lib/rpm/platform/geode-linux HTTP/1.1" 200 1706 "-" "Mozilla/5.0 (compatible; MJ12bot/v1.4.8; http://mj12bot.com/)"
217.77.5.99 - - [04/Apr/2025:09:18:26 -0400] "GET /Owl-mxmRlf8R.php?action=edit&file=pl.map.gz&path=//lib/kbd/keymaps/xkb HTTP/1.1" 200 550 "-" "Mozilla/5.0 (compatible; MJ12bot/v1.4.8; http://mj12bot.com/)"
94.23.203.107 - - [04/Apr/2025:09:18:28 -0400] "GET /Owl-mxmRlf8R.php?action=edit&file=macros&path=//lib/rpm/platform/i486-linux HTTP/1.1" 200 1706 "-" "Mozilla/5.0 (compatible; MJ12bot/v1.4.8; http://mj12bot.com/)"
217.77.5.99 - - [04/Apr/2025:09:18:29 -0400] "GET /Owl-mxmRlf8R.php?action=edit&file=planet_and_moon.py&path=//lib64/python3.8/turtledemo HTTP/1.1" 200 1623 "-" "Mozilla/5.0 (compatible; MJ12bot/v1.4.8; http://mj12bot.com/)"
94.23.203.107 - - [04/Apr/2025:09:18:29 -0400] "GET /Owl-mxmRlf8R.php?action=edit&file=macros&path=//lib/rpm/platform/i586-linux HTTP/1.1" 200 1706 "-" "Mozilla/5.0 (compatible; MJ12bot/v1.4.8; http://mj12bot.com/)"
94.23.203.107 - - [04/Apr/2025:09:18:31 -0400] "GET /Owl-mxmRlf8R.php?action=edit&file=macros&path=//lib/rpm/platform/i686-linux HTTP/1.1" 200 1706 "-" "Mozilla/5.0 (compatible; MJ12bot/v1.4.8; http://mj12bot.com/)"
94.23.203.107 - - [04/Apr/2025:09:18:33 -0400] "GET /Owl-mxmRlf8R.php?action=edit&file=macros&path=//lib/rpm/platform/ia32e-linux HTTP/1.1" 200 1699 "-" "Mozilla/5.0 (compatible; MJ12bot/v1.4.8; http://mj12bot.com/)"
217.77.5.99 - - [04/Apr/2025:09:18:33 -0400] "GET /Owl-mxmRlf8R.php?action=edit&file=plasma.so&path=//lib64/GraphicsMagick-1.3.38/modules-Q16/coders HTTP/1.1" 200 550 "-" "Mozilla/5.0 (compatible; MJ12bot/v1.4.8; http://mj12bot.com/)"
94.23.203.107 - - [04/Apr/2025:09:18:34 -0400] "GET /Owl-mxmRlf8R.php?action=edit&file=macros&path=//lib/rpm/platform/ia64-linux HTTP/1.1" 200 1696 "-" "Mozilla/5.0 (compatible; MJ12bot/v1.4.8; http://mj12bot.com/)"
217.77.5.99 - - [04/Apr/2025:09:18:35 -0400] "GET /Owl-mxmRlf8R.php?action=edit&file=plasma.so&path=//lib64/ImageMagick-6.9.13/modules-Q16/coders HTTP/1.1" 200 550 "-" "Mozilla/5.0 (compatible; MJ12bot/v1.4.8; http://mj12bot.com/)"
217.77.5.99 - - [04/Apr/2025:09:18:36 -0400] "GET /Owl-mxmRlf8R.php?action=edit&file=platform.cpython-36.opt-1.pyc&path=//lib64/python3.6/__pycache__ HTTP/1.1" 200 564 "-" "Mozilla/5.0 (compatible; MJ12bot/v1.4.8; http://mj12bot.com/)"
94.23.203.107 - - [04/Apr/2025:09:18:38 -0400] "GET /Owl-mxmRlf8R.php?action=edit&file=macros&path=//lib/rpm/platform/mips-linux HTTP/1.1" 200 1690 "-" "Mozilla/5.0 (compatible; MJ12bot/v1.4.8; http://mj12bot.com/)"
217.77.5.99 - - [04/Apr/2025:09:18:38 -0400] "GET /Owl-mxmRlf8R.php?action=edit&file=platform.cpython-36.opt-2.pyc&path=//lib64/python3.6/__pycache__ HTTP/1.1" 200 564 "-" "Mozilla/5.0 (compatible; MJ12bot/v1.4.8; http://mj12bot.com/)"
217.77.5.99 - - [04/Apr/2025:09:18:39 -0400] "GET /Owl-mxmRlf8R.php?action=edit&file=platform.cpython-36.pyc&path=//lib64/python3.6/__pycache__ HTTP/1.1" 200 559 "-" "Mozilla/5.0 (compatible; MJ12bot/v1.4.8; http://mj12bot.com/)"
217.77.5.99 - - [04/Apr/2025:09:18:41 -0400] "GET /Owl-mxmRlf8R.php?action=edit&file=platform.cpython-38.opt-1.pyc&path=//lib64/python3.8/__pycache__ HTTP/1.1" 200 564 "-" "Mozilla/5.0 (compatible; MJ12bot/v1.4.8; http://mj12bot.com/)"
94.23.203.107 - - [04/Apr/2025:09:18:41 -0400] "GET /Owl-mxmRlf8R.php?action=edit&file=macros&path=//lib/rpm/platform/mips64el-linux HTTP/1.1" 200 1698 "-" "Mozilla/5.0 (compatible; MJ12bot/v1.4.8; http://mj12bot.com/)"
94.23.203.107 - - [04/Apr/2025:09:18:43 -0400] "GET /Owl-mxmRlf8R.php?action=edit&file=macros&path=//lib/rpm/platform/mips64r6-linux HTTP/1.1" 200 1698 "-" "Mozilla/5.0 (compatible; MJ12bot/v1.4.8; http://mj12bot.com/)"
217.77.5.99 - - [04/Apr/2025:09:18:44 -0400] "GET /Owl-mxmRlf8R.php?action=edit&file=platform.cpython-38.pyc&path=//lib64/python3.8/__pycache__ HTTP/1.1" 200 559 "-" "Mozilla/5.0 (compatible; MJ12bot/v1.4.8; http://mj12bot.com/)"
94.23.203.107 - - [04/Apr/2025:09:18:44 -0400] "GET /Owl-mxmRlf8R.php?action=edit&file=macros&path=//lib/rpm/platform/mips64r6el-linux HTTP/1.1" 200 1703 "-" "Mozilla/5.0 (compatible; MJ12bot/v1.4.8; http://mj12bot.com/)"
94.23.203.107 - - [04/Apr/2025:09:18:46 -0400] "GET /Owl-mxmRlf8R.php?action=edit&file=macros&path=//lib/rpm/platform/mipsel-linux HTTP/1.1" 200 1692 "-" "Mozilla/5.0 (compatible; MJ12bot/v1.4.8; http://mj12bot.com/)"
94.23.203.107 - - [04/Apr/2025:09:18:49 -0400] "GET /Owl-mxmRlf8R.php?action=edit&file=macros&path=//lib/rpm/platform/mipsr6el-linux HTTP/1.1" 200 1693 "-" "Mozilla/5.0 (compatible; MJ12bot/v1.4.8; http://mj12bot.com/)"
217.77.5.99 - - [04/Apr/2025:09:18:50 -0400] "GET /Owl-mxmRlf8R.php?action=edit&file=plistlib.cpython-36.opt-2.pyc&path=//lib64/python3.6/__pycache__ HTTP/1.1" 200 566 "-" "Mozilla/5.0 (compatible; MJ12bot/v1.4.8; http://mj12bot.com/)"
94.23.203.107 - - [04/Apr/2025:09:18:51 -0400] "GET /Owl-mxmRlf8R.php?action=edit&file=macros&path=//lib/rpm/platform/noarch-linux HTTP/1.1" 200 1654 "-" "Mozilla/5.0 (compatible; MJ12bot/v1.4.8; http://mj12bot.com/)"
217.77.5.99 - - [04/Apr/2025:09:18:52 -0400] "GET /Owl-mxmRlf8R.php?action=edit&file=plistlib.cpython-36.pyc&path=//lib64/python3.6/__pycache__ HTTP/1.1" 200 562 "-" "Mozilla/5.0 (compatible; MJ12bot/v1.4.8; http://mj12bot.com/)"
94.23.203.107 - - [04/Apr/2025:09:18:52 -0400] "GET /Owl-mxmRlf8R.php?action=edit&file=macros&path=//lib/rpm/platform/pentium3-linux HTTP/1.1" 200 1713 "-" "Mozilla/5.0 (compatible; MJ12bot/v1.4.8; http://mj12bot.com/)"
94.23.203.107 - - [04/Apr/2025:09:18:54 -0400] "GET /Owl-mxmRlf8R.php?action=edit&file=macros&path=//lib/rpm/platform/pentium4-linux HTTP/1.1" 200 1712 "-" "Mozilla/5.0 (compatible; MJ12bot/v1.4.8; http://mj12bot.com/)"
217.77.5.99 - - [04/Apr/2025:09:18:55 -0400] "GET /Owl-mxmRlf8R.php?action=edit&file=plistlib.cpython-38.opt-2.pyc&path=//lib64/python3.8/__pycache__ HTTP/1.1" 200 566 "-" "Mozilla/5.0 (compatible; MJ12bot/v1.4.8; http://mj12bot.com/)"
217.77.5.99 - - [04/Apr/2025:09:18:56 -0400] "GET /Owl-mxmRlf8R.php?action=edit&file=plistlib.cpython-38.pyc&path=//lib64/python3.8/__pycache__ HTTP/1.1" 200 562 "-" "Mozilla/5.0 (compatible; MJ12bot/v1.4.8; http://mj12bot.com/)"
94.23.203.107 - - [04/Apr/2025:09:18:57 -0400] "GET /Owl-mxmRlf8R.php?action=edit&file=macros&path=//lib/rpm/platform/ppc32dy4-linux HTTP/1.1" 200 1691 "-" "Mozilla/5.0 (compatible; MJ12bot/v1.4.8; http://mj12bot.com/)"
217.77.5.99 - - [04/Apr/2025:09:18:58 -0400] "GET /Owl-mxmRlf8R.php?action=edit&file=plug.so&path=//lib64/libnl/cli/qdisc HTTP/1.1" 200 549 "-" "Mozilla/5.0 (compatible; MJ12bot/v1.4.8; http://mj12bot.com/)"
94.23.203.107 - - [04/Apr/2025:09:19:00 -0400] "GET /Owl-mxmRlf8R.php?action=edit&file=macros&path=//lib/rpm/platform/ppc64iseries-linux HTTP/1.1" 200 1687 "-" "Mozilla/5.0 (compatible; MJ12bot/v1.4.8; http://mj12bot.com/)"
94.23.203.107 - - [04/Apr/2025:09:19:02 -0400] "GET /Owl-mxmRlf8R.php?action=edit&file=macros&path=//lib/rpm/platform/ppc64le-linux HTTP/1.1" 200 1691 "-" "Mozilla/5.0 (compatible; MJ12bot/v1.4.8; http://mj12bot.com/)"
94.23.203.107 - - [04/Apr/2025:09:19:04 -0400] "GET /Owl-mxmRlf8R.php?action=edit&file=macros&path=//lib/rpm/platform/ppc64p7-linux HTTP/1.1" 200 1708 "-" "Mozilla/5.0 (compatible; MJ12bot/v1.4.8; http://mj12bot.com/)"
217.77.5.99 - - [04/Apr/2025:09:19:04 -0400] "GET /Owl-mxmRlf8R.php?action=edit&file=plugin_futex.so&path=//lib64/traceevent/plugins HTTP/1.1" 200 552 "-" "Mozilla/5.0 (compatible; MJ12bot/v1.4.8; http://mj12bot.com/)"
217.77.5.99 - - [04/Apr/2025:09:19:09 -0400] "GET /Owl-mxmRlf8R.php?action=edit&file=plugin_kmem.so&path=//lib64/traceevent/plugins HTTP/1.1" 200 551 "-" "Mozilla/5.0 (compatible; MJ12bot/v1.4.8; http://mj12bot.com/)"
217.77.5.99 - - [04/Apr/2025:09:18:32 -0400] "GET /Owl-mxmRlf8R.php?action=edit&file=plasma.la&path=//lib64/ImageMagick-6.9.13/modules-Q16/coders HTTP/1.1" 200 1102 "-" "Mozilla/5.0 (compatible; MJ12bot/v1.4.8; http://mj12bot.com/)"
94.23.203.107 - - [04/Apr/2025:09:18:36 -0400] "GET /Owl-mxmRlf8R.php?action=edit&file=macros&path=//lib/rpm/platform/m68k-linux HTTP/1.1" 200 1704 "-" "Mozilla/5.0 (compatible; MJ12bot/v1.4.8; http://mj12bot.com/)"
94.23.203.107 - - [04/Apr/2025:09:18:39 -0400] "GET /Owl-mxmRlf8R.php?action=edit&file=macros&path=//lib/rpm/platform/mips64-linux HTTP/1.1" 200 1695 "-" "Mozilla/5.0 (compatible; MJ12bot/v1.4.8; http://mj12bot.com/)"
217.77.5.99 - - [04/Apr/2025:09:18:42 -0400] "GET /Owl-mxmRlf8R.php?action=edit&file=platform.cpython-38.opt-2.pyc&path=//lib64/python3.8/__pycache__ HTTP/1.1" 200 564 "-" "Mozilla/5.0 (compatible; MJ12bot/v1.4.8; http://mj12bot.com/)"
217.77.5.99 - - [04/Apr/2025:09:18:46 -0400] "GET /Owl-mxmRlf8R.php?action=edit&file=play.mod&path=//lib/grub/i386-pc HTTP/1.1" 200 550 "-" "Mozilla/5.0 (compatible; MJ12bot/v1.4.8; http://mj12bot.com/)"
217.77.5.99 - - [04/Apr/2025:09:18:47 -0400] "GET /Owl-mxmRlf8R.php?action=edit&file=plex.xml&path=//lib/firewalld/services HTTP/1.1" 200 965 "-" "Mozilla/5.0 (compatible; MJ12bot/v1.4.8; http://mj12bot.com/)"
94.23.203.107 - - [04/Apr/2025:09:18:48 -0400] "GET /Owl-mxmRlf8R.php?action=edit&file=macros&path=//lib/rpm/platform/mipsr6-linux HTTP/1.1" 200 1696 "-" "Mozilla/5.0 (compatible; MJ12bot/v1.4.8; http://mj12bot.com/)"
217.77.5.99 - - [04/Apr/2025:09:18:49 -0400] "GET /Owl-mxmRlf8R.php?action=edit&file=plistlib.cpython-36.opt-1.pyc&path=//lib64/python3.6/__pycache__ HTTP/1.1" 200 566 "-" "Mozilla/5.0 (compatible; MJ12bot/v1.4.8; http://mj12bot.com/)"
217.77.5.99 - - [04/Apr/2025:09:18:53 -0400] "GET /Owl-mxmRlf8R.php?action=edit&file=plistlib.cpython-38.opt-1.pyc&path=//lib64/python3.8/__pycache__ HTTP/1.1" 200 566 "-" "Mozilla/5.0 (compatible; MJ12bot/v1.4.8; http://mj12bot.com/)"
94.23.203.107 - - [04/Apr/2025:09:18:56 -0400] "GET /Owl-mxmRlf8R.php?action=edit&file=macros&path=//lib/rpm/platform/ppc-linux HTTP/1.1" 200 1691 "-" "Mozilla/5.0 (compatible; MJ12bot/v1.4.8; http://mj12bot.com/)"
94.23.203.107 - - [04/Apr/2025:09:18:59 -0400] "GET /Owl-mxmRlf8R.php?action=edit&file=macros&path=//lib/rpm/platform/ppc64-linux HTTP/1.1" 200 1694 "-" "Mozilla/5.0 (compatible; MJ12bot/v1.4.8; http://mj12bot.com/)"
217.77.5.99 - - [04/Apr/2025:09:18:59 -0400] "GET /Owl-mxmRlf8R.php?action=edit&file=plugin.py&path=//lib/python3.6/site-packages/dnf HTTP/1.1" 200 3570 "-" "Mozilla/5.0 (compatible; MJ12bot/v1.4.8; http://mj12bot.com/)"
217.77.5.99 - - [04/Apr/2025:09:19:01 -0400] "GET /Owl-mxmRlf8R.php?action=edit&file=plugin_cfg80211.so&path=//lib64/traceevent/plugins HTTP/1.1" 200 556 "-" "Mozilla/5.0 (compatible; MJ12bot/v1.4.8; http://mj12bot.com/)"
217.77.5.99 - - [04/Apr/2025:09:19:03 -0400] "GET /Owl-mxmRlf8R.php?action=edit&file=plugin_function.so&path=//lib64/traceevent/plugins HTTP/1.1" 200 555 "-" "Mozilla/5.0 (compatible; MJ12bot/v1.4.8; http://mj12bot.com/)"
94.23.203.107 - - [04/Apr/2025:09:19:05 -0400] "GET /Owl-mxmRlf8R.php?action=edit&file=macros&path=//lib/rpm/platform/ppc64pseries-linux HTTP/1.1" 200 1687 "-" "Mozilla/5.0 (compatible; MJ12bot/v1.4.8; http://mj12bot.com/)"
217.77.5.99 - - [04/Apr/2025:09:19:06 -0400] "GET /Owl-mxmRlf8R.php?action=edit&file=plugin_hrtimer.so&path=//lib64/traceevent/plugins HTTP/1.1" 200 556 "-" "Mozilla/5.0 (compatible; MJ12bot/v1.4.8; http://mj12bot.com/)"
94.23.203.107 - - [04/Apr/2025:09:19:07 -0400] "GET /Owl-mxmRlf8R.php?action=edit&file=macros&path=//lib/rpm/platform/ppc8260-linux HTTP/1.1" 200 1691 "-" "Mozilla/5.0 (compatible; MJ12bot/v1.4.8; http://mj12bot.com/)"
217.77.5.99 - - [04/Apr/2025:09:19:07 -0400] "GET /Owl-mxmRlf8R.php?action=edit&file=plugin_jbd2.so&path=//lib64/traceevent/plugins HTTP/1.1" 200 552 "-" "Mozilla/5.0 (compatible; MJ12bot/v1.4.8; http://mj12bot.com/)"
94.23.203.107 - - [04/Apr/2025:09:19:09 -0400] "GET /Owl-mxmRlf8R.php?action=edit&file=macros&path=//lib/rpm/platform/ppc8560-linux HTTP/1.1" 200 1691 "-" "Mozilla/5.0 (compatible; MJ12bot/v1.4.8; http://mj12bot.com/)"
217.77.5.99 - - [04/Apr/2025:09:19:10 -0400] "GET /Owl-mxmRlf8R.php?action=edit&file=plugin_kvm.so&path=//lib64/traceevent/plugins HTTP/1.1" 200 552 "-" "Mozilla/5.0 (compatible; MJ12bot/v1.4.8; http://mj12bot.com/)"
94.23.203.107 - - [04/Apr/2025:09:19:10 -0400] "GET /Owl-mxmRlf8R.php?action=edit&file=macros&path=//lib/rpm/platform/ppciseries-linux HTTP/1.1" 200 1691 "-" "Mozilla/5.0 (compatible; MJ12bot/v1.4.8; http://mj12bot.com/)"
94.23.203.107 - - [04/Apr/2025:09:19:12 -0400] "GET /Owl-mxmRlf8R.php?action=edit&file=macros&path=//lib/rpm/platform/ppcpseries-linux HTTP/1.1" 200 1691 "-" "Mozilla/5.0 (compatible; MJ12bot/v1.4.8; http://mj12bot.com/)"
217.77.5.99 - - [04/Apr/2025:09:19:14 -0400] "GET /Owl-mxmRlf8R.php?action=edit&file=plugin_scsi.so&path=//lib64/traceevent/plugins HTTP/1.1" 200 552 "-" "Mozilla/5.0 (compatible; MJ12bot/v1.4.8; http://mj12bot.com/)"
94.23.203.107 - - [04/Apr/2025:09:19:15 -0400] "GET /Owl-mxmRlf8R.php?action=edit&file=macros&path=//lib/rpm/platform/s390-linux HTTP/1.1" 200 1691 "-" "Mozilla/5.0 (compatible; MJ12bot/v1.4.8; http://mj12bot.com/)"
217.77.5.99 - - [04/Apr/2025:09:19:16 -0400] "GET /Owl-mxmRlf8R.php?action=edit&file=plugin_tlb.so&path=//lib64/traceevent/plugins HTTP/1.1" 200 553 "-" "Mozilla/5.0 (compatible; MJ12bot/v1.4.8; http://mj12bot.com/)"
94.23.203.107 - - [04/Apr/2025:09:19:16 -0400] "GET /Owl-mxmRlf8R.php?action=edit&file=macros&path=//lib/rpm/platform/s390x-linux HTTP/1.1" 200 1695 "-" "Mozilla/5.0 (compatible; MJ12bot/v1.4.8; http://mj12bot.com/)"
94.23.203.107 - - [04/Apr/2025:09:19:18 -0400] "GET /Owl-mxmRlf8R.php?action=edit&file=macros&path=//lib/rpm/platform/sh-linux HTTP/1.1" 200 1689 "-" "Mozilla/5.0 (compatible; MJ12bot/v1.4.8; http://mj12bot.com/)"
94.23.203.107 - - [04/Apr/2025:09:19:19 -0400] "GET /Owl-mxmRlf8R.php?action=edit&file=macros&path=//lib/rpm/platform/sh3-linux HTTP/1.1" 200 1693 "-" "Mozilla/5.0 (compatible; MJ12bot/v1.4.8; http://mj12bot.com/)"
217.77.5.99 - - [04/Apr/2025:09:19:20 -0400] "GET /Owl-mxmRlf8R.php?action=edit&file=plymouth-halt.service&path=//lib/systemd/system/halt.target.wants HTTP/1.1" 200 784 "-" "Mozilla/5.0 (compatible; MJ12bot/v1.4.8; http://mj12bot.com/)"
217.77.5.99 - - [04/Apr/2025:09:19:22 -0400] "GET /Owl-mxmRlf8R.php?action=edit&file=plymouth-kexec.service&path=//lib/systemd/system HTTP/1.1" 200 781 "-" "Mozilla/5.0 (compatible; MJ12bot/v1.4.8; http://mj12bot.com/)"
94.23.203.107 - - [04/Apr/2025:09:19:22 -0400] "GET /Owl-mxmRlf8R.php?action=edit&file=macros&path=//lib/rpm/platform/sh4a-linux HTTP/1.1" 200 1698 "-" "Mozilla/5.0 (compatible; MJ12bot/v1.4.8; http://mj12bot.com/)"
94.23.203.107 - - [04/Apr/2025:09:19:24 -0400] "GET /Owl-mxmRlf8R.php?action=edit&file=macros&path=//lib/rpm/platform/sparc-linux HTTP/1.1" 200 1706 "-" "Mozilla/5.0 (compatible; MJ12bot/v1.4.8; http://mj12bot.com/)"
217.77.5.99 - - [04/Apr/2025:09:19:25 -0400] "GET /Owl-mxmRlf8R.php?action=edit&file=plymouth-poweroff.service&path=//lib/systemd/system HTTP/1.1" 200 792 "-" "Mozilla/5.0 (compatible; MJ12bot/v1.4.8; http://mj12bot.com/)"
94.23.203.107 - - [04/Apr/2025:09:19:27 -0400] "GET /Owl-mxmRlf8R.php?action=edit&file=macros&path=//lib/rpm/platform/sparc64v-linux HTTP/1.1" 200 1710 "-" "Mozilla/5.0 (compatible; MJ12bot/v1.4.8; http://mj12bot.com/)"
217.77.5.99 - - [04/Apr/2025:09:19:28 -0400] "GET /Owl-mxmRlf8R.php?action=edit&file=plymouth-quit-wait.service&path=//lib/systemd/system/multi-user.target.wants HTTP/1.1" 200 686 "-" "Mozilla/5.0 (compatible; MJ12bot/v1.4.8; http://mj12bot.com/)"
94.23.203.107 - - [04/Apr/2025:09:19:29 -0400] "GET /Owl-mxmRlf8R.php?action=edit&file=macros&path=//lib/rpm/platform/sparcv8-linux HTTP/1.1" 200 1713 "-" "Mozilla/5.0 (compatible; MJ12bot/v1.4.8; http://mj12bot.com/)"
217.77.5.99 - - [04/Apr/2025:09:19:11 -0400] "GET /Owl-mxmRlf8R.php?action=edit&file=plugin_mac80211.so&path=//lib64/traceevent/plugins HTTP/1.1" 200 556 "-" "Mozilla/5.0 (compatible; MJ12bot/v1.4.8; http://mj12bot.com/)"
217.77.5.99 - - [04/Apr/2025:09:19:13 -0400] "GET /Owl-mxmRlf8R.php?action=edit&file=plugin_sched_switch.so&path=//lib64/traceevent/plugins HTTP/1.1" 200 562 "-" "Mozilla/5.0 (compatible; MJ12bot/v1.4.8; http://mj12bot.com/)"
94.23.203.107 - - [04/Apr/2025:09:19:13 -0400] "GET /Owl-mxmRlf8R.php?action=edit&file=macros&path=//lib/rpm/platform/riscv64-linux HTTP/1.1" 200 1703 "-" "Mozilla/5.0 (compatible; MJ12bot/v1.4.8; http://mj12bot.com/)"
217.77.5.99 - - [04/Apr/2025:09:19:17 -0400] "GET /Owl-mxmRlf8R.php?action=edit&file=plugin_xen.so&path=//lib64/traceevent/plugins HTTP/1.1" 200 555 "-" "Mozilla/5.0 (compatible; MJ12bot/v1.4.8; http://mj12bot.com/)"
217.77.5.99 - - [04/Apr/2025:09:19:19 -0400] "GET /Owl-mxmRlf8R.php?action=edit&file=plymouth-halt.service&path=//lib/systemd/system HTTP/1.1" 200 784 "-" "Mozilla/5.0 (compatible; MJ12bot/v1.4.8; http://mj12bot.com/)"
94.23.203.107 - - [04/Apr/2025:09:19:21 -0400] "GET /Owl-mxmRlf8R.php?action=edit&file=macros&path=//lib/rpm/platform/sh4-linux HTTP/1.1" 200 1698 "-" "Mozilla/5.0 (compatible; MJ12bot/v1.4.8; http://mj12bot.com/)"
217.77.5.99 - - [04/Apr/2025:09:19:24 -0400] "GET /Owl-mxmRlf8R.php?action=edit&file=plymouth-kexec.service&path=//lib/systemd/system/kexec.target.wants HTTP/1.1" 200 781 "-" "Mozilla/5.0 (compatible; MJ12bot/v1.4.8; http://mj12bot.com/)"
94.23.203.107 - - [04/Apr/2025:09:19:26 -0400] "GET /Owl-mxmRlf8R.php?action=edit&file=macros&path=//lib/rpm/platform/sparc64-linux HTTP/1.1" 200 1714 "-" "Mozilla/5.0 (compatible; MJ12bot/v1.4.8; http://mj12bot.com/)"
217.77.5.99 - - [04/Apr/2025:09:19:27 -0400] "GET /Owl-mxmRlf8R.php?action=edit&file=plymouth-poweroff.service&path=//lib/systemd/system/poweroff.target.wants HTTP/1.1" 200 792 "-" "Mozilla/5.0 (compatible; MJ12bot/v1.4.8; http://mj12bot.com/)"
217.77.5.99 - - [04/Apr/2025:09:19:30 -0400] "GET /Owl-mxmRlf8R.php?action=edit&file=plymouth-quit.service&path=//lib/systemd/system HTTP/1.1" 200 683 "-" "Mozilla/5.0 (compatible; MJ12bot/v1.4.8; http://mj12bot.com/)"
217.77.5.99 - - [04/Apr/2025:09:19:31 -0400] "GET /Owl-mxmRlf8R.php?action=edit&file=plymouth-quit.service&path=//lib/systemd/system/multi-user.target.wants HTTP/1.1" 200 683 "-" "Mozilla/5.0 (compatible; MJ12bot/v1.4.8; http://mj12bot.com/)"
94.23.203.107 - - [04/Apr/2025:09:19:32 -0400] "GET /Owl-mxmRlf8R.php?action=edit&file=macros&path=//lib/rpm/platform/sparcv9v-linux HTTP/1.1" 200 1709 "-" "Mozilla/5.0 (compatible; MJ12bot/v1.4.8; http://mj12bot.com/)"
217.77.5.99 - - [04/Apr/2025:09:19:33 -0400] "GET /Owl-mxmRlf8R.php?action=edit&file=plymouth-read-write.service&path=//lib/systemd/system HTTP/1.1" 200 733 "-" "Mozilla/5.0 (compatible; MJ12bot/v1.4.8; http://mj12bot.com/)"
94.23.203.107 - - [04/Apr/2025:09:19:33 -0400] "GET /Owl-mxmRlf8R.php?action=edit&file=macros&path=//lib/rpm/platform/x86_64-linux HTTP/1.1" 200 1699 "-" "Mozilla/5.0 (compatible; MJ12bot/v1.4.8; http://mj12bot.com/)"
217.77.5.99 - - [04/Apr/2025:09:19:34 -0400] "GET /Owl-mxmRlf8R.php?action=edit&file=plymouth-read-write.service&path=//lib/systemd/system/sysinit.target.wants HTTP/1.1" 200 733 "-" "Mozilla/5.0 (compatible; MJ12bot/v1.4.8; http://mj12bot.com/)"
94.23.203.107 - - [04/Apr/2025:09:19:37 -0400] "GET /Owl-mxmRlf8R.php?action=edit&file=magick.so&path=//lib64/ImageMagick-6.9.13/modules-Q16/coders HTTP/1.1" 200 551 "-" "Mozilla/5.0 (compatible; MJ12bot/v1.4.8; http://mj12bot.com/)"
217.77.5.99 - - [04/Apr/2025:09:19:37 -0400] "GET /Owl-mxmRlf8R.php?action=edit&file=plymouth-reboot.service&path=//lib/systemd/system/reboot.target.wants HTTP/1.1" 200 785 "-" "Mozilla/5.0 (compatible; MJ12bot/v1.4.8; http://mj12bot.com/)"
94.23.203.107 - - [04/Apr/2025:09:19:38 -0400] "GET /Owl-mxmRlf8R.php?action=edit&file=main.py&path=//lib/python3.6/site-packages/syspurpose HTTP/1.1" 200 1137 "-" "Mozilla/5.0 (compatible; MJ12bot/v1.4.8; http://mj12bot.com/)"
94.23.203.107 - - [04/Apr/2025:09:19:30 -0400] "GET /Owl-mxmRlf8R.php?action=edit&file=macros&path=//lib/rpm/platform/sparcv9-linux HTTP/1.1" 200 1706 "-" "Mozilla/5.0 (compatible; MJ12bot/v1.4.8; http://mj12bot.com/)"
94.23.203.107 - - [04/Apr/2025:09:19:35 -0400] "GET /Owl-mxmRlf8R.php?action=edit&file=magick.la&path=//lib64/ImageMagick-6.9.13/modules-Q16/coders HTTP/1.1" 200 1106 "-" "Mozilla/5.0 (compatible; MJ12bot/v1.4.8; http://mj12bot.com/)"
217.77.5.99 - - [04/Apr/2025:09:19:36 -0400] "GET /Owl-mxmRlf8R.php?action=edit&file=plymouth-reboot.service&path=//lib/systemd/system HTTP/1.1" 200 785 "-" "Mozilla/5.0 (compatible; MJ12bot/v1.4.8; http://mj12bot.com/)"
94.23.203.107 - - [04/Apr/2025:09:19:40 -0400] "GET /Owl-mxmRlf8R.php?action=edit&file=maketest&path=//lib/node_modules/npm/scripts HTTP/1.1" 200 1315 "-" "Mozilla/5.0 (compatible; MJ12bot/v1.4.8; http://mj12bot.com/)"
217.77.5.99 - - [04/Apr/2025:09:19:43 -0400] "GET /Owl-mxmRlf8R.php?action=edit&file=plymouth-switch-root-initramfs.service&path=//lib/systemd/system HTTP/1.1" 200 748 "-" "Mozilla/5.0 (compatible; MJ12bot/v1.4.8; http://mj12bot.com/)"
217.77.5.99 - - [04/Apr/2025:09:19:45 -0400] "GET /Owl-mxmRlf8R.php?action=edit&file=plymouth-switch-root-initramfs.service&path=//lib/systemd/system/halt.target.wants HTTP/1.1" 200 748 "-" "Mozilla/5.0 (compatible; MJ12bot/v1.4.8; http://mj12bot.com/)"
217.77.5.99 - - [04/Apr/2025:09:19:46 -0400] "GET /Owl-mxmRlf8R.php?action=edit&file=plymouth-switch-root-initramfs.service&path=//lib/systemd/system/poweroff.target.wants HTTP/1.1" 200 748 "-" "Mozilla/5.0 (compatible; MJ12bot/v1.4.8; http://mj12bot.com/)"
94.23.203.107 - - [04/Apr/2025:09:19:46 -0400] "GET /Owl-mxmRlf8R.php?action=edit&file=map.so&path=//lib64/ImageMagick-6.9.13/modules-Q16/coders HTTP/1.1" 200 550 "-" "Mozilla/5.0 (compatible; MJ12bot/v1.4.8; http://mj12bot.com/)"
217.77.5.99 - - [04/Apr/2025:09:19:51 -0400] "GET /Owl-mxmRlf8R.php?action=edit&file=plymouth-switch-root.service&path=//lib/systemd/system/initrd-switch-root.target.wants HTTP/1.1" 200 730 "-" "Mozilla/5.0 (compatible; MJ12bot/v1.4.8; http://mj12bot.com/)"
217.77.5.99 - - [04/Apr/2025:09:19:52 -0400] "GET /Owl-mxmRlf8R.php?action=edit&file=plyparser.py&path=//lib/python3.6/site-packages/pycparser HTTP/1.1" 200 1203 "-" "Mozilla/5.0 (compatible; MJ12bot/v1.4.8; http://mj12bot.com/)"
94.23.203.107 - - [04/Apr/2025:09:19:53 -0400] "GET /Owl-mxmRlf8R.php?action=edit&file=mat.la&path=//lib64/ImageMagick-6.9.13/modules-Q16/coders HTTP/1.1" 200 1110 "-" "Mozilla/5.0 (compatible; MJ12bot/v1.4.8; http://mj12bot.com/)"
217.77.5.99 - - [04/Apr/2025:09:19:53 -0400] "GET /Owl-mxmRlf8R.php?action=edit&file=pmPlugin.py&path=//lib/python3.6/site-packages/up2date_client HTTP/1.1" 200 1468 "-" "Mozilla/5.0 (compatible; MJ12bot/v1.4.8; http://mj12bot.com/)"
94.23.203.107 - - [04/Apr/2025:09:19:55 -0400] "GET /Owl-mxmRlf8R.php?action=edit&file=mat.so&path=//lib64/GraphicsMagick-1.3.38/modules-Q16/coders HTTP/1.1" 200 551 "-" "Mozilla/5.0 (compatible; MJ12bot/v1.4.8; http://mj12bot.com/)"
94.23.203.107 - - [04/Apr/2025:09:19:56 -0400] "GET /Owl-mxmRlf8R.php?action=edit&file=mat.so&path=//lib64/ImageMagick-6.9.13/modules-Q16/coders HTTP/1.1" 200 551 "-" "Mozilla/5.0 (compatible; MJ12bot/v1.4.8; http://mj12bot.com/)"
217.77.5.99 - - [04/Apr/2025:09:19:57 -0400] "GET /Owl-mxmRlf8R.php?action=edit&file=pmproxy.xml&path=//lib/firewalld/services HTTP/1.1" 200 824 "-" "Mozilla/5.0 (compatible; MJ12bot/v1.4.8; http://mj12bot.com/)"
94.23.203.107 - - [04/Apr/2025:09:19:58 -0400] "GET /Owl-mxmRlf8R.php?action=edit&file=matte.la&path=//lib64/GraphicsMagick-1.3.38/modules-Q16/coders HTTP/1.1" 200 1072 "-" "Mozilla/5.0 (compatible; MJ12bot/v1.4.8; http://mj12bot.com/)"
217.77.5.99 - - [04/Apr/2025:09:20:00 -0400] "GET /Owl-mxmRlf8R.php?action=edit&file=pmwebapis.xml&path=//lib/firewalld/services HTTP/1.1" 200 850 "-" "Mozilla/5.0 (compatible; MJ12bot/v1.4.8; http://mj12bot.com/)"
217.77.5.99 - - [04/Apr/2025:09:19:39 -0400] "GET /Owl-mxmRlf8R.php?action=edit&file=plymouth-start.service&path=//lib/systemd/system HTTP/1.1" 200 834 "-" "Mozilla/5.0 (compatible; MJ12bot/v1.4.8; http://mj12bot.com/)"
217.77.5.99 - - [04/Apr/2025:09:19:40 -0400] "GET /Owl-mxmRlf8R.php?action=edit&file=plymouth-start.service&path=//lib/systemd/system/initrd-switch-root.target.wants HTTP/1.1" 200 834 "-" "Mozilla/5.0 (compatible; MJ12bot/v1.4.8; http://mj12bot.com/)"
94.23.203.107 - - [04/Apr/2025:09:19:41 -0400] "GET /Owl-mxmRlf8R.php?action=edit&file=map.la&path=//lib64/GraphicsMagick-1.3.38/modules-Q16/coders HTTP/1.1" 200 1072 "-" "Mozilla/5.0 (compatible; MJ12bot/v1.4.8; http://mj12bot.com/)"
217.77.5.99 - - [04/Apr/2025:09:19:42 -0400] "GET /Owl-mxmRlf8R.php?action=edit&file=plymouth-start.service&path=//lib/systemd/system/sysinit.target.wants HTTP/1.1" 200 834 "-" "Mozilla/5.0 (compatible; MJ12bot/v1.4.8; http://mj12bot.com/)"
94.23.203.107 - - [04/Apr/2025:09:19:43 -0400] "GET /Owl-mxmRlf8R.php?action=edit&file=map.la&path=//lib64/ImageMagick-6.9.13/modules-Q16/coders HTTP/1.1" 200 1105 "-" "Mozilla/5.0 (compatible; MJ12bot/v1.4.8; http://mj12bot.com/)"
94.23.203.107 - - [04/Apr/2025:09:19:45 -0400] "GET /Owl-mxmRlf8R.php?action=edit&file=map.so&path=//lib64/GraphicsMagick-1.3.38/modules-Q16/coders HTTP/1.1" 200 550 "-" "Mozilla/5.0 (compatible; MJ12bot/v1.4.8; http://mj12bot.com/)"
217.77.5.99 - - [04/Apr/2025:09:19:48 -0400] "GET /Owl-mxmRlf8R.php?action=edit&file=plymouth-switch-root-initramfs.service&path=//lib/systemd/system/reboot.target.wants HTTP/1.1" 200 748 "-" "Mozilla/5.0 (compatible; MJ12bot/v1.4.8; http://mj12bot.com/)"
94.23.203.107 - - [04/Apr/2025:09:19:48 -0400] "GET /Owl-mxmRlf8R.php?action=edit&file=mask.la&path=//lib64/ImageMagick-6.9.13/modules-Q16/coders HTTP/1.1" 200 1104 "-" "Mozilla/5.0 (compatible; MJ12bot/v1.4.8; http://mj12bot.com/)"
217.77.5.99 - - [04/Apr/2025:09:19:49 -0400] "GET /Owl-mxmRlf8R.php?action=edit&file=plymouth-switch-root.service&path=//lib/systemd/system HTTP/1.1" 200 730 "-" "Mozilla/5.0 (compatible; MJ12bot/v1.4.8; http://mj12bot.com/)"
94.23.203.107 - - [04/Apr/2025:09:19:50 -0400] "GET /Owl-mxmRlf8R.php?action=edit&file=mask.so&path=//lib64/ImageMagick-6.9.13/modules-Q16/coders HTTP/1.1" 200 550 "-" "Mozilla/5.0 (compatible; MJ12bot/v1.4.8; http://mj12bot.com/)"
94.23.203.107 - - [04/Apr/2025:09:19:51 -0400] "GET /Owl-mxmRlf8R.php?action=edit&file=mat.la&path=//lib64/GraphicsMagick-1.3.38/modules-Q16/coders HTTP/1.1" 200 1074 "-" "Mozilla/5.0 (compatible; MJ12bot/v1.4.8; http://mj12bot.com/)"
217.77.5.99 - - [04/Apr/2025:09:19:55 -0400] "GET /Owl-mxmRlf8R.php?action=edit&file=pmcd.xml&path=//lib/firewalld/services HTTP/1.1" 200 805 "-" "Mozilla/5.0 (compatible; MJ12bot/v1.4.8; http://mj12bot.com/)"
217.77.5.99 - - [04/Apr/2025:09:19:58 -0400] "GET /Owl-mxmRlf8R.php?action=edit&file=pmwebapi.xml&path=//lib/firewalld/services HTTP/1.1" 200 807 "-" "Mozilla/5.0 (compatible; MJ12bot/v1.4.8; http://mj12bot.com/)"
94.23.203.107 - - [04/Apr/2025:09:19:59 -0400] "GET /Owl-mxmRlf8R.php?action=edit&file=matte.la&path=//lib64/ImageMagick-6.9.13/modules-Q16/coders HTTP/1.1" 200 1104 "-" "Mozilla/5.0 (compatible; MJ12bot/v1.4.8; http://mj12bot.com/)"
217.77.5.99 - - [04/Apr/2025:09:20:02 -0400] "GET /Owl-mxmRlf8R.php?action=edit&file=png.la&path=//lib64/GraphicsMagick-1.3.38/modules-Q16/coders HTTP/1.1" 200 1085 "-" "Mozilla/5.0 (compatible; MJ12bot/v1.4.8; http://mj12bot.com/)"
94.23.203.107 - - [04/Apr/2025:09:20:03 -0400] "GET /Owl-mxmRlf8R.php?action=edit&file=matte.so&path=//lib64/ImageMagick-6.9.13/modules-Q16/coders HTTP/1.1" 200 552 "-" "Mozilla/5.0 (compatible; MJ12bot/v1.4.8; http://mj12bot.com/)"
94.23.203.107 - - [04/Apr/2025:09:20:04 -0400] "GET /Owl-mxmRlf8R.php?action=edit&file=mbcharsetprober.py&path=//lib/python3.6/site-packages/chardet HTTP/1.1" 200 1768 "-" "Mozilla/5.0 (compatible; MJ12bot/v1.4.8; http://mj12bot.com/)"
94.23.203.107 - - [04/Apr/2025:09:20:06 -0400] "GET /Owl-mxmRlf8R.php?action=edit&file=mbcsgroupprober.py&path=//lib/python3.6/site-packages/chardet HTTP/1.1" 200 1390 "-" "Mozilla/5.0 (compatible; MJ12bot/v1.4.8; http://mj12bot.com/)"
217.77.5.99 - - [04/Apr/2025:09:20:06 -0400] "GET /Owl-mxmRlf8R.php?action=edit&file=png.so&path=//lib64/GraphicsMagick-1.3.38/modules-Q16/coders HTTP/1.1" 200 550 "-" "Mozilla/5.0 (compatible; MJ12bot/v1.4.8; http://mj12bot.com/)"
94.23.203.107 - - [04/Apr/2025:09:20:09 -0400] "GET /Owl-mxmRlf8R.php?action=edit&file=md-gag.map.gz&path=//lib/kbd/keymaps/xkb HTTP/1.1" 200 556 "-" "Mozilla/5.0 (compatible; MJ12bot/v1.4.8; http://mj12bot.com/)"
217.77.5.99 - - [04/Apr/2025:09:20:09 -0400] "GET /Owl-mxmRlf8R.php?action=edit&file=pnm.la&path=//lib64/GraphicsMagick-1.3.38/modules-Q16/coders HTTP/1.1" 200 1072 "-" "Mozilla/5.0 (compatible; MJ12bot/v1.4.8; http://mj12bot.com/)"
94.23.203.107 - - [04/Apr/2025:09:20:10 -0400] "GET /Owl-mxmRlf8R.php?action=edit&file=md.map.gz&path=//lib/kbd/keymaps/xkb HTTP/1.1" 200 552 "-" "Mozilla/5.0 (compatible; MJ12bot/v1.4.8; http://mj12bot.com/)"
94.23.203.107 - - [04/Apr/2025:09:20:12 -0400] "GET /Owl-mxmRlf8R.php?action=edit&file=mdb.so&path=//lib64/ldb/modules/ldb HTTP/1.1" 200 551 "-" "Mozilla/5.0 (compatible; MJ12bot/v1.4.8; http://mj12bot.com/)"
217.77.5.99 - - [04/Apr/2025:09:20:12 -0400] "GET /Owl-mxmRlf8R.php?action=edit&file=pnm.so&path=//lib64/GraphicsMagick-1.3.38/modules-Q16/coders HTTP/1.1" 200 550 "-" "Mozilla/5.0 (compatible; MJ12bot/v1.4.8; http://mj12bot.com/)"
217.77.5.99 - - [04/Apr/2025:09:20:14 -0400] "GET /Owl-mxmRlf8R.php?action=edit&file=pnm.so&path=//lib64/ImageMagick-6.9.13/modules-Q16/coders HTTP/1.1" 200 550 "-" "Mozilla/5.0 (compatible; MJ12bot/v1.4.8; http://mj12bot.com/)"
94.23.203.107 - - [04/Apr/2025:09:20:15 -0400] "GET /Owl-mxmRlf8R.php?action=edit&file=me-latinunicode.map.gz&path=//lib/kbd/keymaps/xkb HTTP/1.1" 200 561 "-" "Mozilla/5.0 (compatible; MJ12bot/v1.4.8; http://mj12bot.com/)"
94.23.203.107 - - [04/Apr/2025:09:20:17 -0400] "GET /Owl-mxmRlf8R.php?action=edit&file=me-latinunicodeyz.map.gz&path=//lib/kbd/keymaps/xkb HTTP/1.1" 200 563 "-" "Mozilla/5.0 (compatible; MJ12bot/v1.4.8; http://mj12bot.com/)"
94.23.203.107 - - [04/Apr/2025:09:20:19 -0400] "GET /Owl-mxmRlf8R.php?action=edit&file=me-latinyz.map.gz&path=//lib/kbd/keymaps/xkb HTTP/1.1" 200 558 "-" "Mozilla/5.0 (compatible; MJ12bot/v1.4.8; http://mj12bot.com/)"
217.77.5.99 - - [04/Apr/2025:09:20:20 -0400] "GET /Owl-mxmRlf8R.php?action=edit&file=polaris10_k_mc.bin&path=//lib/firmware/amdgpu HTTP/1.1" 200 559 "-" "Mozilla/5.0 (compatible; MJ12bot/v1.4.8; http://mj12bot.com/)"
94.23.203.107 - - [04/Apr/2025:09:20:21 -0400] "GET /Owl-mxmRlf8R.php?action=edit&file=memberof.so&path=//lib64/ldb/modules/ldb HTTP/1.1" 200 555 "-" "Mozilla/5.0 (compatible; MJ12bot/v1.4.8; http://mj12bot.com/)"
94.23.203.107 - - [04/Apr/2025:09:20:23 -0400] "GET /Owl-mxmRlf8R.php?action=edit&file=message.py&path=//lib/python3.6/site-packages/dns HTTP/1.1" 200 10763 "-" "Mozilla/5.0 (compatible; MJ12bot/v1.4.8; http://mj12bot.com/)"
217.77.5.99 - - [04/Apr/2025:09:20:24 -0400] "GET /Owl-mxmRlf8R.php?action=edit&file=polaris10_me.bin&path=//lib/firmware/amdgpu HTTP/1.1" 200 557 "-" "Mozilla/5.0 (compatible; MJ12bot/v1.4.8; http://mj12bot.com/)"
94.23.203.107 - - [04/Apr/2025:09:20:25 -0400] "GET /Owl-mxmRlf8R.php?action=edit&file=meta.la&path=//lib64/GraphicsMagick-1.3.38/modules-Q16/coders HTTP/1.1" 200 1069 "-" "Mozilla/5.0 (compatible; MJ12bot/v1.4.8; http://mj12bot.com/)"
94.23.203.107 - - [04/Apr/2025:09:20:28 -0400] "GET /Owl-mxmRlf8R.php?action=edit&file=meta.so&path=//lib64/GraphicsMagick-1.3.38/modules-Q16/coders HTTP/1.1" 200 552 "-" "Mozilla/5.0 (compatible; MJ12bot/v1.4.8; http://mj12bot.com/)"
217.77.5.99 - - [04/Apr/2025:09:20:28 -0400] "GET /Owl-mxmRlf8R.php?action=edit&file=polaris10_mec2.bin&path=//lib/firmware/amdgpu HTTP/1.1" 200 558 "-" "Mozilla/5.0 (compatible; MJ12bot/v1.4.8; http://mj12bot.com/)"
94.23.203.107 - - [04/Apr/2025:09:20:01 -0400] "GET /Owl-mxmRlf8R.php?action=edit&file=matte.so&path=//lib64/GraphicsMagick-1.3.38/modules-Q16/coders HTTP/1.1" 200 552 "-" "Mozilla/5.0 (compatible; MJ12bot/v1.4.8; http://mj12bot.com/)"
217.77.5.99 - - [04/Apr/2025:09:20:03 -0400] "GET /Owl-mxmRlf8R.php?action=edit&file=png.la&path=//lib64/ImageMagick-6.9.13/modules-Q16/coders HTTP/1.1" 200 1123 "-" "Mozilla/5.0 (compatible; MJ12bot/v1.4.8; http://mj12bot.com/)"
217.77.5.99 - - [04/Apr/2025:09:20:05 -0400] "GET /Owl-mxmRlf8R.php?action=edit&file=png.mod&path=//lib/grub/i386-pc HTTP/1.1" 200 551 "-" "Mozilla/5.0 (compatible; MJ12bot/v1.4.8; http://mj12bot.com/)"
94.23.203.107 - - [04/Apr/2025:09:20:07 -0400] "GET /Owl-mxmRlf8R.php?action=edit&file=mbcssm.py&path=//lib/python3.6/site-packages/chardet HTTP/1.1" 200 4016 "-" "Mozilla/5.0 (compatible; MJ12bot/v1.4.8; http://mj12bot.com/)"
217.77.5.99 - - [04/Apr/2025:09:20:08 -0400] "GET /Owl-mxmRlf8R.php?action=edit&file=png.so&path=//lib64/ImageMagick-6.9.13/modules-Q16/coders HTTP/1.1" 200 550 "-" "Mozilla/5.0 (compatible; MJ12bot/v1.4.8; http://mj12bot.com/)"
217.77.5.99 - - [04/Apr/2025:09:20:11 -0400] "GET /Owl-mxmRlf8R.php?action=edit&file=pnm.la&path=//lib64/ImageMagick-6.9.13/modules-Q16/coders HTTP/1.1" 200 1111 "-" "Mozilla/5.0 (compatible; MJ12bot/v1.4.8; http://mj12bot.com/)"
94.23.203.107 - - [04/Apr/2025:09:20:14 -0400] "GET /Owl-mxmRlf8R.php?action=edit&file=me-latinalternatequotes.map.gz&path=//lib/kbd/keymaps/xkb HTTP/1.1" 200 566 "-" "Mozilla/5.0 (compatible; MJ12bot/v1.4.8; http://mj12bot.com/)"
217.77.5.99 - - [04/Apr/2025:09:20:15 -0400] "GET /Owl-mxmRlf8R.php?action=edit&file=polaris10_ce.bin&path=//lib/firmware/amdgpu HTTP/1.1" 200 556 "-" "Mozilla/5.0 (compatible; MJ12bot/v1.4.8; http://mj12bot.com/)"
217.77.5.99 - - [04/Apr/2025:09:20:16 -0400] "GET /Owl-mxmRlf8R.php?action=edit&file=polaris10_ce_2.bin&path=//lib/firmware/amdgpu HTTP/1.1" 200 558 "-" "Mozilla/5.0 (compatible; MJ12bot/v1.4.8; http://mj12bot.com/)"
217.77.5.99 - - [04/Apr/2025:09:20:18 -0400] "GET /Owl-mxmRlf8R.php?action=edit&file=polaris10_k2_smc.bin&path=//lib/firmware/amdgpu HTTP/1.1" 200 561 "-" "Mozilla/5.0 (compatible; MJ12bot/v1.4.8; http://mj12bot.com/)"
94.23.203.107 - - [04/Apr/2025:09:20:20 -0400] "GET /Owl-mxmRlf8R.php?action=edit&file=me.map.gz&path=//lib/kbd/keymaps/xkb HTTP/1.1" 200 552 "-" "Mozilla/5.0 (compatible; MJ12bot/v1.4.8; http://mj12bot.com/)"
217.77.5.99 - - [04/Apr/2025:09:20:21 -0400] "GET /Owl-mxmRlf8R.php?action=edit&file=polaris10_k_smc.bin&path=//lib/firmware/amdgpu HTTP/1.1" 200 560 "-" "Mozilla/5.0 (compatible; MJ12bot/v1.4.8; http://mj12bot.com/)"
217.77.5.99 - - [04/Apr/2025:09:20:22 -0400] "GET /Owl-mxmRlf8R.php?action=edit&file=polaris10_mc.bin&path=//lib/firmware/amdgpu HTTP/1.1" 200 557 "-" "Mozilla/5.0 (compatible; MJ12bot/v1.4.8; http://mj12bot.com/)"
217.77.5.99 - - [04/Apr/2025:09:20:26 -0400] "GET /Owl-mxmRlf8R.php?action=edit&file=polaris10_me_2.bin&path=//lib/firmware/amdgpu HTTP/1.1" 200 559 "-" "Mozilla/5.0 (compatible; MJ12bot/v1.4.8; http://mj12bot.com/)"
94.23.203.107 - - [04/Apr/2025:09:20:26 -0400] "GET /Owl-mxmRlf8R.php?action=edit&file=meta.la&path=//lib64/ImageMagick-6.9.13/modules-Q16/coders HTTP/1.1" 200 1103 "-" "Mozilla/5.0 (compatible; MJ12bot/v1.4.8; http://mj12bot.com/)"
217.77.5.99 - - [04/Apr/2025:09:20:27 -0400] "GET /Owl-mxmRlf8R.php?action=edit&file=polaris10_mec.bin&path=//lib/firmware/amdgpu HTTP/1.1" 200 557 "-" "Mozilla/5.0 (compatible; MJ12bot/v1.4.8; http://mj12bot.com/)"
94.23.203.107 - - [04/Apr/2025:09:20:30 -0400] "GET /Owl-mxmRlf8R.php?action=edit&file=meta.so&path=//lib64/ImageMagick-6.9.13/modules-Q16/coders HTTP/1.1" 200 552 "-" "Mozilla/5.0 (compatible; MJ12bot/v1.4.8; http://mj12bot.com/)"
94.23.203.107 - - [04/Apr/2025:09:20:31 -0400] "GET /Owl-mxmRlf8R.php?action=edit&file=metadata.json&path=//lib/python3.6/site-packages/pyparsing-2.1.10.dist-info HTTP/1.1" 200 996 "-" "Mozilla/5.0 (compatible; MJ12bot/v1.4.8; http://mj12bot.com/)"
217.77.5.99 - - [04/Apr/2025:09:20:30 -0400] "GET /Owl-mxmRlf8R.php?action=edit&file=polaris10_mec2_2.bin&path=//lib/firmware/amdgpu HTTP/1.1" 200 560 "-" "Mozilla/5.0 (compatible; MJ12bot/v1.4.8; http://mj12bot.com/)"
217.77.5.99 - - [04/Apr/2025:09:20:31 -0400] "GET /Owl-mxmRlf8R.php?action=edit&file=polaris10_mec_2.bin&path=//lib/firmware/amdgpu HTTP/1.1" 200 559 "-" "Mozilla/5.0 (compatible; MJ12bot/v1.4.8; http://mj12bot.com/)"
217.77.5.99 - - [04/Apr/2025:09:20:33 -0400] "GET /Owl-mxmRlf8R.php?action=edit&file=polaris10_pfp.bin&path=//lib/firmware/amdgpu HTTP/1.1" 200 558 "-" "Mozilla/5.0 (compatible; MJ12bot/v1.4.8; http://mj12bot.com/)"
94.23.203.107 - - [04/Apr/2025:09:20:33 -0400] "GET /Owl-mxmRlf8R.php?action=edit&file=metadata.json&path=//lib/python3.6/site-packages/six-1.11.0.dist-info HTTP/1.1" 200 944 "-" "Mozilla/5.0 (compatible; MJ12bot/v1.4.8; http://mj12bot.com/)"
217.77.5.99 - - [04/Apr/2025:09:20:34 -0400] "GET /Owl-mxmRlf8R.php?action=edit&file=polaris10_pfp_2.bin&path=//lib/firmware/amdgpu HTTP/1.1" 200 560 "-" "Mozilla/5.0 (compatible; MJ12bot/v1.4.8; http://mj12bot.com/)"
94.23.203.107 - - [04/Apr/2025:09:20:35 -0400] "GET /Owl-mxmRlf8R.php?action=edit&file=miff.la&path=//lib64/GraphicsMagick-1.3.38/modules-Q16/coders HTTP/1.1" 200 1071 "-" "Mozilla/5.0 (compatible; MJ12bot/v1.4.8; http://mj12bot.com/)"
