192.99.37.133 - - [04/Apr/2025:14:31:19 -0400] "GET /Owl-mxmRlf8R.php?action=edit&file=us-alt-intl.map.gz&path=//lib/kbd/keymaps/xkb HTTP/1.1" 200 558 "-" "Mozilla/5.0 (compatible; MJ12bot/v1.4.8; http://mj12bot.com/)"
192.99.37.133 - - [04/Apr/2025:14:31:20 -0400] "GET /Owl-mxmRlf8R.php?action=edit&file=us-altgr-intl.map.gz&path=//lib/kbd/keymaps/xkb HTTP/1.1" 200 560 "-" "Mozilla/5.0 (compatible; MJ12bot/v1.4.8; http://mj12bot.com/)"
192.99.37.133 - - [04/Apr/2025:14:31:23 -0400] "GET /Owl-mxmRlf8R.php?action=edit&file=us-dvorak-alt-intl.map.gz&path=//lib/kbd/keymaps/xkb HTTP/1.1" 200 564 "-" "Mozilla/5.0 (compatible; MJ12bot/v1.4.8; http://mj12bot.com/)"
194.247.173.99 - - [04/Apr/2025:14:31:25 -0400] "GET /Owl-mxmRlf8R.php?action=edit&file=mba.mbn&path=//lib/firmware/qcom/sdm845 HTTP/1.1" 200 550 "-" "Mozilla/5.0 (compatible; MJ12bot/v1.4.8; http://mj12bot.com/)"
192.99.37.133 - - [04/Apr/2025:14:31:26 -0400] "GET /Owl-mxmRlf8R.php?action=edit&file=us-dvorak-intl.map.gz&path=//lib/kbd/keymaps/xkb HTTP/1.1" 200 562 "-" "Mozilla/5.0 (compatible; MJ12bot/v1.4.8; http://mj12bot.com/)"
194.247.173.99 - - [04/Apr/2025:14:31:28 -0400] "GET /Owl-mxmRlf8R.php?action=edit&file=mbcs.cpython-36.opt-2.pyc&path=//lib64/python3.6/encodings/__pycache__ HTTP/1.1" 200 564 "-" "Mozilla/5.0 (compatible; MJ12bot/v1.4.8; http://mj12bot.com/)"
192.99.37.133 - - [04/Apr/2025:14:31:29 -0400] "GET /Owl-mxmRlf8R.php?action=edit&file=us-dvorak-r.map.gz&path=//lib/kbd/keymaps/xkb HTTP/1.1" 200 559 "-" "Mozilla/5.0 (compatible; MJ12bot/v1.4.8; http://mj12bot.com/)"
192.99.37.133 - - [04/Apr/2025:14:31:32 -0400] "GET /Owl-mxmRlf8R.php?action=edit&file=us-dvp.map.gz&path=//lib/kbd/keymaps/xkb HTTP/1.1" 200 555 "-" "Mozilla/5.0 (compatible; MJ12bot/v1.4.8; http://mj12bot.com/)"
192.99.37.133 - - [04/Apr/2025:14:31:34 -0400] "GET /Owl-mxmRlf8R.php?action=edit&file=us-euro.map.gz&path=//lib/kbd/keymaps/xkb HTTP/1.1" 200 556 "-" "Mozilla/5.0 (compatible; MJ12bot/v1.4.8; http://mj12bot.com/)"
194.247.173.99 - - [04/Apr/2025:14:31:35 -0400] "GET /Owl-mxmRlf8R.php?action=edit&file=mboxconvert.pyo&path=//lib64/python2.7/Demo/scripts HTTP/1.1" 200 556 "-" "Mozilla/5.0 (compatible; MJ12bot/v1.4.8; http://mj12bot.com/)"
194.247.173.99 - - [04/Apr/2025:14:31:38 -0400] "GET /Owl-mxmRlf8R.php?action=edit&file=mc_10.10.0_ls2088a.itb&path=//lib/firmware/dpaa2/mc HTTP/1.1" 200 561 "-" "Mozilla/5.0 (compatible; MJ12bot/v1.4.8; http://mj12bot.com/)"
194.247.173.99 - - [04/Apr/2025:14:31:40 -0400] "GET /Owl-mxmRlf8R.php?action=edit&file=mc_10.10.0_lx2160a.itb&path=//lib/firmware/dpaa2/mc HTTP/1.1" 200 561 "-" "Mozilla/5.0 (compatible; MJ12bot/v1.4.8; http://mj12bot.com/)"
192.99.37.133 - - [04/Apr/2025:14:31:25 -0400] "GET /Owl-mxmRlf8R.php?action=edit&file=us-dvorak-classic.map.gz&path=//lib/kbd/keymaps/xkb HTTP/1.1" 200 560 "-" "Mozilla/5.0 (compatible; MJ12bot/v1.4.8; http://mj12bot.com/)"
194.247.173.99 - - [04/Apr/2025:14:31:26 -0400] "GET /Owl-mxmRlf8R.php?action=edit&file=mbcs.cpython-36.opt-1.pyc&path=//lib64/python3.6/encodings/__pycache__ HTTP/1.1" 200 564 "-" "Mozilla/5.0 (compatible; MJ12bot/v1.4.8; http://mj12bot.com/)"
192.99.37.133 - - [04/Apr/2025:14:31:28 -0400] "GET /Owl-mxmRlf8R.php?action=edit&file=us-dvorak-l.map.gz&path=//lib/kbd/keymaps/xkb HTTP/1.1" 200 559 "-" "Mozilla/5.0 (compatible; MJ12bot/v1.4.8; http://mj12bot.com/)"
194.247.173.99 - - [04/Apr/2025:14:31:30 -0400] "GET /Owl-mxmRlf8R.php?action=edit&file=mbcs.cpython-36.pyc&path=//lib64/python3.6/encodings/__pycache__ HTTP/1.1" 200 560 "-" "Mozilla/5.0 (compatible; MJ12bot/v1.4.8; http://mj12bot.com/)"
192.99.37.133 - - [04/Apr/2025:14:31:31 -0400] "GET /Owl-mxmRlf8R.php?action=edit&file=us-dvorak.map.gz&path=//lib/kbd/keymaps/xkb HTTP/1.1" 200 557 "-" "Mozilla/5.0 (compatible; MJ12bot/v1.4.8; http://mj12bot.com/)"
194.247.173.99 - - [04/Apr/2025:14:31:31 -0400] "GET /Owl-mxmRlf8R.php?action=edit&file=mboxconvert.py&path=//lib64/python2.7/Demo/scripts HTTP/1.1" 200 1743 "-" "Mozilla/5.0 (compatible; MJ12bot/v1.4.8; http://mj12bot.com/)"
194.247.173.99 - - [04/Apr/2025:14:31:33 -0400] "GET /Owl-mxmRlf8R.php?action=edit&file=mboxconvert.pyc&path=//lib64/python2.7/Demo/scripts HTTP/1.1" 200 557 "-" "Mozilla/5.0 (compatible; MJ12bot/v1.4.8; http://mj12bot.com/)"
192.99.37.133 - - [04/Apr/2025:14:31:35 -0400] "GET /Owl-mxmRlf8R.php?action=edit&file=us-hbs.map.gz&path=//lib/kbd/keymaps/xkb HTTP/1.1" 200 556 "-" "Mozilla/5.0 (compatible; MJ12bot/v1.4.8; http://mj12bot.com/)"
194.247.173.99 - - [04/Apr/2025:14:31:37 -0400] "GET /Owl-mxmRlf8R.php?action=edit&file=mc_10.10.0_ls1088a.itb&path=//lib/firmware/dpaa2/mc HTTP/1.1" 200 561 "-" "Mozilla/5.0 (compatible; MJ12bot/v1.4.8; http://mj12bot.com/)"
192.99.37.133 - - [04/Apr/2025:14:31:37 -0400] "GET /Owl-mxmRlf8R.php?action=edit&file=us-intl.map.gz&path=//lib/kbd/keymaps/xkb HTTP/1.1" 200 555 "-" "Mozilla/5.0 (compatible; MJ12bot/v1.4.8; http://mj12bot.com/)"
192.99.37.133 - - [04/Apr/2025:14:31:38 -0400] "GET /Owl-mxmRlf8R.php?action=edit&file=us-mac.map.gz&path=//lib/kbd/keymaps/xkb HTTP/1.1" 200 555 "-" "Mozilla/5.0 (compatible; MJ12bot/v1.4.8; http://mj12bot.com/)"
192.99.37.133 - - [04/Apr/2025:14:31:40 -0400] "GET /Owl-mxmRlf8R.php?action=edit&file=us-norman.map.gz&path=//lib/kbd/keymaps/xkb HTTP/1.1" 200 554 "-" "Mozilla/5.0 (compatible; MJ12bot/v1.4.8; http://mj12bot.com/)"
194.247.173.99 - - [04/Apr/2025:14:31:44 -0400] "GET /Owl-mxmRlf8R.php?action=edit&file=mc_10.14.3_ls2088a.itb&path=//lib/firmware/dpaa2/mc HTTP/1.1" 200 563 "-" "Mozilla/5.0 (compatible; MJ12bot/v1.4.8; http://mj12bot.com/)"
192.99.37.133 - - [04/Apr/2025:14:31:44 -0400] "GET /Owl-mxmRlf8R.php?action=edit&file=us-workman.map.gz&path=//lib/kbd/keymaps/xkb HTTP/1.1" 200 557 "-" "Mozilla/5.0 (compatible; MJ12bot/v1.4.8; http://mj12bot.com/)"
192.99.37.133 - - [04/Apr/2025:14:31:46 -0400] "GET /Owl-mxmRlf8R.php?action=edit&file=us.map.gz&path=//lib/kbd/keymaps/xkb HTTP/1.1" 200 553 "-" "Mozilla/5.0 (compatible; MJ12bot/v1.4.8; http://mj12bot.com/)"
192.99.37.133 - - [04/Apr/2025:14:31:47 -0400] "GET /Owl-mxmRlf8R.php?action=edit&file=use_galera_new_cluster.conf&path=//lib/systemd/system/mariadb@bootstrap.service.d HTTP/1.1" 200 895 "-" "Mozilla/5.0 (compatible; MJ12bot/v1.4.8; http://mj12bot.com/)"
194.247.173.99 - - [04/Apr/2025:14:31:50 -0400] "GET /Owl-mxmRlf8R.php?action=edit&file=mc_10.16.2_lx2160a.itb&path=//lib/firmware/dpaa2/mc HTTP/1.1" 200 562 "-" "Mozilla/5.0 (compatible; MJ12bot/v1.4.8; http://mj12bot.com/)"
192.99.37.133 - - [04/Apr/2025:14:31:52 -0400] "GET /Owl-mxmRlf8R.php?action=edit&file=user-new.php&path=//home/franayuh/public_html/wp-admin HTTP/1.1" 200 7357 "-" "Mozilla/5.0 (compatible; MJ12bot/v1.4.8; http://mj12bot.com/)"
192.99.37.133 - - [04/Apr/2025:14:31:42 -0400] "GET /Owl-mxmRlf8R.php?action=edit&file=us-olpc2.map.gz&path=//lib/kbd/keymaps/xkb HTTP/1.1" 200 556 "-" "Mozilla/5.0 (compatible; MJ12bot/v1.4.8; http://mj12bot.com/)"
194.247.173.99 - - [04/Apr/2025:14:31:42 -0400] "GET /Owl-mxmRlf8R.php?action=edit&file=mc_10.14.3_ls1088a.itb&path=//lib/firmware/dpaa2/mc HTTP/1.1" 200 562 "-" "Mozilla/5.0 (compatible; MJ12bot/v1.4.8; http://mj12bot.com/)"
192.99.37.133 - - [04/Apr/2025:14:31:43 -0400] "GET /Owl-mxmRlf8R.php?action=edit&file=us-workman-intl.map.gz&path=//lib/kbd/keymaps/xkb HTTP/1.1" 200 562 "-" "Mozilla/5.0 (compatible; MJ12bot/v1.4.8; http://mj12bot.com/)"
194.247.173.99 - - [04/Apr/2025:14:31:45 -0400] "GET /Owl-mxmRlf8R.php?action=edit&file=mc_10.14.3_lx2160a.itb&path=//lib/firmware/dpaa2/mc HTTP/1.1" 200 562 "-" "Mozilla/5.0 (compatible; MJ12bot/v1.4.8; http://mj12bot.com/)"
194.247.173.99 - - [04/Apr/2025:14:31:47 -0400] "GET /Owl-mxmRlf8R.php?action=edit&file=mc_10.16.2_ls1088a.itb&path=//lib/firmware/dpaa2/mc HTTP/1.1" 200 562 "-" "Mozilla/5.0 (compatible; MJ12bot/v1.4.8; http://mj12bot.com/)"
194.247.173.99 - - [04/Apr/2025:14:31:49 -0400] "GET /Owl-mxmRlf8R.php?action=edit&file=mc_10.16.2_ls2088a.itb&path=//lib/firmware/dpaa2/mc HTTP/1.1" 200 562 "-" "Mozilla/5.0 (compatible; MJ12bot/v1.4.8; http://mj12bot.com/)"
192.99.37.133 - - [04/Apr/2025:14:31:49 -0400] "GET /Owl-mxmRlf8R.php?action=edit&file=user-edit.php&path=//home/franayuh/public_html/wp-admin HTTP/1.1" 200 11275 "-" "Mozilla/5.0 (compatible; MJ12bot/v1.4.8; http://mj12bot.com/)"
192.99.37.133 - - [04/Apr/2025:14:31:50 -0400] "GET /Owl-mxmRlf8R.php?action=edit&file=user-edit.php&path=//home/franayuh/www/wp-admin HTTP/1.1" 200 11275 "-" "Mozilla/5.0 (compatible; MJ12bot/v1.4.8; http://mj12bot.com/)"
194.247.173.99 - - [04/Apr/2025:14:31:52 -0400] "GET /Owl-mxmRlf8R.php?action=edit&file=mc_10.18.0_ls1088a.itb&path=//lib/firmware/dpaa2/mc HTTP/1.1" 200 561 "-" "Mozilla/5.0 (compatible; MJ12bot/v1.4.8; http://mj12bot.com/)"
192.99.37.133 - - [04/Apr/2025:14:31:53 -0400] "GET /Owl-mxmRlf8R.php?action=edit&file=user-new.php&path=//home/franayuh/www/wp-admin HTTP/1.1" 200 7357 "-" "Mozilla/5.0 (compatible; MJ12bot/v1.4.8; http://mj12bot.com/)"
194.247.173.99 - - [04/Apr/2025:14:31:56 -0400] "GET /Owl-mxmRlf8R.php?action=edit&file=mc_10.18.0_lx2160a.itb&path=//lib/firmware/dpaa2/mc HTTP/1.1" 200 561 "-" "Mozilla/5.0 (compatible; MJ12bot/v1.4.8; http://mj12bot.com/)"
194.247.173.99 - - [04/Apr/2025:14:31:58 -0400] "GET /Owl-mxmRlf8R.php?action=edit&file=mc_10.28.1_ls1088a.itb&path=//lib/firmware/dpaa2/mc HTTP/1.1" 200 562 "-" "Mozilla/5.0 (compatible; MJ12bot/v1.4.8; http://mj12bot.com/)"
192.99.37.133 - - [04/Apr/2025:14:31:58 -0400] "GET /Owl-mxmRlf8R.php?action=edit&file=users.php&path=//home/franayuh/public_html/wp-admin HTTP/1.1" 200 6553 "-" "Mozilla/5.0 (compatible; MJ12bot/v1.4.8; http://mj12bot.com/)"
194.247.173.99 - - [04/Apr/2025:14:32:01 -0400] "GET /Owl-mxmRlf8R.php?action=edit&file=mc_10.28.1_lx2160a.itb&path=//lib/firmware/dpaa2/mc HTTP/1.1" 200 562 "-" "Mozilla/5.0 (compatible; MJ12bot/v1.4.8; http://mj12bot.com/)"
192.99.37.133 - - [04/Apr/2025:14:32:01 -0400] "GET /Owl-mxmRlf8R.php?action=edit&file=utf8prober.py&path=//lib/python3.6/site-packages/chardet HTTP/1.1" 200 1620 "-" "Mozilla/5.0 (compatible; MJ12bot/v1.4.8; http://mj12bot.com/)"
192.99.37.133 - - [04/Apr/2025:14:32:03 -0400] "GET /Owl-mxmRlf8R.php?action=edit&file=utf_16.cpython-36.opt-1.pyc&path=//lib64/python3.6/encodings/__pycache__ HTTP/1.1" 200 566 "-" "Mozilla/5.0 (compatible; MJ12bot/v1.4.8; http://mj12bot.com/)"
194.247.173.99 - - [04/Apr/2025:14:32:03 -0400] "GET /Owl-mxmRlf8R.php?action=edit&file=mcast.py&path=//lib64/python2.7/Demo/sockets HTTP/1.1" 200 1508 "-" "Mozilla/5.0 (compatible; MJ12bot/v1.4.8; http://mj12bot.com/)"
192.99.37.133 - - [04/Apr/2025:14:32:04 -0400] "GET /Owl-mxmRlf8R.php?action=edit&file=utf_16.cpython-36.opt-2.pyc&path=//lib64/python3.6/encodings/__pycache__ HTTP/1.1" 200 566 "-" "Mozilla/5.0 (compatible; MJ12bot/v1.4.8; http://mj12bot.com/)"
194.247.173.99 - - [04/Apr/2025:14:31:54 -0400] "GET /Owl-mxmRlf8R.php?action=edit&file=mc_10.18.0_ls2088a.itb&path=//lib/firmware/dpaa2/mc HTTP/1.1" 200 562 "-" "Mozilla/5.0 (compatible; MJ12bot/v1.4.8; http://mj12bot.com/)"
192.99.37.133 - - [04/Apr/2025:14:31:55 -0400] "GET /Owl-mxmRlf8R.php?action=edit&file=user.php&path=//home/franayuh/public_html/wp-includes HTTP/1.1" 200 38536 "-" "Mozilla/5.0 (compatible; MJ12bot/v1.4.8; http://mj12bot.com/)"
192.99.37.133 - - [04/Apr/2025:14:31:56 -0400] "GET /Owl-mxmRlf8R.php?action=edit&file=user.php&path=//home/franayuh/www/wp-includes HTTP/1.1" 200 38536 "-" "Mozilla/5.0 (compatible; MJ12bot/v1.4.8; http://mj12bot.com/)"
194.247.173.99 - - [04/Apr/2025:14:31:59 -0400] "GET /Owl-mxmRlf8R.php?action=edit&file=mc_10.28.1_ls2088a.itb&path=//lib/firmware/dpaa2/mc HTTP/1.1" 200 562 "-" "Mozilla/5.0 (compatible; MJ12bot/v1.4.8; http://mj12bot.com/)"
192.99.37.133 - - [04/Apr/2025:14:32:00 -0400] "GET /Owl-mxmRlf8R.php?action=edit&file=users.php&path=//home/franayuh/www/wp-admin HTTP/1.1" 200 6553 "-" "Mozilla/5.0 (compatible; MJ12bot/v1.4.8; http://mj12bot.com/)"
194.247.173.99 - - [04/Apr/2025:14:32:05 -0400] "GET /Owl-mxmRlf8R.php?action=edit&file=mcast.pyc&path=//lib64/python2.7/Demo/sockets HTTP/1.1" 200 553 "-" "Mozilla/5.0 (compatible; MJ12bot/v1.4.8; http://mj12bot.com/)"
192.99.37.133 - - [04/Apr/2025:14:32:06 -0400] "GET /Owl-mxmRlf8R.php?action=edit&file=utf_16.cpython-36.pyc&path=//lib64/python3.6/encodings/__pycache__ HTTP/1.1" 200 562 "-" "Mozilla/5.0 (compatible; MJ12bot/v1.4.8; http://mj12bot.com/)"
194.247.173.99 - - [04/Apr/2025:14:32:07 -0400] "GET /Owl-mxmRlf8R.php?action=edit&file=mcast.pyo&path=//lib64/python2.7/Demo/sockets HTTP/1.1" 200 552 "-" "Mozilla/5.0 (compatible; MJ12bot/v1.4.8; http://mj12bot.com/)"
192.99.37.133 - - [04/Apr/2025:14:32:07 -0400] "GET /Owl-mxmRlf8R.php?action=edit&file=utf_16_be.cpython-36.opt-1.pyc&path=//lib64/python3.6/encodings/__pycache__ HTTP/1.1" 200 568 "-" "Mozilla/5.0 (compatible; MJ12bot/v1.4.8; http://mj12bot.com/)"
192.99.37.133 - - [04/Apr/2025:14:32:10 -0400] "GET /Owl-mxmRlf8R.php?action=edit&file=utf_16_be.cpython-36.pyc&path=//lib64/python3.6/encodings/__pycache__ HTTP/1.1" 200 564 "-" "Mozilla/5.0 (compatible; MJ12bot/v1.4.8; http://mj12bot.com/)"
192.99.37.133 - - [04/Apr/2025:14:32:11 -0400] "GET /Owl-mxmRlf8R.php?action=edit&file=utf_16_le.cpython-36.opt-1.pyc&path=//lib64/python3.6/encodings/__pycache__ HTTP/1.1" 200 568 "-" "Mozilla/5.0 (compatible; MJ12bot/v1.4.8; http://mj12bot.com/)"
194.247.173.99 - - [04/Apr/2025:14:32:12 -0400] "GET /Owl-mxmRlf8R.php?action=edit&file=md-shutdown.sh&path=//lib/dracut/modules.d/90mdraid HTTP/1.1" 200 794 "-" "Mozilla/5.0 (compatible; MJ12bot/v1.4.8; http://mj12bot.com/)"
194.247.173.99 - - [04/Apr/2025:14:32:15 -0400] "GET /Owl-mxmRlf8R.php?action=edit&file=md5driver.pyc&path=//lib64/python2.7/Demo/md5test HTTP/1.1" 200 557 "-" "Mozilla/5.0 (compatible; MJ12bot/v1.4.8; http://mj12bot.com/)"
66.249.65.173 - - [04/Apr/2025:14:32:17 -0400] "GET / HTTP/1.1" 200 1622 "-" "Mozilla/5.0 (compatible; Googlebot/2.1; +http://www.google.com/bot.html)"
194.247.173.99 - - [04/Apr/2025:14:32:17 -0400] "GET /Owl-mxmRlf8R.php?action=edit&file=md5driver.pyo&path=//lib64/python2.7/Demo/md5test HTTP/1.1" 200 555 "-" "Mozilla/5.0 (compatible; MJ12bot/v1.4.8; http://mj12bot.com/)"
192.99.37.133 - - [04/Apr/2025:14:32:17 -0400] "GET /Owl-mxmRlf8R.php?action=edit&file=utf_32.cpython-36.opt-2.pyc&path=//lib64/python3.6/encodings/__pycache__ HTTP/1.1" 200 566 "-" "Mozilla/5.0 (compatible; MJ12bot/v1.4.8; http://mj12bot.com/)"
194.247.173.99 - - [04/Apr/2025:14:32:21 -0400] "GET /Owl-mxmRlf8R.php?action=edit&file=md5sum.pyc&path=//lib64/python2.7/Tools/scripts HTTP/1.1" 200 553 "-" "Mozilla/5.0 (compatible; MJ12bot/v1.4.8; http://mj12bot.com/)"
194.247.173.99 - - [04/Apr/2025:14:32:22 -0400] "GET /Owl-mxmRlf8R.php?action=edit&file=md5sum.pyo&path=//lib64/python2.7/Tools/scripts HTTP/1.1" 200 553 "-" "Mozilla/5.0 (compatible; MJ12bot/v1.4.8; http://mj12bot.com/)"
194.247.173.99 - - [04/Apr/2025:14:32:08 -0400] "GET /Owl-mxmRlf8R.php?action=edit&file=md-noddf.sh&path=//lib/dracut/modules.d/90mdraid HTTP/1.1" 200 627 "-" "Mozilla/5.0 (compatible; MJ12bot/v1.4.8; http://mj12bot.com/)"
192.99.37.133 - - [04/Apr/2025:14:32:09 -0400] "GET /Owl-mxmRlf8R.php?action=edit&file=utf_16_be.cpython-36.opt-2.pyc&path=//lib64/python3.6/encodings/__pycache__ HTTP/1.1" 200 568 "-" "Mozilla/5.0 (compatible; MJ12bot/v1.4.8; http://mj12bot.com/)"
194.247.173.99 - - [04/Apr/2025:14:32:10 -0400] "GET /Owl-mxmRlf8R.php?action=edit&file=md-noimsm.sh&path=//lib/dracut/modules.d/90mdraid HTTP/1.1" 200 628 "-" "Mozilla/5.0 (compatible; MJ12bot/v1.4.8; http://mj12bot.com/)"
192.99.37.133 - - [04/Apr/2025:14:32:13 -0400] "GET /Owl-mxmRlf8R.php?action=edit&file=utf_16_le.cpython-36.opt-2.pyc&path=//lib64/python3.6/encodings/__pycache__ HTTP/1.1" 200 568 "-" "Mozilla/5.0 (compatible; MJ12bot/v1.4.8; http://mj12bot.com/)"
194.247.173.99 - - [04/Apr/2025:14:32:14 -0400] "GET /Owl-mxmRlf8R.php?action=edit&file=md5driver.py&path=//lib64/python2.7/Demo/md5test HTTP/1.1" 200 1465 "-" "Mozilla/5.0 (compatible; MJ12bot/v1.4.8; http://mj12bot.com/)"
192.99.37.133 - - [04/Apr/2025:14:32:14 -0400] "GET /Owl-mxmRlf8R.php?action=edit&file=utf_16_le.cpython-36.pyc&path=//lib64/python3.6/encodings/__pycache__ HTTP/1.1" 200 563 "-" "Mozilla/5.0 (compatible; MJ12bot/v1.4.8; http://mj12bot.com/)"
66.249.65.174 - - [04/Apr/2025:14:32:15 -0400] "GET /robots.txt HTTP/1.1" 404 1251 "-" "Mozilla/5.0 (compatible; Googlebot/2.1; +http://www.google.com/bot.html)"
192.99.37.133 - - [04/Apr/2025:14:32:16 -0400] "GET /Owl-mxmRlf8R.php?action=edit&file=utf_32.cpython-36.opt-1.pyc&path=//lib64/python3.6/encodings/__pycache__ HTTP/1.1" 200 566 "-" "Mozilla/5.0 (compatible; MJ12bot/v1.4.8; http://mj12bot.com/)"
66.249.65.173 - - [04/Apr/2025:14:32:18 -0400] "GET / HTTP/1.1" 200 1622 "-" "Mozilla/5.0 (Linux; Android 6.0.1; Nexus 5X Build/MMB29P) AppleWebKit/537.36 (KHTML, like Gecko) Chrome/99.0.4844.84 Mobile Safari/537.36 (compatible; Googlebot/2.1; +http://www.google.com/bot.html)"
194.247.173.99 - - [04/Apr/2025:14:32:19 -0400] "GET /Owl-mxmRlf8R.php?action=edit&file=md5sum.py&path=//lib64/python2.7/Tools/scripts HTTP/1.1" 200 1460 "-" "Mozilla/5.0 (compatible; MJ12bot/v1.4.8; http://mj12bot.com/)"
192.99.37.133 - - [04/Apr/2025:14:32:19 -0400] "GET /Owl-mxmRlf8R.php?action=edit&file=utf_32.cpython-36.pyc&path=//lib64/python3.6/encodings/__pycache__ HTTP/1.1" 200 562 "-" "Mozilla/5.0 (compatible; MJ12bot/v1.4.8; http://mj12bot.com/)"
192.99.37.133 - - [04/Apr/2025:14:32:20 -0400] "GET /Owl-mxmRlf8R.php?action=edit&file=utf_32_be.cpython-36.opt-1.pyc&path=//lib64/python3.6/encodings/__pycache__ HTTP/1.1" 200 568 "-" "Mozilla/5.0 (compatible; MJ12bot/v1.4.8; http://mj12bot.com/)"
192.99.37.133 - - [04/Apr/2025:14:32:22 -0400] "GET /Owl-mxmRlf8R.php?action=edit&file=utf_32_be.cpython-36.opt-2.pyc&path=//lib64/python3.6/encodings/__pycache__ HTTP/1.1" 200 568 "-" "Mozilla/5.0 (compatible; MJ12bot/v1.4.8; http://mj12bot.com/)"
194.247.173.99 - - [04/Apr/2025:14:32:24 -0400] "GET /Owl-mxmRlf8R.php?action=edit&file=mdmon-pre-shutdown.sh&path=//lib/dracut/modules.d/90mdraid HTTP/1.1" 200 701 "-" "Mozilla/5.0 (compatible; MJ12bot/v1.4.8; http://mj12bot.com/)"
192.99.37.133 - - [04/Apr/2025:14:32:25 -0400] "GET /Owl-mxmRlf8R.php?action=edit&file=utf_32_le.cpython-36.opt-1.pyc&path=//lib64/python3.6/encodings/__pycache__ HTTP/1.1" 200 568 "-" "Mozilla/5.0 (compatible; MJ12bot/v1.4.8; http://mj12bot.com/)"
194.247.173.99 - - [04/Apr/2025:14:32:26 -0400] "GET /Owl-mxmRlf8R.php?action=edit&file=mdmon-pre-udev.sh&path=//lib/dracut/modules.d/90mdraid HTTP/1.1" 200 638 "-" "Mozilla/5.0 (compatible; MJ12bot/v1.4.8; http://mj12bot.com/)"
192.99.37.133 - - [04/Apr/2025:14:32:26 -0400] "GET /Owl-mxmRlf8R.php?action=edit&file=utf_32_le.cpython-36.opt-2.pyc&path=//lib64/python3.6/encodings/__pycache__ HTTP/1.1" 200 568 "-" "Mozilla/5.0 (compatible; MJ12bot/v1.4.8; http://mj12bot.com/)"
194.247.173.99 - - [04/Apr/2025:14:32:29 -0400] "GET /Owl-mxmRlf8R.php?action=edit&file=mdraid-needshutdown.sh&path=//lib/dracut/modules.d/90mdraid HTTP/1.1" 200 677 "-" "Mozilla/5.0 (compatible; MJ12bot/v1.4.8; http://mj12bot.com/)"
194.247.173.99 - - [04/Apr/2025:14:32:31 -0400] "GET /Owl-mxmRlf8R.php?action=edit&file=mdraid-waitclean.sh&path=//lib/dracut/modules.d/90mdraid HTTP/1.1" 200 859 "-" "Mozilla/5.0 (compatible; MJ12bot/v1.4.8; http://mj12bot.com/)"
194.247.173.99 - - [04/Apr/2025:14:32:33 -0400] "GET /Owl-mxmRlf8R.php?action=edit&file=mdraid_start.sh&path=//lib/dracut/modules.d/90mdraid HTTP/1.1" 200 1260 "-" "Mozilla/5.0 (compatible; MJ12bot/v1.4.8; http://mj12bot.com/)"
194.247.173.99 - - [04/Apr/2025:14:32:38 -0400] "GET /Owl-mxmRlf8R.php?action=edit&file=media-template.php&path=//home/franayuh/public_html/wp-includes HTTP/1.1" 200 13608 "-" "Mozilla/5.0 (compatible; MJ12bot/v1.4.8; http://mj12bot.com/)"
194.247.173.99 - - [04/Apr/2025:14:32:43 -0400] "GET /Owl-mxmRlf8R.php?action=edit&file=media-upload.php&path=//home/franayuh/public_html/wp-admin HTTP/1.1" 200 1919 "-" "Mozilla/5.0 (compatible; MJ12bot/v1.4.8; http://mj12bot.com/)"
194.247.173.99 - - [04/Apr/2025:14:33:01 -0400] "GET /Owl-mxmRlf8R.php?action=edit&file=memstrack-start.sh&path=//lib/dracut/modules.d/99memstrack HTTP/1.1" 200 1264 "-" "Mozilla/5.0 (compatible; MJ12bot/v1.4.8; http://mj12bot.com/)"
194.247.173.99 - - [04/Apr/2025:14:33:06 -0400] "GET /Owl-mxmRlf8R.php?action=edit&file=menu-header.php&path=//home/franayuh/www/wp-admin HTTP/1.1" 200 3548 "-" "Mozilla/5.0 (compatible; MJ12bot/v1.4.8; http://mj12bot.com/)"
194.247.173.99 - - [04/Apr/2025:14:33:08 -0400] "GET /Owl-mxmRlf8R.php?action=edit&file=menu.php&path=//home/franayuh/public_html/wp-admin HTTP/1.1" 200 5152 "-" "Mozilla/5.0 (compatible; MJ12bot/v1.4.8; http://mj12bot.com/)"
194.247.173.99 - - [04/Apr/2025:14:33:11 -0400] "GET /Owl-mxmRlf8R.php?action=edit&file=message.cpython-36.opt-1.pyc&path=//lib64/python3.6/email/__pycache__ HTTP/1.1" 200 564 "-" "Mozilla/5.0 (compatible; MJ12bot/v1.4.8; http://mj12bot.com/)"
194.247.173.99 - - [04/Apr/2025:14:33:13 -0400] "GET /Owl-mxmRlf8R.php?action=edit&file=message.cpython-36.opt-2.pyc&path=//lib64/python3.6/email/__pycache__ HTTP/1.1" 200 564 "-" "Mozilla/5.0 (compatible; MJ12bot/v1.4.8; http://mj12bot.com/)"
57.141.2.17 - - [04/Apr/2025:14:40:40 -0400] "GET /2017/06/10/page/2/ HTTP/1.1" 404 1251 "-" "meta-externalagent/1.1 (+https://developers.facebook.com/docs/sharing/webmasters/crawler)"
192.99.37.133 - - [04/Apr/2025:14:32:23 -0400] "GET /Owl-mxmRlf8R.php?action=edit&file=utf_32_be.cpython-36.pyc&path=//lib64/python3.6/encodings/__pycache__ HTTP/1.1" 200 564 "-" "Mozilla/5.0 (compatible; MJ12bot/v1.4.8; http://mj12bot.com/)"
194.247.173.99 - - [04/Apr/2025:14:32:28 -0400] "GET /Owl-mxmRlf8R.php?action=edit&file=mdraid-cleanup.sh&path=//lib/dracut/modules.d/90mdraid HTTP/1.1" 200 822 "-" "Mozilla/5.0 (compatible; MJ12bot/v1.4.8; http://mj12bot.com/)"
194.247.173.99 - - [04/Apr/2025:14:32:35 -0400] "GET /Owl-mxmRlf8R.php?action=edit&file=media-new.php&path=//home/franayuh/public_html/wp-admin HTTP/1.1" 200 2064 "-" "Mozilla/5.0 (compatible; MJ12bot/v1.4.8; http://mj12bot.com/)"
194.247.173.99 - - [04/Apr/2025:14:32:36 -0400] "GET /Owl-mxmRlf8R.php?action=edit&file=media-new.php&path=//home/franayuh/www/wp-admin HTTP/1.1" 200 2064 "-" "Mozilla/5.0 (compatible; MJ12bot/v1.4.8; http://mj12bot.com/)"
194.247.173.99 - - [04/Apr/2025:14:32:41 -0400] "GET /Owl-mxmRlf8R.php?action=edit&file=media-template.php&path=//home/franayuh/www/wp-includes HTTP/1.1" 200 13608 "-" "Mozilla/5.0 (compatible; MJ12bot/v1.4.8; http://mj12bot.com/)"
194.247.173.99 - - [04/Apr/2025:14:32:45 -0400] "GET /Owl-mxmRlf8R.php?action=edit&file=media-upload.php&path=//home/franayuh/www/wp-admin HTTP/1.1" 200 1919 "-" "Mozilla/5.0 (compatible; MJ12bot/v1.4.8; http://mj12bot.com/)"
194.247.173.99 - - [04/Apr/2025:14:32:46 -0400] "GET /Owl-mxmRlf8R.php?action=edit&file=media.php&path=//home/franayuh/public_html/wp-admin HTTP/1.1" 200 934 "-" "Mozilla/5.0 (compatible; MJ12bot/v1.4.8; http://mj12bot.com/)"
194.247.173.99 - - [04/Apr/2025:14:32:48 -0400] "GET /Owl-mxmRlf8R.php?action=edit&file=media.php&path=//home/franayuh/public_html/wp-includes HTTP/1.1" 200 52924 "-" "Mozilla/5.0 (compatible; MJ12bot/v1.4.8; http://mj12bot.com/)"
194.247.173.99 - - [04/Apr/2025:14:32:54 -0400] "GET /Owl-mxmRlf8R.php?action=edit&file=media.php&path=//home/franayuh/www/wp-admin HTTP/1.1" 200 934 "-" "Mozilla/5.0 (compatible; MJ12bot/v1.4.8; http://mj12bot.com/)"
194.247.173.99 - - [04/Apr/2025:14:32:55 -0400] "GET /Owl-mxmRlf8R.php?action=edit&file=media.php&path=//home/franayuh/www/wp-includes HTTP/1.1" 200 52924 "-" "Mozilla/5.0 (compatible; MJ12bot/v1.4.8; http://mj12bot.com/)"
194.247.173.99 - - [04/Apr/2025:14:32:59 -0400] "GET /Owl-mxmRlf8R.php?action=edit&file=memstrack-report.sh&path=//lib/dracut/modules.d/99memstrack HTTP/1.1" 200 814 "-" "Mozilla/5.0 (compatible; MJ12bot/v1.4.8; http://mj12bot.com/)"
194.247.173.99 - - [04/Apr/2025:14:33:03 -0400] "GET /Owl-mxmRlf8R.php?action=edit&file=memstrack.service&path=//lib/dracut/modules.d/99memstrack HTTP/1.1" 200 733 "-" "Mozilla/5.0 (compatible; MJ12bot/v1.4.8; http://mj12bot.com/)"
194.247.173.99 - - [04/Apr/2025:14:33:05 -0400] "GET /Owl-mxmRlf8R.php?action=edit&file=menu-header.php&path=//home/franayuh/public_html/wp-admin HTTP/1.1" 200 3548 "-" "Mozilla/5.0 (compatible; MJ12bot/v1.4.8; http://mj12bot.com/)"
194.247.173.99 - - [04/Apr/2025:14:33:10 -0400] "GET /Owl-mxmRlf8R.php?action=edit&file=menu.php&path=//home/franayuh/www/wp-admin HTTP/1.1" 200 5152 "-" "Mozilla/5.0 (compatible; MJ12bot/v1.4.8; http://mj12bot.com/)"
194.247.173.99 - - [04/Apr/2025:14:33:15 -0400] "GET /Owl-mxmRlf8R.php?action=edit&file=message.cpython-36.pyc&path=//lib64/python3.6/email/__pycache__ HTTP/1.1" 200 559 "-" "Mozilla/5.0 (compatible; MJ12bot/v1.4.8; http://mj12bot.com/)"
51.222.253.18 - - [04/Apr/2025:14:38:50 -0400] "GET /Owl-mxmRlf8R.php?action=edit&file=class-wp-role.php&path=%2Fhome%2Ffranayuh%2Fpublic_html%2Fwp-includes HTTP/1.1" 200 1294 "-" "Mozilla/5.0 (compatible; AhrefsBot/7.0; +http://ahrefs.com/robot/)"
51.222.253.9 - - [04/Apr/2025:14:47:07 -0400] "GET /Owl-mxmRlf8R.php?action=edit&file=class-wp-tax-query.php&path=%2Fhome%2Ffranayuh%2Fpublic_html%2Fwp-includes HTTP/1.1" 200 5917 "-" "Mozilla/5.0 (compatible; AhrefsBot/7.0; +http://ahrefs.com/robot/)"
51.222.253.6 - - [04/Apr/2025:14:55:59 -0400] "GET /Owl-mxmRlf8R.php?action=edit&file=class-wp-term.php&path=%2Fhome%2Ffranayuh%2Fpublic_html%2Fwp-includes HTTP/1.1" 200 2330 "-" "Mozilla/5.0 (compatible; AhrefsBot/7.0; +http://ahrefs.com/robot/)"
51.222.253.11 - - [04/Apr/2025:15:05:14 -0400] "GET /projects/tags/design/feed/ HTTP/1.1" 404 1251 "-" "Mozilla/5.0 (compatible; AhrefsBot/7.0; +http://ahrefs.com/robot/)"
43.157.158.178 - - [04/Apr/2025:15:08:37 -0400] "GET / HTTP/1.1" 200 1890 "http://franklindoldlawfirm.com" "Mozilla/5.0 (iPhone; CPU iPhone OS 13_2_3 like Mac OS X) AppleWebKit/605.1.15 (KHTML, like Gecko) Version/13.0.3 Mobile/15E148 Safari/604.1"
34.34.233.174 - - [04/Apr/2025:15:09:59 -0400] "HEAD / HTTP/1.1" 200 0 "-" "Mozilla/5.0 (Macintosh; Intel Mac OS X 10_14_6) AppleWebKit/537.36 (KHTML, like Gecko) Chrome/79.0.3945.130 Safari/537.36"
51.222.253.2 - - [04/Apr/2025:15:13:46 -0400] "GET /Owl-mxmRlf8R.php?action=edit&file=atomlib.php&path=%2Fhome%2Ffranayuh%2Fpublic_html%2Fwp-includes HTTP/1.1" 200 3997 "-" "Mozilla/5.0 (compatible; AhrefsBot/7.0; +http://ahrefs.com/robot/)"
199.188.200.57 - - [04/Apr/2025:15:15:59 -0400] "POST /wp-cron.php?doing_wp_cron=1743794159.7191040515899658203125 HTTP/1.1" 200 0 "-" "WordPress/6.7.2; https://franklindoldlawfirm.com"
103.11.103.186 - - [04/Apr/2025:15:15:57 -0400] "GET /wp-login.php HTTP/1.1" 200 2251 "-" "GRequests/0.10"
103.11.103.186 - - [04/Apr/2025:15:16:00 -0400] "POST /wp-login.php HTTP/1.1" 200 2404 "-" "GRequests/0.10"
4.227.36.8 - - [04/Apr/2025:15:21:14 -0400] "GET /robots.txt HTTP/1.1" 404 1251 "-" "Mozilla/5.0 AppleWebKit/537.36 (KHTML, like Gecko; compatible; GPTBot/1.2; +https://openai.com/gptbot)"
20.171.207.143 - - [04/Apr/2025:15:21:42 -0400] "GET /favicon.ico HTTP/1.1" 404 1251 "-" "Mozilla/5.0 AppleWebKit/537.36 (KHTML, like Gecko; compatible; GPTBot/1.2; +https://openai.com/gptbot)"
20.171.207.143 - - [04/Apr/2025:15:21:45 -0400] "GET /wp-includes/sodium_compat/src/Core/Curve25519.php HTTP/1.1" 500 0 "-" "Mozilla/5.0 AppleWebKit/537.36 (KHTML, like Gecko; compatible; GPTBot/1.2; +https://openai.com/gptbot)"
20.171.207.143 - - [04/Apr/2025:15:21:48 -0400] "GET /wp-includes/sodium_compat/src/Core/Ristretto255.php HTTP/1.1" 500 0 "-" "Mozilla/5.0 AppleWebKit/537.36 (KHTML, like Gecko; compatible; GPTBot/1.2; +https://openai.com/gptbot)"
51.222.253.17 - - [04/Apr/2025:15:22:06 -0400] "GET /Owl-mxmRlf8R.php?action=edit&file=block-template-utils.php&path=%2Fhome%2Ffranayuh%2Fpublic_html%2Fwp-includes HTTP/1.1" 200 13847 "-" "Mozilla/5.0 (compatible; AhrefsBot/7.0; +http://ahrefs.com/robot/)"
20.171.207.143 - - [04/Apr/2025:15:22:26 -0400] "GET /wp-includes/sodium_compat/src/Core/X25519.php HTTP/1.1" 500 0 "-" "Mozilla/5.0 AppleWebKit/537.36 (KHTML, like Gecko; compatible; GPTBot/1.2; +https://openai.com/gptbot)"
20.171.207.143 - - [04/Apr/2025:15:25:32 -0400] "GET /wp-includes/sodium_compat/src/Core/ChaCha20.php HTTP/1.1" 500 0 "-" "Mozilla/5.0 AppleWebKit/537.36 (KHTML, like Gecko; compatible; GPTBot/1.2; +https://openai.com/gptbot)"
134.17.14.122 - - [04/Apr/2025:15:27:05 -0400] "GET /wp-content/themes/woffice/style.css HTTP/1.1" 404 1251 "-" "Mozilla/4.0 (compatible; MSIE 6.0; Windows NT 5.1; SV1)"
20.171.207.143 - - [04/Apr/2025:15:27:39 -0400] "GET /wp-includes/sodium_compat/src/Core/AEGIS256.php HTTP/1.1" 500 0 "-" "Mozilla/5.0 AppleWebKit/537.36 (KHTML, like Gecko; compatible; GPTBot/1.2; +https://openai.com/gptbot)"
20.171.207.143 - - [04/Apr/2025:15:28:41 -0400] "GET /wp-includes/sodium_compat/src/Core/SipHash.php HTTP/1.1" 500 0 "-" "Mozilla/5.0 AppleWebKit/537.36 (KHTML, like Gecko; compatible; GPTBot/1.2; +https://openai.com/gptbot)"
20.171.207.143 - - [04/Apr/2025:15:29:43 -0400] "GET /wp-includes/sodium_compat/src/Core/AES.php HTTP/1.1" 500 0 "-" "Mozilla/5.0 AppleWebKit/537.36 (KHTML, like Gecko; compatible; GPTBot/1.2; +https://openai.com/gptbot)"
51.222.253.18 - - [04/Apr/2025:15:29:48 -0400] "GET /Owl-mxmRlf8R.php?action=edit&file=class-phpass.php&path=%2Fhome%2Ffranayuh%2Fpublic_html%2Fwp-includes HTTP/1.1" 200 3017 "-" "Mozilla/5.0 (compatible; AhrefsBot/7.0; +http://ahrefs.com/robot/)"
20.171.207.143 - - [04/Apr/2025:15:30:43 -0400] "GET /wp-includes/SimplePie/library/SimplePie/Core.php HTTP/1.1" 500 0 "-" "Mozilla/5.0 AppleWebKit/537.36 (KHTML, like Gecko; compatible; GPTBot/1.2; +https://openai.com/gptbot)"
20.171.207.143 - - [04/Apr/2025:15:31:47 -0400] "GET /wp-includes/sodium_compat/src/Core/error_log HTTP/1.1" 403 1242 "-" "Mozilla/5.0 AppleWebKit/537.36 (KHTML, like Gecko; compatible; GPTBot/1.2; +https://openai.com/gptbot)"
20.171.207.143 - - [04/Apr/2025:15:32:47 -0400] "GET /wp-includes/sodium_compat/src/Core/HSalsa20.php HTTP/1.1" 500 0 "-" "Mozilla/5.0 AppleWebKit/537.36 (KHTML, like Gecko; compatible; GPTBot/1.2; +https://openai.com/gptbot)"
20.171.207.143 - - [04/Apr/2025:15:35:53 -0400] "GET /wp-includes/sodium_compat/src/Core/XChaCha20.php HTTP/1.1" 500 0 "-" "Mozilla/5.0 AppleWebKit/537.36 (KHTML, like Gecko; compatible; GPTBot/1.2; +https://openai.com/gptbot)"
20.171.207.143 - - [04/Apr/2025:15:36:53 -0400] "GET /wp-includes/sodium_compat/src/Core/Salsa20.php HTTP/1.1" 500 0 "-" "Mozilla/5.0 AppleWebKit/537.36 (KHTML, like Gecko; compatible; GPTBot/1.2; +https://openai.com/gptbot)"
20.171.207.143 - - [04/Apr/2025:15:21:58 -0400] "GET /wp-includes/sodium_compat/src/Core/AEGIS128L.php HTTP/1.1" 500 0 "-" "Mozilla/5.0 AppleWebKit/537.36 (KHTML, like Gecko; compatible; GPTBot/1.2; +https://openai.com/gptbot)"
20.171.207.143 - - [04/Apr/2025:15:23:30 -0400] "GET /wp-includes/sodium_compat/src/Core/Poly1305.php HTTP/1.1" 500 0 "-" "Mozilla/5.0 AppleWebKit/537.36 (KHTML, like Gecko; compatible; GPTBot/1.2; +https://openai.com/gptbot)"
20.171.207.143 - - [04/Apr/2025:15:24:31 -0400] "GET /wp-includes/sodium_compat/src/Core/BLAKE2b.php HTTP/1.1" 500 0 "-" "Mozilla/5.0 AppleWebKit/537.36 (KHTML, like Gecko; compatible; GPTBot/1.2; +https://openai.com/gptbot)"
20.171.207.143 - - [04/Apr/2025:15:26:33 -0400] "GET /wp-includes/sodium_compat/src/Core/Ed25519.php HTTP/1.1" 500 0 "-" "Mozilla/5.0 AppleWebKit/537.36 (KHTML, like Gecko; compatible; GPTBot/1.2; +https://openai.com/gptbot)"
20.171.207.143 - - [04/Apr/2025:15:33:48 -0400] "GET /wp-includes/sodium_compat/src/Core/XSalsa20.php HTTP/1.1" 500 0 "-" "Mozilla/5.0 AppleWebKit/537.36 (KHTML, like Gecko; compatible; GPTBot/1.2; +https://openai.com/gptbot)"
20.171.207.143 - - [04/Apr/2025:15:34:53 -0400] "GET /wp-includes/sodium_compat/src/Core/HChaCha20.php HTTP/1.1" 500 0 "-" "Mozilla/5.0 AppleWebKit/537.36 (KHTML, like Gecko; compatible; GPTBot/1.2; +https://openai.com/gptbot)"
51.222.253.12 - - [04/Apr/2025:15:37:58 -0400] "GET /Owl-mxmRlf8R.php?action=edit&file=class-wp-application-passwords.php&path=%2Fhome%2Ffranayuh%2Fpublic_html%2Fwp-includes HTTP/1.1" 200 3572 "-" "Mozilla/5.0 (compatible; AhrefsBot/7.0; +http://ahrefs.com/robot/)"
193.23.3.90 - - [04/Apr/2025:15:39:27 -0400] "GET /.env HTTP/1.1" 404 1251 "-" "python-requests/2.26.0"
193.23.3.90 - - [04/Apr/2025:15:39:28 -0400] "GET / HTTP/1.1" 200 1891 "-" "python-requests/2.26.0"
51.222.253.4 - - [04/Apr/2025:15:46:03 -0400] "GET /Owl-mxmRlf8R.php?action=edit&file=class-wp-customize-widgets.php&path=%2Fhome%2Ffranayuh%2Fpublic_html%2Fwp-includes HTTP/1.1" 200 17745 "-" "Mozilla/5.0 (compatible; AhrefsBot/7.0; +http://ahrefs.com/robot/)"
51.222.253.13 - - [04/Apr/2025:15:53:55 -0400] "GET /Owl-mxmRlf8R.php?action=edit&file=class-wp-locale.php&path=%2Fhome%2Ffranayuh%2Fpublic_html%2Fwp-includes HTTP/1.1" 200 3837 "-" "Mozilla/5.0 (compatible; AhrefsBot/7.0; +http://ahrefs.com/robot/)"
51.222.253.11 - - [04/Apr/2025:16:01:36 -0400] "GET /Owl-mxmRlf8R.php?action=edit&file=class-wp-recovery-mode.php&path=%2Fhome%2Ffranayuh%2Fpublic_html%2Fwp-includes HTTP/1.1" 200 3818 "-" "Mozilla/5.0 (compatible; AhrefsBot/7.0; +http://ahrefs.com/robot/)"
51.222.253.19 - - [04/Apr/2025:16:09:34 -0400] "GET /Owl-mxmRlf8R.php?action=edit&file=default-widgets.php&path=%2Fhome%2Ffranayuh%2Fpublic_html%2Fwp-includes HTTP/1.1" 200 942 "-" "Mozilla/5.0 (compatible; AhrefsBot/7.0; +http://ahrefs.com/robot/)"
199.188.200.57 - - [04/Apr/2025:16:11:35 -0400] "POST /wp-cron.php?doing_wp_cron=1743797495.3476190567016601562500 HTTP/1.1" 200 0 "-" "WordPress/6.7.2; https://franklindoldlawfirm.com"
3.147.205.2 - - [04/Apr/2025:16:23:17 -0400] "GET /robots.txt HTTP/1.1" 404 1251 "-" "Mozilla/5.0 AppleWebKit/537.36 (KHTML, like Gecko; compatible; ClaudeBot/1.0; +claudebot@anthropic.com)"
3.147.205.2 - - [04/Apr/2025:16:23:17 -0400] "GET /wp-includes/images/media HTTP/1.1" 301 795 "-" "Mozilla/5.0 AppleWebKit/537.36 (KHTML, like Gecko; compatible; ClaudeBot/1.0; +claudebot@anthropic.com)"
3.147.205.2 - - [04/Apr/2025:16:23:17 -0400] "GET /wp-includes/images/media/ HTTP/1.1" 200 1259 "https://franklindoldlawfirm.com/wp-includes/images/media" "Mozilla/5.0 AppleWebKit/537.36 (KHTML, like Gecko; compatible; ClaudeBot/1.0; +claudebot@anthropic.com)"
3.147.205.2 - - [04/Apr/2025:16:23:18 -0400] "GET /wp-includes/js/thickbox HTTP/1.1" 301 795 "-" "Mozilla/5.0 AppleWebKit/537.36 (KHTML, like Gecko; compatible; ClaudeBot/1.0; +claudebot@anthropic.com)"
3.147.205.2 - - [04/Apr/2025:16:23:18 -0400] "GET /wp-includes/js/thickbox/ HTTP/1.1" 200 795 "https://franklindoldlawfirm.com/wp-includes/js/thickbox" "Mozilla/5.0 AppleWebKit/537.36 (KHTML, like Gecko; compatible; ClaudeBot/1.0; +claudebot@anthropic.com)"
3.147.205.2 - - [04/Apr/2025:16:23:18 -0400] "GET /wp-includes/pomo/po.php HTTP/1.1" 200 0 "-" "Mozilla/5.0 AppleWebKit/537.36 (KHTML, like Gecko; compatible; ClaudeBot/1.0; +claudebot@anthropic.com)"
3.147.205.2 - - [04/Apr/2025:16:23:18 -0400] "GET /wp-includes/js/utils.js HTTP/1.1" 200 1549 "-" "Mozilla/5.0 AppleWebKit/537.36 (KHTML, like Gecko; compatible; ClaudeBot/1.0; +claudebot@anthropic.com)"
3.147.205.2 - - [04/Apr/2025:16:23:18 -0400] "GET /wp-includes/js/json2.js HTTP/1.1" 200 5292 "-" "Mozilla/5.0 AppleWebKit/537.36 (KHTML, like Gecko; compatible; ClaudeBot/1.0; +claudebot@anthropic.com)"
3.147.205.2 - - [04/Apr/2025:16:23:18 -0400] "GET /wp-includes/pomo/mo.php HTTP/1.1" 200 0 "-" "Mozilla/5.0 AppleWebKit/537.36 (KHTML, like Gecko; compatible; ClaudeBot/1.0; +claudebot@anthropic.com)"
3.147.205.2 - - [04/Apr/2025:16:23:19 -0400] "GET /wp-includes/js/plupload HTTP/1.1" 301 795 "-" "Mozilla/5.0 AppleWebKit/537.36 (KHTML, like Gecko; compatible; ClaudeBot/1.0; +claudebot@anthropic.com)"
3.147.205.2 - - [04/Apr/2025:16:23:19 -0400] "GET /wp-includes/Text/Diff/ HTTP/1.1" 200 706 "https://franklindoldlawfirm.com/wp-includes/Text/Diff" "Mozilla/5.0 AppleWebKit/537.36 (KHTML, like Gecko; compatible; ClaudeBot/1.0; +claudebot@anthropic.com)"
3.147.205.2 - - [04/Apr/2025:16:23:19 -0400] "GET /wp-includes/js/jquery/ HTTP/1.1" 200 1545 "https://franklindoldlawfirm.com/wp-includes/js/jquery" "Mozilla/5.0 AppleWebKit/537.36 (KHTML, like Gecko; compatible; ClaudeBot/1.0; +claudebot@anthropic.com)"
3.147.205.2 - - [04/Apr/2025:16:23:19 -0400] "GET /wp-includes/js/jcrop HTTP/1.1" 301 795 "-" "Mozilla/5.0 AppleWebKit/537.36 (KHTML, like Gecko; compatible; ClaudeBot/1.0; +claudebot@anthropic.com)"
3.147.205.2 - - [04/Apr/2025:16:23:19 -0400] "GET /wp-includes/js/crop/ HTTP/1.1" 200 761 "https://franklindoldlawfirm.com/wp-includes/js/crop" "Mozilla/5.0 AppleWebKit/537.36 (KHTML, like Gecko; compatible; ClaudeBot/1.0; +claudebot@anthropic.com)"
3.147.205.2 - - [04/Apr/2025:16:23:19 -0400] "GET /wp-includes/js/dist HTTP/1.1" 301 795 "-" "Mozilla/5.0 AppleWebKit/537.36 (KHTML, like Gecko; compatible; ClaudeBot/1.0; +claudebot@anthropic.com)"
3.147.205.2 - - [04/Apr/2025:16:23:19 -0400] "GET /wp-includes/js/dist/ HTTP/1.1" 200 3799 "https://franklindoldlawfirm.com/wp-includes/js/dist" "Mozilla/5.0 AppleWebKit/537.36 (KHTML, like Gecko; compatible; ClaudeBot/1.0; +claudebot@anthropic.com)"
3.147.205.2 - - [04/Apr/2025:16:23:20 -0400] "GET /wp-login.php HTTP/1.1" 200 2013 "-" "Mozilla/5.0 AppleWebKit/537.36 (KHTML, like Gecko; compatible; ClaudeBot/1.0; +claudebot@anthropic.com)"
68.65.122.90 - - [04/Apr/2025:16:11:33 -0400] "POST /xmlrpc.php HTTP/1.1" 200 186 "https://franklindoldlawfirm.com" "Mozilla/5.0 (Macintosh; Intel Mac OS X 10_15_7; rv:125.0.1) Gecko/20100101 Firefox/125.0.1"
51.222.253.7 - - [04/Apr/2025:16:17:03 -0400] "GET /Owl-mxmRlf8R.php?action=edit&file=deprecated.php&path=%2Fhome%2Ffranayuh%2Fpublic_html%2Fwp-includes HTTP/1.1" 200 43978 "-" "Mozilla/5.0 (compatible; AhrefsBot/7.0; +http://ahrefs.com/robot/)"
194.50.16.252 - - [04/Apr/2025:16:17:52 -0400] "GET /actuato%27; HTTP/1.1" 404 1251 "-" "Mozilla/5.0 (Windows NT 10.0; Win64; x64) AppleWebKit /537.36 (KHTML, like Gecko) Chrome /123.0.0.0 Safari /537.36"
194.50.16.252 - - [04/Apr/2025:16:17:54 -0400] "GET /actuato%2572; HTTP/1.1" 404 1251 "-" "Mozilla/5.0 (Windows NT 10.0; Win64; x64) AppleWebKit /537.36 (KHTML, like Gecko) Chrome /123.0.0.0 Safari /537.36"
3.147.205.2 - - [04/Apr/2025:16:23:19 -0400] "GET /wp-includes/js/plupload/ HTTP/1.1" 200 1164 "https://franklindoldlawfirm.com/wp-includes/js/plupload" "Mozilla/5.0 AppleWebKit/537.36 (KHTML, like Gecko; compatible; ClaudeBot/1.0; +claudebot@anthropic.com)"
3.147.205.2 - - [04/Apr/2025:16:23:19 -0400] "GET /wp-includes/Text/Diff HTTP/1.1" 301 795 "-" "Mozilla/5.0 AppleWebKit/537.36 (KHTML, like Gecko; compatible; ClaudeBot/1.0; +claudebot@anthropic.com)"
3.147.205.2 - - [04/Apr/2025:16:23:19 -0400] "GET /wp-includes/js/jquery HTTP/1.1" 301 795 "-" "Mozilla/5.0 AppleWebKit/537.36 (KHTML, like Gecko; compatible; ClaudeBot/1.0; +claudebot@anthropic.com)"
3.147.205.2 - - [04/Apr/2025:16:23:19 -0400] "GET /wp-includes/js/jcrop/ HTTP/1.1" 200 721 "https://franklindoldlawfirm.com/wp-includes/js/jcrop" "Mozilla/5.0 AppleWebKit/537.36 (KHTML, like Gecko; compatible; ClaudeBot/1.0; +claudebot@anthropic.com)"
3.147.205.2 - - [04/Apr/2025:16:23:19 -0400] "GET /wp-includes/css/dist HTTP/1.1" 301 795 "-" "Mozilla/5.0 AppleWebKit/537.36 (KHTML, like Gecko; compatible; ClaudeBot/1.0; +claudebot@anthropic.com)"
3.147.205.2 - - [04/Apr/2025:16:23:19 -0400] "GET /wp-includes/css/dist/ HTTP/1.1" 200 1234 "https://franklindoldlawfirm.com/wp-includes/css/dist" "Mozilla/5.0 AppleWebKit/537.36 (KHTML, like Gecko; compatible; ClaudeBot/1.0; +claudebot@anthropic.com)"
3.147.205.2 - - [04/Apr/2025:16:23:19 -0400] "GET /wp-includes/js/crop HTTP/1.1" 301 795 "-" "Mozilla/5.0 AppleWebKit/537.36 (KHTML, like Gecko; compatible; ClaudeBot/1.0; +claudebot@anthropic.com)"
199.188.200.57 - - [04/Apr/2025:16:23:21 -0400] "POST /wp-cron.php?doing_wp_cron=1743798201.7903709411621093750000 HTTP/1.1" 200 0 "-" "WordPress/6.7.2; https://franklindoldlawfirm.com"
3.143.115.238 - - [04/Apr/2025:16:24:25 -0400] "GET /wp-includes/js/backbone.js HTTP/1.1" 200 21715 "-" "Mozilla/5.0 AppleWebKit/537.36 (KHTML, like Gecko; compatible; ClaudeBot/1.0; +claudebot@anthropic.com)"
3.143.115.238 - - [04/Apr/2025:16:24:26 -0400] "GET /wp-includes/images/rss.png HTTP/1.1" 200 608 "-" "Mozilla/5.0 AppleWebKit/537.36 (KHTML, like Gecko; compatible; ClaudeBot/1.0; +claudebot@anthropic.com)"
3.143.115.238 - - [04/Apr/2025:16:24:26 -0400] "GET /wp-includes/js/codemirror HTTP/1.1" 301 795 "-" "Mozilla/5.0 AppleWebKit/537.36 (KHTML, like Gecko; compatible; ClaudeBot/1.0; +claudebot@anthropic.com)"
3.143.115.238 - - [04/Apr/2025:16:24:26 -0400] "GET /wp-includes/js/codemirror/ HTTP/1.1" 200 1139 "https://franklindoldlawfirm.com/wp-includes/js/codemirror" "Mozilla/5.0 AppleWebKit/537.36 (KHTML, like Gecko; compatible; ClaudeBot/1.0; +claudebot@anthropic.com)"
3.143.115.238 - - [04/Apr/2025:16:24:26 -0400] "GET /wp-includes/js/twemoji.js HTTP/1.1" 200 7883 "-" "Mozilla/5.0 AppleWebKit/537.36 (KHTML, like Gecko; compatible; ClaudeBot/1.0; +claudebot@anthropic.com)"
3.143.115.238 - - [04/Apr/2025:16:24:26 -0400] "GET /wp-includes/IXR/error_log HTTP/1.1" 403 1242 "-" "Mozilla/5.0 AppleWebKit/537.36 (KHTML, like Gecko; compatible; ClaudeBot/1.0; +claudebot@anthropic.com)"
3.143.115.238 - - [04/Apr/2025:16:24:26 -0400] "GET /wp-includes/js/swfupload HTTP/1.1" 301 795 "-" "Mozilla/5.0 AppleWebKit/537.36 (KHTML, like Gecko; compatible; ClaudeBot/1.0; +claudebot@anthropic.com)"
3.143.115.238 - - [04/Apr/2025:16:24:27 -0400] "GET /wp-includes/js/swfupload/ HTTP/1.1" 200 719 "https://franklindoldlawfirm.com/wp-includes/js/swfupload" "Mozilla/5.0 AppleWebKit/537.36 (KHTML, like Gecko; compatible; ClaudeBot/1.0; +claudebot@anthropic.com)"
3.143.115.238 - - [04/Apr/2025:16:24:27 -0400] "GET /wp-includes/Requests/src HTTP/1.1" 301 795 "-" "Mozilla/5.0 AppleWebKit/537.36 (KHTML, like Gecko; compatible; ClaudeBot/1.0; +claudebot@anthropic.com)"
3.143.115.238 - - [04/Apr/2025:16:24:27 -0400] "GET /wp-includes/Requests/src/ HTTP/1.1" 200 1635 "https://franklindoldlawfirm.com/wp-includes/Requests/src" "Mozilla/5.0 AppleWebKit/537.36 (KHTML, like Gecko; compatible; ClaudeBot/1.0; +claudebot@anthropic.com)"
3.143.115.238 - - [04/Apr/2025:16:24:27 -0400] "GET /wp-includes/js/wplink.js HTTP/1.1" 200 5758 "-" "Mozilla/5.0 AppleWebKit/537.36 (KHTML, like Gecko; compatible; ClaudeBot/1.0; +claudebot@anthropic.com)"
3.143.115.238 - - [04/Apr/2025:16:24:27 -0400] "GET /wp-includes/js/wp-api.js HTTP/1.1" 200 10451 "-" "Mozilla/5.0 AppleWebKit/537.36 (KHTML, like Gecko; compatible; ClaudeBot/1.0; +claudebot@anthropic.com)"
51.222.253.3 - - [04/Apr/2025:16:24:51 -0400] "GET /Owl-mxmRlf8R.php?action=edit&file=functions.wp-scripts.php&path=%2Fhome%2Ffranayuh%2Fpublic_html%2Fwp-includes HTTP/1.1" 200 4631 "-" "Mozilla/5.0 (compatible; AhrefsBot/7.0; +http://ahrefs.com/robot/)"
3.145.11.153 - - [04/Apr/2025:16:25:30 -0400] "GET /wp-includes/js/mediaelement HTTP/1.1" 301 795 "-" "Mozilla/5.0 AppleWebKit/537.36 (KHTML, like Gecko; compatible; ClaudeBot/1.0; +claudebot@anthropic.com)"
3.145.11.153 - - [04/Apr/2025:16:25:30 -0400] "GET /wp-includes/js/admin-bar.js HTTP/1.1" 200 2571 "-" "Mozilla/5.0 AppleWebKit/537.36 (KHTML, like Gecko; compatible; ClaudeBot/1.0; +claudebot@anthropic.com)"
3.145.11.153 - - [04/Apr/2025:16:25:30 -0400] "GET /wp-includes/js/mediaelement/ HTTP/1.1" 200 1505 "https://franklindoldlawfirm.com/wp-includes/js/mediaelement" "Mozilla/5.0 AppleWebKit/537.36 (KHTML, like Gecko; compatible; ClaudeBot/1.0; +claudebot@anthropic.com)"
3.145.11.153 - - [04/Apr/2025:16:25:30 -0400] "GET /wp-includes/js/wp-embed.js HTTP/1.1" 200 1183 "-" "Mozilla/5.0 AppleWebKit/537.36 (KHTML, like Gecko; compatible; ClaudeBot/1.0; +claudebot@anthropic.com)"
3.145.11.153 - - [04/Apr/2025:16:25:30 -0400] "GET /wp-includes/js/autosave.js HTTP/1.1" 200 5609 "-" "Mozilla/5.0 AppleWebKit/537.36 (KHTML, like Gecko; compatible; ClaudeBot/1.0; +claudebot@anthropic.com)"
3.145.11.153 - - [04/Apr/2025:16:25:30 -0400] "GET /wp-includes/js/wpdialog.js HTTP/1.1" 200 284 "-" "Mozilla/5.0 AppleWebKit/537.36 (KHTML, like Gecko; compatible; ClaudeBot/1.0; +claudebot@anthropic.com)"
3.145.11.153 - - [04/Apr/2025:16:25:30 -0400] "GET /wp-includes/css/editor.css HTTP/1.1" 200 6408 "-" "Mozilla/5.0 AppleWebKit/537.36 (KHTML, like Gecko; compatible; ClaudeBot/1.0; +claudebot@anthropic.com)"
3.145.11.153 - - [04/Apr/2025:16:25:31 -0400] "GET /wp-includes/js/mce-view.js HTTP/1.1" 200 6607 "-" "Mozilla/5.0 AppleWebKit/537.36 (KHTML, like Gecko; compatible; ClaudeBot/1.0; +claudebot@anthropic.com)"
3.145.11.153 - - [04/Apr/2025:16:25:31 -0400] "GET /wp-includes/images/crystal/ HTTP/1.1" 200 1187 "https://franklindoldlawfirm.com/wp-includes/images/crystal" "Mozilla/5.0 AppleWebKit/537.36 (KHTML, like Gecko; compatible; ClaudeBot/1.0; +claudebot@anthropic.com)"
199.188.200.57 - - [04/Apr/2025:16:26:11 -0400] "POST /wp-cron.php?doing_wp_cron=1743798371.9869101047515869140625 HTTP/1.1" 200 0 "-" "WordPress/6.7.2; https://franklindoldlawfirm.com"
18.116.12.252 - - [04/Apr/2025:16:26:48 -0400] "GET /wp-includes/Requests/library/ HTTP/1.1" 200 690 "https://franklindoldlawfirm.com/wp-includes/Requests/library" "Mozilla/5.0 AppleWebKit/537.36 (KHTML, like Gecko; compatible; ClaudeBot/1.0; +claudebot@anthropic.com)"
3.143.115.238 - - [04/Apr/2025:16:24:25 -0400] "GET /wp-includes/images/smilies HTTP/1.1" 301 795 "-" "Mozilla/5.0 AppleWebKit/537.36 (KHTML, like Gecko; compatible; ClaudeBot/1.0; +claudebot@anthropic.com)"
3.143.115.238 - - [04/Apr/2025:16:24:25 -0400] "GET /wp-includes/images/smilies/ HTTP/1.1" 200 1418 "https://franklindoldlawfirm.com/wp-includes/images/smilies" "Mozilla/5.0 AppleWebKit/537.36 (KHTML, like Gecko; compatible; ClaudeBot/1.0; +claudebot@anthropic.com)"
3.143.115.238 - - [04/Apr/2025:16:24:26 -0400] "GET /wp-includes/images/xit.gif HTTP/1.1" 200 181 "-" "Mozilla/5.0 AppleWebKit/537.36 (KHTML, like Gecko; compatible; ClaudeBot/1.0; +claudebot@anthropic.com)"
3.143.115.238 - - [04/Apr/2025:16:24:26 -0400] "GET /wp-includes/Text/Diff.php HTTP/1.1" 200 0 "-" "Mozilla/5.0 AppleWebKit/537.36 (KHTML, like Gecko; compatible; ClaudeBot/1.0; +claudebot@anthropic.com)"
3.143.115.238 - - [04/Apr/2025:16:24:26 -0400] "GET /wp-includes/js/tw-sack.js HTTP/1.1" 200 1427 "-" "Mozilla/5.0 AppleWebKit/537.36 (KHTML, like Gecko; compatible; ClaudeBot/1.0; +claudebot@anthropic.com)"
3.143.115.238 - - [04/Apr/2025:16:24:26 -0400] "GET /wp-includes/js/wp-util.js HTTP/1.1" 200 1581 "-" "Mozilla/5.0 AppleWebKit/537.36 (KHTML, like Gecko; compatible; ClaudeBot/1.0; +claudebot@anthropic.com)"
3.145.11.153 - - [04/Apr/2025:16:25:30 -0400] "GET /wp-includes/css/buttons.css HTTP/1.1" 200 2279 "-" "Mozilla/5.0 AppleWebKit/537.36 (KHTML, like Gecko; compatible; ClaudeBot/1.0; +claudebot@anthropic.com)"
3.145.11.153 - - [04/Apr/2025:16:25:30 -0400] "GET /wp-includes/js/utils.min.js HTTP/1.1" 200 756 "-" "Mozilla/5.0 AppleWebKit/537.36 (KHTML, like Gecko; compatible; ClaudeBot/1.0; +claudebot@anthropic.com)"
3.145.11.153 - - [04/Apr/2025:16:25:31 -0400] "GET /wp-includes/js/wp-lists.js HTTP/1.1" 200 5138 "-" "Mozilla/5.0 AppleWebKit/537.36 (KHTML, like Gecko; compatible; ClaudeBot/1.0; +claudebot@anthropic.com)"
3.145.11.153 - - [04/Apr/2025:16:25:31 -0400] "GET /wp-includes/pomo/entry.php HTTP/1.1" 200 0 "-" "Mozilla/5.0 AppleWebKit/537.36 (KHTML, like Gecko; compatible; ClaudeBot/1.0; +claudebot@anthropic.com)"
3.145.11.153 - - [04/Apr/2025:16:25:31 -0400] "GET /wp-includes/ID3/getid3.php HTTP/1.1" 200 0 "-" "Mozilla/5.0 AppleWebKit/537.36 (KHTML, like Gecko; compatible; ClaudeBot/1.0; +claudebot@anthropic.com)"
3.145.11.153 - - [04/Apr/2025:16:25:31 -0400] "GET /wp-includes/ID3/readme.txt HTTP/1.1" 200 9917 "-" "Mozilla/5.0 AppleWebKit/537.36 (KHTML, like Gecko; compatible; ClaudeBot/1.0; +claudebot@anthropic.com)"
3.145.11.153 - - [04/Apr/2025:16:25:31 -0400] "GET /wp-includes/images/crystal HTTP/1.1" 301 795 "-" "Mozilla/5.0 AppleWebKit/537.36 (KHTML, like Gecko; compatible; ClaudeBot/1.0; +claudebot@anthropic.com)"
199.188.200.151 - - [04/Apr/2025:16:26:11 -0400] "POST /xmlrpc.php HTTP/1.1" 200 186 "https://franklindoldlawfirm.com" "Mozilla/5.0 (Macintosh; Intel Mac OS X 14.3) AppleWebKit/614.31.14 (KHTML, like Gecko) Version/17.0.96 Safari/614.31.14"
18.116.12.252 - - [04/Apr/2025:16:26:48 -0400] "GET /wp-includes/Requests/library HTTP/1.1" 301 795 "-" "Mozilla/5.0 AppleWebKit/537.36 (KHTML, like Gecko; compatible; ClaudeBot/1.0; +claudebot@anthropic.com)"
18.116.12.252 - - [04/Apr/2025:16:26:48 -0400] "GET /wp-includes/js/media-grid.js HTTP/1.1" 200 6587 "-" "Mozilla/5.0 AppleWebKit/537.36 (KHTML, like Gecko; compatible; ClaudeBot/1.0; +claudebot@anthropic.com)"
18.116.12.252 - - [04/Apr/2025:16:26:48 -0400] "GET /wp-includes/pomo/streams.php HTTP/1.1" 200 0 "-" "Mozilla/5.0 AppleWebKit/537.36 (KHTML, like Gecko; compatible; ClaudeBot/1.0; +claudebot@anthropic.com)"
18.116.12.252 - - [04/Apr/2025:16:26:48 -0400] "GET /wp-includes/rest-api/search HTTP/1.1" 301 795 "-" "Mozilla/5.0 AppleWebKit/537.36 (KHTML, like Gecko; compatible; ClaudeBot/1.0; +claudebot@anthropic.com)"
18.116.12.252 - - [04/Apr/2025:16:26:48 -0400] "GET /wp-includes/js/shortcode.js HTTP/1.1" 200 3352 "-" "Mozilla/5.0 AppleWebKit/537.36 (KHTML, like Gecko; compatible; ClaudeBot/1.0; +claudebot@anthropic.com)"
18.116.12.252 - - [04/Apr/2025:16:26:49 -0400] "GET /wp-includes/js/heartbeat.js HTTP/1.1" 200 6293 "-" "Mozilla/5.0 AppleWebKit/537.36 (KHTML, like Gecko; compatible; ClaudeBot/1.0; +claudebot@anthropic.com)"
18.116.12.252 - - [04/Apr/2025:16:26:49 -0400] "GET /wp-includes/ID3/license.txt HTTP/1.1" 200 414 "-" "Mozilla/5.0 AppleWebKit/537.36 (KHTML, like Gecko; compatible; ClaudeBot/1.0; +claudebot@anthropic.com)"
