18.191.66.218 - - [04/Apr/2025:17:20:05 -0400] "GET /Owl-mxmRlf8R.php?action=edit&file=class-wp-widget.php&path=%2Fhome%2Ffranayuh%2Fpublic_html%2Fwp-includes HTTP/1.1" 200 5137 "-" "Mozilla/5.0 AppleWebKit/537.36 (KHTML, like Gecko; compatible; ClaudeBot/1.0; +claudebot@anthropic.com)"
18.191.66.218 - - [04/Apr/2025:17:20:05 -0400] "GET /Owl-mxmRlf8R.php?action=edit&file=class-wp-editor.php&path=%2Fhome%2Ffranayuh%2Fpublic_html%2Fwp-includes HTTP/1.1" 200 18033 "-" "Mozilla/5.0 AppleWebKit/537.36 (KHTML, like Gecko; compatible; ClaudeBot/1.0; +claudebot@anthropic.com)"
18.191.66.218 - - [04/Apr/2025:17:20:06 -0400] "GET /Owl-mxmRlf8R.php?action=edit&file=block-template.php&path=%2Fhome%2Ffranayuh%2Fpublic_html%2Fwp-includes HTTP/1.1" 200 5113 "-" "Mozilla/5.0 AppleWebKit/537.36 (KHTML, like Gecko; compatible; ClaudeBot/1.0; +claudebot@anthropic.com)"
18.217.79.15 - - [04/Apr/2025:17:21:25 -0400] "GET /Owl-mxmRlf8R.php?action=edit&file=class.wp-styles.php&path=%2Fhome%2Ffranayuh%2Fpublic_html%2Fwp-includes HTTP/1.1" 200 740 "-" "Mozilla/5.0 AppleWebKit/537.36 (KHTML, like Gecko; compatible; ClaudeBot/1.0; +claudebot@anthropic.com)"
18.217.79.15 - - [04/Apr/2025:17:21:26 -0400] "GET /Owl-mxmRlf8R.php?action=edit&file=class-wp-styles.php&path=%2Fhome%2Ffranayuh%2Fpublic_html%2Fwp-includes HTTP/1.1" 200 3686 "-" "Mozilla/5.0 AppleWebKit/537.36 (KHTML, like Gecko; compatible; ClaudeBot/1.0; +claudebot@anthropic.com)"
18.217.79.15 - - [04/Apr/2025:17:21:26 -0400] "GET /Owl-mxmRlf8R.php?action=edit&file=author-template.php&path=%2Fhome%2Ffranayuh%2Fpublic_html%2Fwp-includes HTTP/1.1" 200 5822 "-" "Mozilla/5.0 AppleWebKit/537.36 (KHTML, like Gecko; compatible; ClaudeBot/1.0; +claudebot@anthropic.com)"
18.217.79.15 - - [04/Apr/2025:17:21:26 -0400] "GET /Owl-mxmRlf8R.php?action=edit&file=template-loader.php&path=%2Fhome%2Ffranayuh%2Fpublic_html%2Fwp-includes HTTP/1.1" 200 1594 "-" "Mozilla/5.0 AppleWebKit/537.36 (KHTML, like Gecko; compatible; ClaudeBot/1.0; +claudebot@anthropic.com)"
18.189.185.100 - - [04/Apr/2025:17:23:33 -0400] "GET /Owl-mxmRlf8R.php?action=edit&file=robots-template.php&path=%2Fhome%2Ffranayuh%2Fpublic_html%2Fwp-includes HTTP/1.1" 200 1728 "-" "Mozilla/5.0 AppleWebKit/537.36 (KHTML, like Gecko; compatible; ClaudeBot/1.0; +claudebot@anthropic.com)"
18.189.185.100 - - [04/Apr/2025:17:23:33 -0400] "GET /Owl-mxmRlf8R.php?action=edit&file=class-simplepie.php&path=%2Fhome%2Ffranayuh%2Fpublic_html%2Fwp-includes HTTP/1.1" 200 805 "-" "Mozilla/5.0 AppleWebKit/537.36 (KHTML, like Gecko; compatible; ClaudeBot/1.0; +claudebot@anthropic.com)"
18.189.185.100 - - [04/Apr/2025:17:23:33 -0400] "GET /Owl-mxmRlf8R.php?action=edit&file=https-detection.php&path=%2Fhome%2Ffranayuh%2Fpublic_html%2Fwp-includes HTTP/1.1" 200 2409 "-" "Mozilla/5.0 AppleWebKit/537.36 (KHTML, like Gecko; compatible; ClaudeBot/1.0; +claudebot@anthropic.com)"
18.221.182.97 - - [04/Apr/2025:17:25:37 -0400] "GET /Owl-mxmRlf8R.php?action=edit&file=class-walker-page.php&path=%2Fhome%2Ffranayuh%2Fpublic_html%2Fwp-includes HTTP/1.1" 200 2665 "-" "Mozilla/5.0 AppleWebKit/537.36 (KHTML, like Gecko; compatible; ClaudeBot/1.0; +claudebot@anthropic.com)"
18.221.182.97 - - [04/Apr/2025:17:25:37 -0400] "GET /Owl-mxmRlf8R.php?action=edit&file=class-wp-taxonomy.php&path=%2Fhome%2Ffranayuh%2Fpublic_html%2Fwp-includes HTTP/1.1" 200 5167 "-" "Mozilla/5.0 AppleWebKit/537.36 (KHTML, like Gecko; compatible; ClaudeBot/1.0; +claudebot@anthropic.com)"
18.221.182.97 - - [04/Apr/2025:17:25:37 -0400] "GET /Owl-mxmRlf8R.php?action=edit&file=category-template.php&path=%2Fhome%2Ffranayuh%2Fpublic_html%2Fwp-includes HTTP/1.1" 200 14168 "-" "Mozilla/5.0 AppleWebKit/537.36 (KHTML, like Gecko; compatible; ClaudeBot/1.0; +claudebot@anthropic.com)"
18.189.185.100 - - [04/Apr/2025:17:23:33 -0400] "GET /Owl-mxmRlf8R.php?action=edit&file=class.wp-scripts.php&path=%2Fhome%2Ffranayuh%2Fpublic_html%2Fwp-includes HTTP/1.1" 200 741 "-" "Mozilla/5.0 AppleWebKit/537.36 (KHTML, like Gecko; compatible; ClaudeBot/1.0; +claudebot@anthropic.com)"
18.189.185.100 - - [04/Apr/2025:17:23:34 -0400] "GET /Owl-mxmRlf8R.php?action=edit&file=theme-templates.php&path=%2Fhome%2Ffranayuh%2Fpublic_html%2Fwp-includes HTTP/1.1" 200 2856 "-" "Mozilla/5.0 AppleWebKit/537.36 (KHTML, like Gecko; compatible; ClaudeBot/1.0; +claudebot@anthropic.com)"
18.189.185.100 - - [04/Apr/2025:17:23:34 -0400] "GET /Owl-mxmRlf8R.php?action=edit&file=class-phpmailer.php&path=%2Fhome%2Ffranayuh%2Fpublic_html%2Fwp-includes HTTP/1.1" 200 811 "-" "Mozilla/5.0 AppleWebKit/537.36 (KHTML, like Gecko; compatible; ClaudeBot/1.0; +claudebot@anthropic.com)"
18.221.182.97 - - [04/Apr/2025:17:25:37 -0400] "GET /Owl-mxmRlf8R.php?action=edit&file=nav-menu-template.php&path=%2Fhome%2Ffranayuh%2Fpublic_html%2Fwp-includes HTTP/1.1" 200 7066 "-" "Mozilla/5.0 AppleWebKit/537.36 (KHTML, like Gecko; compatible; ClaudeBot/1.0; +claudebot@anthropic.com)"
18.221.182.97 - - [04/Apr/2025:17:25:37 -0400] "GET /Owl-mxmRlf8R.php?action=edit&file=comment-template.php&path=%2Fhome%2Ffranayuh%2Fpublic_html%2Fwp-includes HTTP/1.1" 200 22211 "-" "Mozilla/5.0 AppleWebKit/537.36 (KHTML, like Gecko; compatible; ClaudeBot/1.0; +claudebot@anthropic.com)"
18.221.182.97 - - [04/Apr/2025:17:25:38 -0400] "GET /Owl-mxmRlf8R.php?action=edit&file=class-wp-network.php&path=%2Fhome%2Ffranayuh%2Fpublic_html%2Fwp-includes HTTP/1.1" 200 4414 "-" "Mozilla/5.0 AppleWebKit/537.36 (KHTML, like Gecko; compatible; ClaudeBot/1.0; +claudebot@anthropic.com)"
18.221.182.97 - - [04/Apr/2025:17:25:38 -0400] "GET /Owl-mxmRlf8R.php?action=edit&file=class-wp-rewrite.php&path=%2Fhome%2Ffranayuh%2Fpublic_html%2Fwp-includes HTTP/1.1" 200 15958 "-" "Mozilla/5.0 AppleWebKit/537.36 (KHTML, like Gecko; compatible; ClaudeBot/1.0; +claudebot@anthropic.com)"
51.222.253.18 - - [04/Apr/2025:17:25:52 -0400] "GET /Owl-mxmRlf8R.php?action=edit&file=class-wp-feed-cache.php&path=%2Fhome%2Ffranayuh%2Fpublic_html%2Fwp-includes HTTP/1.1" 200 1035 "-" "Mozilla/5.0 (compatible; AhrefsBot/7.0; +http://ahrefs.com/robot/)"
176.41.180.156 - - [04/Apr/2025:17:25:55 -0400] "POST /wp-content/plugins/WordPressCore/include.php HTTP/1.1" 200 675 "https://franklindoldlawfirm.com/wp-content/plugins/WordPressCore/include.php" "ShellBot 2.0"
3.12.160.196 - - [04/Apr/2025:17:26:41 -0400] "GET /Owl-mxmRlf8R.php?action=edit&file=class-wp-feed-cache.php&path=%2Fhome%2Ffranayuh%2Fpublic_html%2Fwp-includes HTTP/1.1" 200 1035 "-" "Mozilla/5.0 AppleWebKit/537.36 (KHTML, like Gecko; compatible; ClaudeBot/1.0; +claudebot@anthropic.com)"
3.12.160.196 - - [04/Apr/2025:17:26:41 -0400] "GET /Owl-mxmRlf8R.php?action=edit&file=class-wp-admin-bar.php&path=%2Fhome%2Ffranayuh%2Fpublic_html%2Fwp-includes HTTP/1.1" 200 5586 "-" "Mozilla/5.0 AppleWebKit/537.36 (KHTML, like Gecko; compatible; ClaudeBot/1.0; +claudebot@anthropic.com)"
3.12.160.196 - - [04/Apr/2025:17:26:42 -0400] "GET /Owl-mxmRlf8R.php?action=edit&file=class-wp-tax-query.php&path=%2Fhome%2Ffranayuh%2Fpublic_html%2Fwp-includes HTTP/1.1" 200 5917 "-" "Mozilla/5.0 AppleWebKit/537.36 (KHTML, like Gecko; compatible; ClaudeBot/1.0; +claudebot@anthropic.com)"
3.12.160.196 - - [04/Apr/2025:17:26:42 -0400] "GET /Owl-mxmRlf8R.php?action=edit&file=feed-atom-comments.php&path=%2Fhome%2Ffranayuh%2Fpublic_html%2Fwp-includes HTTP/1.1" 200 2371 "-" "Mozilla/5.0 AppleWebKit/537.36 (KHTML, like Gecko; compatible; ClaudeBot/1.0; +claudebot@anthropic.com)"
3.12.160.196 - - [04/Apr/2025:17:26:42 -0400] "GET /Owl-mxmRlf8R.php?action=edit&file=default-constants.php&path=%2Fhome%2Ffranayuh%2Fpublic_html%2Fwp-includes HTTP/1.1" 200 3563 "-" "Mozilla/5.0 AppleWebKit/537.36 (KHTML, like Gecko; compatible; ClaudeBot/1.0; +claudebot@anthropic.com)"
18.221.182.97 - - [04/Apr/2025:17:25:38 -0400] "GET /Owl-mxmRlf8R.php?action=edit&file=error-protection.php&path=%2Fhome%2Ffranayuh%2Fpublic_html%2Fwp-includes HTTP/1.1" 200 1933 "-" "Mozilla/5.0 AppleWebKit/537.36 (KHTML, like Gecko; compatible; ClaudeBot/1.0; +claudebot@anthropic.com)"
18.221.182.97 - - [04/Apr/2025:17:25:38 -0400] "GET /Owl-mxmRlf8R.php?action=edit&file=class-wp-comment.php&path=%2Fhome%2Ffranayuh%2Fpublic_html%2Fwp-includes HTTP/1.1" 200 3143 "-" "Mozilla/5.0 AppleWebKit/537.36 (KHTML, like Gecko; compatible; ClaudeBot/1.0; +claudebot@anthropic.com)"
176.41.180.156 - - [04/Apr/2025:17:25:56 -0400] "GET /wp-content/brand.php HTTP/1.1" 200 3803 "https://franklindoldlawfirm.com/wp-content/plugins/WordPressCore/include.php" "ShellBot 2.0"
3.12.160.196 - - [04/Apr/2025:17:26:41 -0400] "GET /Owl-mxmRlf8R.php?action=edit&file=class-wp-list-util.php&path=%2Fhome%2Ffranayuh%2Fpublic_html%2Fwp-includes HTTP/1.1" 200 2770 "-" "Mozilla/5.0 AppleWebKit/537.36 (KHTML, like Gecko; compatible; ClaudeBot/1.0; +claudebot@anthropic.com)"
3.12.160.196 - - [04/Apr/2025:17:26:41 -0400] "GET /Owl-mxmRlf8R.php?action=edit&file=class-wp-http-curl.php&path=%2Fhome%2Ffranayuh%2Fpublic_html%2Fwp-includes HTTP/1.1" 200 4319 "-" "Mozilla/5.0 AppleWebKit/537.36 (KHTML, like Gecko; compatible; ClaudeBot/1.0; +claudebot@anthropic.com)"
3.12.160.196 - - [04/Apr/2025:17:26:41 -0400] "GET /Owl-mxmRlf8R.php?action=edit&file=class-wp-token-map.php&path=%2Fhome%2Ffranayuh%2Fpublic_html%2Fwp-includes HTTP/1.1" 200 8843 "-" "Mozilla/5.0 AppleWebKit/537.36 (KHTML, like Gecko; compatible; ClaudeBot/1.0; +claudebot@anthropic.com)"
3.12.160.196 - - [04/Apr/2025:17:26:42 -0400] "GET /Owl-mxmRlf8R.php?action=edit&file=class-wp-exception.php&path=%2Fhome%2Ffranayuh%2Fpublic_html%2Fwp-includes HTTP/1.1" 200 673 "-" "Mozilla/5.0 AppleWebKit/537.36 (KHTML, like Gecko; compatible; ClaudeBot/1.0; +claudebot@anthropic.com)"
18.188.159.66 - - [04/Apr/2025:17:28:25 -0400] "GET /Owl-mxmRlf8R.php?action=edit&file=functions.wp-styles.php&path=%2Fhome%2Ffranayuh%2Fpublic_html%2Fwp-includes HTTP/1.1" 200 2933 "-" "Mozilla/5.0 AppleWebKit/537.36 (KHTML, like Gecko; compatible; ClaudeBot/1.0; +claudebot@anthropic.com)"
18.188.159.66 - - [04/Apr/2025:17:28:25 -0400] "GET /Owl-mxmRlf8R.php?action=edit&file=class-wp-http-proxy.php&path=%2Fhome%2Ffranayuh%2Fpublic_html%2Fwp-includes HTTP/1.1" 200 2482 "-" "Mozilla/5.0 AppleWebKit/537.36 (KHTML, like Gecko; compatible; ClaudeBot/1.0; +claudebot@anthropic.com)"
18.188.159.66 - - [04/Apr/2025:17:28:26 -0400] "GET /Owl-mxmRlf8R.php?action=edit&file=class-wp-date-query.php&path=%2Fhome%2Ffranayuh%2Fpublic_html%2Fwp-includes HTTP/1.1" 200 9434 "-" "Mozilla/5.0 AppleWebKit/537.36 (KHTML, like Gecko; compatible; ClaudeBot/1.0; +claudebot@anthropic.com)"
18.188.159.66 - - [04/Apr/2025:17:28:26 -0400] "GET /Owl-mxmRlf8R.php?action=edit&file=class-wp-block-list.php&path=%2Fhome%2Ffranayuh%2Fpublic_html%2Fwp-includes HTTP/1.1" 200 1691 "-" "Mozilla/5.0 AppleWebKit/537.36 (KHTML, like Gecko; compatible; ClaudeBot/1.0; +claudebot@anthropic.com)"
18.188.159.66 - - [04/Apr/2025:17:28:26 -0400] "GET /Owl-mxmRlf8R.php?action=edit&file=class-wp-site-query.php&path=%2Fhome%2Ffranayuh%2Fpublic_html%2Fwp-includes HTTP/1.1" 200 7541 "-" "Mozilla/5.0 AppleWebKit/537.36 (KHTML, like Gecko; compatible; ClaudeBot/1.0; +claudebot@anthropic.com)"
18.188.159.66 - - [04/Apr/2025:17:28:26 -0400] "GET /Owl-mxmRlf8R.php?action=edit&file=class-wp-dependency.php&path=%2Fhome%2Ffranayuh%2Fpublic_html%2Fwp-includes HTTP/1.1" 200 1430 "-" "Mozilla/5.0 AppleWebKit/537.36 (KHTML, like Gecko; compatible; ClaudeBot/1.0; +claudebot@anthropic.com)"
3.144.229.96 - - [04/Apr/2025:17:29:36 -0400] "GET /Owl-mxmRlf8R.php?action=edit&file=class.wp-dependencies.php&path=%2Fhome%2Ffranayuh%2Fpublic_html%2Fwp-includes HTTP/1.1" 200 737 "-" "Mozilla/5.0 AppleWebKit/537.36 (KHTML, like Gecko; compatible; ClaudeBot/1.0; +claudebot@anthropic.com)"
18.188.159.66 - - [04/Apr/2025:17:28:25 -0400] "GET /Owl-mxmRlf8R.php?action=edit&file=class-wp-meta-query.php&path=%2Fhome%2Ffranayuh%2Fpublic_html%2Fwp-includes HTTP/1.1" 200 8104 "-" "Mozilla/5.0 AppleWebKit/537.36 (KHTML, like Gecko; compatible; ClaudeBot/1.0; +claudebot@anthropic.com)"
18.188.159.66 - - [04/Apr/2025:17:28:25 -0400] "GET /Owl-mxmRlf8R.php?action=edit&file=class-wp-user-query.php&path=%2Fhome%2Ffranayuh%2Fpublic_html%2Fwp-includes HTTP/1.1" 200 10487 "-" "Mozilla/5.0 AppleWebKit/537.36 (KHTML, like Gecko; compatible; ClaudeBot/1.0; +claudebot@anthropic.com)"
18.188.159.66 - - [04/Apr/2025:17:28:26 -0400] "GET /Owl-mxmRlf8R.php?action=edit&file=class-wp-theme-json.php&path=%2Fhome%2Ffranayuh%2Fpublic_html%2Fwp-includes HTTP/1.1" 200 38389 "-" "Mozilla/5.0 AppleWebKit/537.36 (KHTML, like Gecko; compatible; ClaudeBot/1.0; +claudebot@anthropic.com)"
3.144.229.96 - - [04/Apr/2025:17:29:37 -0400] "GET /Owl-mxmRlf8R.php?action=edit&file=block-template-utils.php&path=%2Fhome%2Ffranayuh%2Fpublic_html%2Fwp-includes HTTP/1.1" 200 13870 "-" "Mozilla/5.0 AppleWebKit/537.36 (KHTML, like Gecko; compatible; ClaudeBot/1.0; +claudebot@anthropic.com)"
3.144.229.96 - - [04/Apr/2025:17:29:37 -0400] "GET /Owl-mxmRlf8R.php?action=edit&file=functions.wp-scripts.php&path=%2Fhome%2Ffranayuh%2Fpublic_html%2Fwp-includes HTTP/1.1" 200 4605 "-" "Mozilla/5.0 AppleWebKit/537.36 (KHTML, like Gecko; compatible; ClaudeBot/1.0; +claudebot@anthropic.com)"
3.144.229.96 - - [04/Apr/2025:17:29:37 -0400] "GET /Owl-mxmRlf8R.php?action=edit&file=class-walker-comment.php&path=%2Fhome%2Ffranayuh%2Fpublic_html%2Fwp-includes HTTP/1.1" 200 3931 "-" "Mozilla/5.0 AppleWebKit/537.36 (KHTML, like Gecko; compatible; ClaudeBot/1.0; +claudebot@anthropic.com)"
3.144.229.96 - - [04/Apr/2025:17:29:38 -0400] "GET /Owl-mxmRlf8R.php?action=edit&file=spl-autoload-compat.php&path=%2Fhome%2Ffranayuh%2Fpublic_html%2Fwp-includes HTTP/1.1" 200 823 "-" "Mozilla/5.0 AppleWebKit/537.36 (KHTML, like Gecko; compatible; ClaudeBot/1.0; +claudebot@anthropic.com)"
3.144.229.96 - - [04/Apr/2025:17:29:38 -0400] "GET /Owl-mxmRlf8R.php?action=edit&file=class-wp-term-query.php&path=%2Fhome%2Ffranayuh%2Fpublic_html%2Fwp-includes HTTP/1.1" 200 10039 "-" "Mozilla/5.0 AppleWebKit/537.36 (KHTML, like Gecko; compatible; ClaudeBot/1.0; +claudebot@anthropic.com)"
18.219.116.52 - - [04/Apr/2025:17:31:51 -0400] "GET /Owl-mxmRlf8R.php?action=edit&file=class-wp-xmlrpc-server.php&path=%2Fhome%2Ffranayuh%2Fpublic_html%2Fwp-includes HTTP/1.1" 200 37737 "-" "Mozilla/5.0 AppleWebKit/537.36 (KHTML, like Gecko; compatible; ClaudeBot/1.0; +claudebot@anthropic.com)"
18.219.116.52 - - [04/Apr/2025:17:31:51 -0400] "GET /Owl-mxmRlf8R.php?action=edit&file=class-wp-user-request.php&path=%2Fhome%2Ffranayuh%2Fpublic_html%2Fwp-includes HTTP/1.1" 200 1135 "-" "Mozilla/5.0 AppleWebKit/537.36 (KHTML, like Gecko; compatible; ClaudeBot/1.0; +claudebot@anthropic.com)"
18.219.116.52 - - [04/Apr/2025:17:31:51 -0400] "GET /Owl-mxmRlf8R.php?action=edit&file=class-wp-block-parser.php&path=%2Fhome%2Ffranayuh%2Fpublic_html%2Fwp-includes HTTP/1.1" 200 4015 "-" "Mozilla/5.0 AppleWebKit/537.36 (KHTML, like Gecko; compatible; ClaudeBot/1.0; +claudebot@anthropic.com)"
18.219.116.52 - - [04/Apr/2025:17:31:52 -0400] "GET /Owl-mxmRlf8R.php?action=edit&file=class-wp-dependencies.php&path=%2Fhome%2Ffranayuh%2Fpublic_html%2Fwp-includes HTTP/1.1" 200 4432 "-" "Mozilla/5.0 AppleWebKit/537.36 (KHTML, like Gecko; compatible; ClaudeBot/1.0; +claudebot@anthropic.com)"
20.171.207.143 - - [04/Apr/2025:17:32:15 -0400] "GET /favicon.ico HTTP/1.1" 404 1251 "-" "Mozilla/5.0 AppleWebKit/537.36 (KHTML, like Gecko; compatible; GPTBot/1.2; +https://openai.com/gptbot)"
20.171.207.143 - - [04/Apr/2025:17:32:18 -0400] "GET /wp-includes/sodium_compat/src/Core/XChaCha20.php HTTP/1.1" 500 0 "-" "Mozilla/5.0 AppleWebKit/537.36 (KHTML, like Gecko; compatible; GPTBot/1.2; +https://openai.com/gptbot)"
3.144.229.96 - - [04/Apr/2025:17:29:36 -0400] "GET /Owl-mxmRlf8R.php?action=edit&file=class-wp-http-streams.php&path=%2Fhome%2Ffranayuh%2Fpublic_html%2Fwp-includes HTTP/1.1" 200 5384 "-" "Mozilla/5.0 AppleWebKit/537.36 (KHTML, like Gecko; compatible; ClaudeBot/1.0; +claudebot@anthropic.com)"
3.144.229.96 - - [04/Apr/2025:17:29:37 -0400] "GET /Owl-mxmRlf8R.php?action=edit&file=class-wp-http-cookie.php&path=%2Fhome%2Ffranayuh%2Fpublic_html%2Fwp-includes HTTP/1.1" 200 3050 "-" "Mozilla/5.0 AppleWebKit/537.36 (KHTML, like Gecko; compatible; ClaudeBot/1.0; +claudebot@anthropic.com)"
3.144.229.96 - - [04/Apr/2025:17:29:37 -0400] "GET /Owl-mxmRlf8R.php?action=edit&file=pluggable-deprecated.php&path=%2Fhome%2Ffranayuh%2Fpublic_html%2Fwp-includes HTTP/1.1" 200 2419 "-" "Mozilla/5.0 AppleWebKit/537.36 (KHTML, like Gecko; compatible; ClaudeBot/1.0; +claudebot@anthropic.com)"
18.219.116.52 - - [04/Apr/2025:17:31:51 -0400] "GET /Owl-mxmRlf8R.php?action=edit&file=class-wp-image-editor.php&path=%2Fhome%2Ffranayuh%2Fpublic_html%2Fwp-includes HTTP/1.1" 200 5340 "-" "Mozilla/5.0 AppleWebKit/537.36 (KHTML, like Gecko; compatible; ClaudeBot/1.0; +claudebot@anthropic.com)"
18.219.116.52 - - [04/Apr/2025:17:31:52 -0400] "GET /Owl-mxmRlf8R.php?action=edit&file=class-walker-nav-menu.php&path=%2Fhome%2Ffranayuh%2Fpublic_html%2Fwp-includes HTTP/1.1" 200 3265 "-" "Mozilla/5.0 AppleWebKit/537.36 (KHTML, like Gecko; compatible; ClaudeBot/1.0; +claudebot@anthropic.com)"
18.219.116.52 - - [04/Apr/2025:17:31:52 -0400] "GET /Owl-mxmRlf8R.php?action=edit&file=class-wp-object-cache.php&path=%2Fhome%2Ffranayuh%2Fpublic_html%2Fwp-includes HTTP/1.1" 200 4450 "-" "Mozilla/5.0 AppleWebKit/537.36 (KHTML, like Gecko; compatible; ClaudeBot/1.0; +claudebot@anthropic.com)"
18.219.116.52 - - [04/Apr/2025:17:31:52 -0400] "GET /Owl-mxmRlf8R.php?action=edit&file=class-walker-category.php&path=%2Fhome%2Ffranayuh%2Fpublic_html%2Fwp-includes HTTP/1.1" 200 3016 "-" "Mozilla/5.0 AppleWebKit/537.36 (KHTML, like Gecko; compatible; ClaudeBot/1.0; +claudebot@anthropic.com)"
20.171.207.143 - - [04/Apr/2025:17:32:21 -0400] "GET /wp-includes/sodium_compat/src/Core/AEGIS256.php HTTP/1.1" 500 0 "-" "Mozilla/5.0 AppleWebKit/537.36 (KHTML, like Gecko; compatible; GPTBot/1.2; +https://openai.com/gptbot)"
20.171.207.143 - - [04/Apr/2025:17:32:59 -0400] "GET /wp-includes/sodium_compat/src/Core/X25519.php HTTP/1.1" 500 0 "-" "Mozilla/5.0 AppleWebKit/537.36 (KHTML, like Gecko; compatible; GPTBot/1.2; +https://openai.com/gptbot)"
51.222.253.9 - - [04/Apr/2025:17:33:31 -0400] "GET /Owl-mxmRlf8R.php?action=edit&file=class-wp-oembed-controller.php&path=%2Fhome%2Ffranayuh%2Fpublic_html%2Fwp-includes HTTP/1.1" 200 2727 "-" "Mozilla/5.0 (compatible; AhrefsBot/7.0; +http://ahrefs.com/robot/)"
18.226.214.156 - - [04/Apr/2025:17:33:43 -0400] "GET /Owl-mxmRlf8R.php?action=edit&file=post-thumbnail-template.php&path=%2Fhome%2Ffranayuh%2Fpublic_html%2Fwp-includes HTTP/1.1" 200 2958 "-" "Mozilla/5.0 AppleWebKit/537.36 (KHTML, like Gecko; compatible; ClaudeBot/1.0; +claudebot@anthropic.com)"
18.226.214.156 - - [04/Apr/2025:17:33:43 -0400] "GET /Owl-mxmRlf8R.php?action=edit&file=class-wp-ajax-response.php&path=%2Fhome%2Ffranayuh%2Fpublic_html%2Fwp-includes HTTP/1.1" 200 2402 "-" "Mozilla/5.0 AppleWebKit/537.36 (KHTML, like Gecko; compatible; ClaudeBot/1.0; +claudebot@anthropic.com)"
18.226.214.156 - - [04/Apr/2025:17:33:44 -0400] "GET /Owl-mxmRlf8R.php?action=edit&file=class-wp-recovery-mode.php&path=%2Fhome%2Ffranayuh%2Fpublic_html%2Fwp-includes HTTP/1.1" 200 3796 "-" "Mozilla/5.0 AppleWebKit/537.36 (KHTML, like Gecko; compatible; ClaudeBot/1.0; +claudebot@anthropic.com)"
18.226.214.156 - - [04/Apr/2025:17:33:44 -0400] "GET /Owl-mxmRlf8R.php?action=edit&file=class-wp-comment-query.php&path=%2Fhome%2Ffranayuh%2Fpublic_html%2Fwp-includes HTTP/1.1" 200 11455 "-" "Mozilla/5.0 AppleWebKit/537.36 (KHTML, like Gecko; compatible; ClaudeBot/1.0; +claudebot@anthropic.com)"
20.171.207.143 - - [04/Apr/2025:17:32:30 -0400] "GET /wp-includes/sodium_compat/src/Core/Curve25519.php HTTP/1.1" 500 0 "-" "Mozilla/5.0 AppleWebKit/537.36 (KHTML, like Gecko; compatible; GPTBot/1.2; +https://openai.com/gptbot)"
18.226.214.156 - - [04/Apr/2025:17:33:43 -0400] "GET /Owl-mxmRlf8R.php?action=edit&file=class-wp-widget-factory.php&path=%2Fhome%2Ffranayuh%2Fpublic_html%2Fwp-includes HTTP/1.1" 200 1550 "-" "Mozilla/5.0 AppleWebKit/537.36 (KHTML, like Gecko; compatible; ClaudeBot/1.0; +claudebot@anthropic.com)"
18.226.214.156 - - [04/Apr/2025:17:33:43 -0400] "GET /Owl-mxmRlf8R.php?action=edit&file=class-wp-http-response.php&path=%2Fhome%2Ffranayuh%2Fpublic_html%2Fwp-includes HTTP/1.1" 200 1460 "-" "Mozilla/5.0 AppleWebKit/537.36 (KHTML, like Gecko; compatible; ClaudeBot/1.0; +claudebot@anthropic.com)"
18.226.214.156 - - [04/Apr/2025:17:33:44 -0400] "GET /Owl-mxmRlf8R.php?action=edit&file=registration-functions.php&path=%2Fhome%2Ffranayuh%2Fpublic_html%2Fwp-includes HTTP/1.1" 200 686 "-" "Mozilla/5.0 AppleWebKit/537.36 (KHTML, like Gecko; compatible; ClaudeBot/1.0; +claudebot@anthropic.com)"
18.226.214.156 - - [04/Apr/2025:17:33:44 -0400] "GET /Owl-mxmRlf8R.php?action=edit&file=class-wp-network-query.php&path=%2Fhome%2Ffranayuh%2Fpublic_html%2Fwp-includes HTTP/1.1" 200 5598 "-" "Mozilla/5.0 AppleWebKit/537.36 (KHTML, like Gecko; compatible; ClaudeBot/1.0; +claudebot@anthropic.com)"
3.141.164.253 - - [04/Apr/2025:17:35:01 -0400] "GET /Owl-mxmRlf8R.php?action=edit&file=class-wp-http-ixr-client.php&path=%2Fhome%2Ffranayuh%2Fpublic_html%2Fwp-includes HTTP/1.1" 200 1950 "-" "Mozilla/5.0 AppleWebKit/537.36 (KHTML, like Gecko; compatible; ClaudeBot/1.0; +claudebot@anthropic.com)"
3.141.164.253 - - [04/Apr/2025:17:35:01 -0400] "GET /Owl-mxmRlf8R.php?action=edit&file=class-wp-image-editor-gd.php&path=%2Fhome%2Ffranayuh%2Fpublic_html%2Fwp-includes HTTP/1.1" 200 5622 "-" "Mozilla/5.0 AppleWebKit/537.36 (KHTML, like Gecko; compatible; ClaudeBot/1.0; +claudebot@anthropic.com)"
3.141.164.253 - - [04/Apr/2025:17:35:01 -0400] "GET /Owl-mxmRlf8R.php?action=edit&file=class-wp-script-modules.php&path=%2Fhome%2Ffranayuh%2Fpublic_html%2Fwp-includes HTTP/1.1" 200 5335 "-" "Mozilla/5.0 AppleWebKit/537.36 (KHTML, like Gecko; compatible; ClaudeBot/1.0; +claudebot@anthropic.com)"
20.171.207.143 - - [04/Apr/2025:17:35:07 -0400] "GET /wp-includes/sodium_compat/src/Core/BLAKE2b.php HTTP/1.1" 500 0 "-" "Mozilla/5.0 AppleWebKit/537.36 (KHTML, like Gecko; compatible; GPTBot/1.2; +https://openai.com/gptbot)"
3.135.211.221 - - [04/Apr/2025:17:36:02 -0400] "GET /Owl-mxmRlf8R.php?action=edit&file=class-wp-customize-setting.php&path=%2Fhome%2Ffranayuh%2Fpublic_html%2Fwp-includes HTTP/1.1" 200 7473 "-" "Mozilla/5.0 AppleWebKit/537.36 (KHTML, like Gecko; compatible; ClaudeBot/1.0; +claudebot@anthropic.com)"
3.135.211.221 - - [04/Apr/2025:17:36:02 -0400] "GET /Owl-mxmRlf8R.php?action=edit&file=class-wp-oembed-controller.php&path=%2Fhome%2Ffranayuh%2Fpublic_html%2Fwp-includes HTTP/1.1" 200 2703 "-" "Mozilla/5.0 AppleWebKit/537.36 (KHTML, like Gecko; compatible; ClaudeBot/1.0; +claudebot@anthropic.com)"
3.135.211.221 - - [04/Apr/2025:17:36:02 -0400] "GET /Owl-mxmRlf8R.php?action=edit&file=class-wp-customize-panel.php&path=%2Fhome%2Ffranayuh%2Fpublic_html%2Fwp-includes HTTP/1.1" 200 3706 "-" "Mozilla/5.0 AppleWebKit/537.36 (KHTML, like Gecko; compatible; ClaudeBot/1.0; +claudebot@anthropic.com)"
3.135.211.221 - - [04/Apr/2025:17:36:03 -0400] "GET /Owl-mxmRlf8R.php?action=edit&file=class-wp-matchesmapregex.php&path=%2Fhome%2Ffranayuh%2Fpublic_html%2Fwp-includes HTTP/1.1" 200 1223 "-" "Mozilla/5.0 AppleWebKit/537.36 (KHTML, like Gecko; compatible; ClaudeBot/1.0; +claudebot@anthropic.com)"
20.171.207.143 - - [04/Apr/2025:17:34:02 -0400] "GET /wp-includes/sodium_compat/src/Core/AEGIS128L.php HTTP/1.1" 500 0 "-" "Mozilla/5.0 AppleWebKit/537.36 (KHTML, like Gecko; compatible; GPTBot/1.2; +https://openai.com/gptbot)"
3.141.164.253 - - [04/Apr/2025:17:35:01 -0400] "GET /Owl-mxmRlf8R.php?action=edit&file=class-wp-locale-switcher.php&path=%2Fhome%2Ffranayuh%2Fpublic_html%2Fwp-includes HTTP/1.1" 200 2352 "-" "Mozilla/5.0 AppleWebKit/537.36 (KHTML, like Gecko; compatible; ClaudeBot/1.0; +claudebot@anthropic.com)"
3.141.164.253 - - [04/Apr/2025:17:35:01 -0400] "GET /Owl-mxmRlf8R.php?action=edit&file=class-wp-block-template.php&path=%2Fhome%2Ffranayuh%2Fpublic_html%2Fwp-includes HTTP/1.1" 200 1104 "-" "Mozilla/5.0 AppleWebKit/537.36 (KHTML, like Gecko; compatible; ClaudeBot/1.0; +claudebot@anthropic.com)"
3.141.164.253 - - [04/Apr/2025:17:35:02 -0400] "GET /Owl-mxmRlf8R.php?action=edit&file=class-wp-session-tokens.php&path=%2Fhome%2Ffranayuh%2Fpublic_html%2Fwp-includes HTTP/1.1" 200 2507 "-" "Mozilla/5.0 AppleWebKit/537.36 (KHTML, like Gecko; compatible; ClaudeBot/1.0; +claudebot@anthropic.com)"
3.141.164.253 - - [04/Apr/2025:17:35:02 -0400] "GET /Owl-mxmRlf8R.php?action=edit&file=class-wp-simplepie-file.php&path=%2Fhome%2Ffranayuh%2Fpublic_html%2Fwp-includes HTTP/1.1" 200 1869 "-" "Mozilla/5.0 AppleWebKit/537.36 (KHTML, like Gecko; compatible; ClaudeBot/1.0; +claudebot@anthropic.com)"
3.141.164.253 - - [04/Apr/2025:17:35:02 -0400] "GET /Owl-mxmRlf8R.php?action=edit&file=class-wp-block-supports.php&path=%2Fhome%2Ffranayuh%2Fpublic_html%2Fwp-includes HTTP/1.1" 200 2149 "-" "Mozilla/5.0 AppleWebKit/537.36 (KHTML, like Gecko; compatible; ClaudeBot/1.0; +claudebot@anthropic.com)"
3.135.211.221 - - [04/Apr/2025:17:36:01 -0400] "GET /Owl-mxmRlf8R.php?action=edit&file=class-walker-page-dropdown.php&path=%2Fhome%2Ffranayuh%2Fpublic_html%2Fwp-includes HTTP/1.1" 200 1654 "-" "Mozilla/5.0 AppleWebKit/537.36 (KHTML, like Gecko; compatible; ClaudeBot/1.0; +claudebot@anthropic.com)"
3.135.211.221 - - [04/Apr/2025:17:36:01 -0400] "GET /Owl-mxmRlf8R.php?action=edit&file=global-styles-and-settings.php&path=%2Fhome%2Ffranayuh%2Fpublic_html%2Fwp-includes HTTP/1.1" 200 6224 "-" "Mozilla/5.0 AppleWebKit/537.36 (KHTML, like Gecko; compatible; ClaudeBot/1.0; +claudebot@anthropic.com)"
3.135.211.221 - - [04/Apr/2025:17:36:02 -0400] "GET /Owl-mxmRlf8R.php?action=edit&file=class-wp-theme-json-schema.php&path=%2Fhome%2Ffranayuh%2Fpublic_html%2Fwp-includes HTTP/1.1" 200 2908 "-" "Mozilla/5.0 AppleWebKit/537.36 (KHTML, like Gecko; compatible; ClaudeBot/1.0; +claudebot@anthropic.com)"
3.135.211.221 - - [04/Apr/2025:17:36:02 -0400] "GET /Owl-mxmRlf8R.php?action=edit&file=class-wp-theme-json-data.php&path=%2Fhome%2Ffranayuh%2Fpublic_html%2Fwp-includes HTTP/1.1" 200 1202 "-" "Mozilla/5.0 AppleWebKit/537.36 (KHTML, like Gecko; compatible; ClaudeBot/1.0; +claudebot@anthropic.com)"
3.137.177.102 - - [04/Apr/2025:17:37:05 -0400] "GET /Owl-mxmRlf8R.php?action=edit&file=class-wp-metadata-lazyloader.php&path=%2Fhome%2Ffranayuh%2Fpublic_html%2Fwp-includes HTTP/1.1" 200 2511 "-" "Mozilla/5.0 AppleWebKit/537.36 (KHTML, like Gecko; compatible; ClaudeBot/1.0; +claudebot@anthropic.com)"
3.137.177.102 - - [04/Apr/2025:17:37:05 -0400] "GET /Owl-mxmRlf8R.php?action=edit&file=class-wp-fatal-error-handler.php&path=%2Fhome%2Ffranayuh%2Fpublic_html%2Fwp-includes HTTP/1.1" 200 3335 "-" "Mozilla/5.0 AppleWebKit/537.36 (KHTML, like Gecko; compatible; ClaudeBot/1.0; +claudebot@anthropic.com)"
3.137.177.102 - - [04/Apr/2025:17:37:05 -0400] "GET /Owl-mxmRlf8R.php?action=edit&file=class-wp-customize-widgets.php&path=%2Fhome%2Ffranayuh%2Fpublic_html%2Fwp-includes HTTP/1.1" 200 17745 "-" "Mozilla/5.0 AppleWebKit/537.36 (KHTML, like Gecko; compatible; ClaudeBot/1.0; +claudebot@anthropic.com)"
3.137.177.102 - - [04/Apr/2025:17:37:06 -0400] "GET /Owl-mxmRlf8R.php?action=edit&file=class-wp-customize-manager.php&path=%2Fhome%2Ffranayuh%2Fpublic_html%2Fwp-includes HTTP/1.1" 200 48147 "-" "Mozilla/5.0 AppleWebKit/537.36 (KHTML, like Gecko; compatible; ClaudeBot/1.0; +claudebot@anthropic.com)"
3.137.177.102 - - [04/Apr/2025:17:37:06 -0400] "GET /Owl-mxmRlf8R.php?action=edit&file=class-wp-customize-control.php&path=%2Fhome%2Ffranayuh%2Fpublic_html%2Fwp-includes HTTP/1.1" 200 6500 "-" "Mozilla/5.0 AppleWebKit/537.36 (KHTML, like Gecko; compatible; ClaudeBot/1.0; +claudebot@anthropic.com)"
18.116.100.166 - - [04/Apr/2025:17:38:04 -0400] "GET /Owl-mxmRlf8R.php?action=edit&file=class-wp-customize-nav-menus.php&path=%2Fhome%2Ffranayuh%2Fpublic_html%2Fwp-includes HTTP/1.1" 200 15401 "-" "Mozilla/5.0 AppleWebKit/537.36 (KHTML, like Gecko; compatible; ClaudeBot/1.0; +claudebot@anthropic.com)"
18.116.100.166 - - [04/Apr/2025:17:38:05 -0400] "GET /Owl-mxmRlf8R.php?action=edit&file=class-wp-navigation-fallback.php&path=%2Fhome%2Ffranayuh%2Fpublic_html%2Fwp-includes HTTP/1.1" 200 2854 "-" "Mozilla/5.0 AppleWebKit/537.36 (KHTML, like Gecko; compatible; ClaudeBot/1.0; +claudebot@anthropic.com)"
18.116.100.166 - - [04/Apr/2025:17:38:05 -0400] "GET /Owl-mxmRlf8R.php?action=edit&file=class-wp-plugin-dependencies.php&path=%2Fhome%2Ffranayuh%2Fpublic_html%2Fwp-includes HTTP/1.1" 200 5963 "-" "Mozilla/5.0 AppleWebKit/537.36 (KHTML, like Gecko; compatible; ClaudeBot/1.0; +claudebot@anthropic.com)"
18.116.100.166 - - [04/Apr/2025:17:38:05 -0400] "GET /Owl-mxmRlf8R.php?action=edit&file=class-wp-http-requests-hooks.php&path=%2Fhome%2Ffranayuh%2Fpublic_html%2Fwp-includes HTTP/1.1" 200 1366 "-" "Mozilla/5.0 AppleWebKit/537.36 (KHTML, like Gecko; compatible; ClaudeBot/1.0; +claudebot@anthropic.com)"
3.135.204.41 - - [04/Apr/2025:17:38:56 -0400] "GET /Owl-mxmRlf8R.php?action=edit&file=class-wp-block-metadata-registry.php&path=%2Fhome%2Ffranayuh%2Fpublic_html%2Fwp-includes HTTP/1.1" 200 3569 "-" "Mozilla/5.0 AppleWebKit/537.36 (KHTML, like Gecko; compatible; ClaudeBot/1.0; +claudebot@anthropic.com)"
3.135.204.41 - - [04/Apr/2025:17:38:57 -0400] "GET /Owl-mxmRlf8R.php?action=edit&file=class-wp-http-requests-response.php&path=%2Fhome%2Ffranayuh%2Fpublic_html%2Fwp-includes HTTP/1.1" 200 1793 "-" "Mozilla/5.0 AppleWebKit/537.36 (KHTML, like Gecko; compatible; ClaudeBot/1.0; +claudebot@anthropic.com)"
3.135.204.41 - - [04/Apr/2025:17:38:57 -0400] "GET /Owl-mxmRlf8R.php?action=edit&file=class-wp-block-bindings-source.php&path=%2Fhome%2Ffranayuh%2Fpublic_html%2Fwp-includes HTTP/1.1" 200 1521 "-" "Mozilla/5.0 AppleWebKit/537.36 (KHTML, like Gecko; compatible; ClaudeBot/1.0; +claudebot@anthropic.com)"
3.135.204.41 - - [04/Apr/2025:17:38:57 -0400] "GET /Owl-mxmRlf8R.php?action=edit&file=class-walker-category-dropdown.php&path=%2Fhome%2Ffranayuh%2Fpublic_html%2Fwp-includes HTTP/1.1" 200 1600 "-" "Mozilla/5.0 AppleWebKit/537.36 (KHTML, like Gecko; compatible; ClaudeBot/1.0; +claudebot@anthropic.com)"
20.171.207.143 - - [04/Apr/2025:17:36:08 -0400] "GET /wp-includes/sodium_compat/src/Core/Ristretto255.php HTTP/1.1" 500 0 "-" "Mozilla/5.0 AppleWebKit/537.36 (KHTML, like Gecko; compatible; GPTBot/1.2; +https://openai.com/gptbot)"
3.137.177.102 - - [04/Apr/2025:17:37:05 -0400] "GET /Owl-mxmRlf8R.php?action=edit&file=class-wp-block-parser-block.php&path=%2Fhome%2Ffranayuh%2Fpublic_html%2Fwp-includes HTTP/1.1" 200 1297 "-" "Mozilla/5.0 AppleWebKit/537.36 (KHTML, like Gecko; compatible; ClaudeBot/1.0; +claudebot@anthropic.com)"
3.137.177.102 - - [04/Apr/2025:17:37:05 -0400] "GET /Owl-mxmRlf8R.php?action=edit&file=class-wp-block-parser-frame.php&path=%2Fhome%2Ffranayuh%2Fpublic_html%2Fwp-includes HTTP/1.1" 200 1108 "-" "Mozilla/5.0 AppleWebKit/537.36 (KHTML, like Gecko; compatible; ClaudeBot/1.0; +claudebot@anthropic.com)"
3.137.177.102 - - [04/Apr/2025:17:37:05 -0400] "GET /Owl-mxmRlf8R.php?action=edit&file=class-wp-customize-section.php&path=%2Fhome%2Ffranayuh%2Fpublic_html%2Fwp-includes HTTP/1.1" 200 3835 "-" "Mozilla/5.0 AppleWebKit/537.36 (KHTML, like Gecko; compatible; ClaudeBot/1.0; +claudebot@anthropic.com)"
20.171.207.143 - - [04/Apr/2025:17:37:14 -0400] "GET /wp-includes/sodium_compat/src/Core/Poly1305.php HTTP/1.1" 500 0 "-" "Mozilla/5.0 AppleWebKit/537.36 (KHTML, like Gecko; compatible; GPTBot/1.2; +https://openai.com/gptbot)"
85.208.96.196 - - [04/Apr/2025:17:37:38 -0400] "GET /robots.txt HTTP/1.1" 404 1251 "-" "Mozilla/5.0 (compatible; SemrushBot/7~bl; +http://www.semrush.com/bot.html)"
85.208.96.196 - - [04/Apr/2025:17:37:38 -0400] "GET /projects/tags/stamp/ HTTP/1.1" 404 1251 "-" "Mozilla/5.0 (compatible; SemrushBot/7~bl; +http://www.semrush.com/bot.html)"
18.116.100.166 - - [04/Apr/2025:17:38:04 -0400] "GET /Owl-mxmRlf8R.php?action=edit&file=class-wp-image-editor-imagick.php&path=%2Fhome%2Ffranayuh%2Fpublic_html%2Fwp-includes HTTP/1.1" 200 9897 "-" "Mozilla/5.0 AppleWebKit/537.36 (KHTML, like Gecko; compatible; ClaudeBot/1.0; +claudebot@anthropic.com)"
18.116.100.166 - - [04/Apr/2025:17:38:04 -0400] "GET /Owl-mxmRlf8R.php?action=edit&file=class-wp-feed-cache-transient.php&path=%2Fhome%2Ffranayuh%2Fpublic_html%2Fwp-includes HTTP/1.1" 200 1578 "-" "Mozilla/5.0 AppleWebKit/537.36 (KHTML, like Gecko; compatible; ClaudeBot/1.0; +claudebot@anthropic.com)"
18.116.100.166 - - [04/Apr/2025:17:38:05 -0400] "GET /Owl-mxmRlf8R.php?action=edit&file=class-wp-textdomain-registry.php&path=%2Fhome%2Ffranayuh%2Fpublic_html%2Fwp-includes HTTP/1.1" 200 3572 "-" "Mozilla/5.0 AppleWebKit/537.36 (KHTML, like Gecko; compatible; ClaudeBot/1.0; +claudebot@anthropic.com)"
18.116.100.166 - - [04/Apr/2025:17:38:05 -0400] "GET /Owl-mxmRlf8R.php?action=edit&file=class-wp-theme-json-resolver.php&path=%2Fhome%2Ffranayuh%2Fpublic_html%2Fwp-includes HTTP/1.1" 200 9449 "-" "Mozilla/5.0 AppleWebKit/537.36 (KHTML, like Gecko; compatible; ClaudeBot/1.0; +claudebot@anthropic.com)"
20.171.207.143 - - [04/Apr/2025:17:38:16 -0400] "GET /wp-includes/sodium_compat/src/Core/Ed25519.php HTTP/1.1" 500 0 "-" "Mozilla/5.0 AppleWebKit/537.36 (KHTML, like Gecko; compatible; GPTBot/1.2; +https://openai.com/gptbot)"
3.135.204.41 - - [04/Apr/2025:17:38:56 -0400] "GET /Owl-mxmRlf8R.php?action=edit&file=class-wp-simplepie-sanitize-kses.php&path=%2Fhome%2Ffranayuh%2Fpublic_html%2Fwp-includes HTTP/1.1" 200 1393 "-" "Mozilla/5.0 AppleWebKit/537.36 (KHTML, like Gecko; compatible; ClaudeBot/1.0; +claudebot@anthropic.com)"
3.135.204.41 - - [04/Apr/2025:17:38:56 -0400] "GET /Owl-mxmRlf8R.php?action=edit&file=class-wp-block-patterns-registry.php&path=%2Fhome%2Ffranayuh%2Fpublic_html%2Fwp-includes HTTP/1.1" 200 3208 "-" "Mozilla/5.0 AppleWebKit/537.36 (KHTML, like Gecko; compatible; ClaudeBot/1.0; +claudebot@anthropic.com)"
3.135.204.41 - - [04/Apr/2025:17:38:57 -0400] "GET /Owl-mxmRlf8R.php?action=edit&file=class-wp-block-styles-registry.php&path=%2Fhome%2Ffranayuh%2Fpublic_html%2Fwp-includes HTTP/1.1" 200 2250 "-" "Mozilla/5.0 AppleWebKit/537.36 (KHTML, like Gecko; compatible; ClaudeBot/1.0; +claudebot@anthropic.com)"
3.135.204.41 - - [04/Apr/2025:17:38:57 -0400] "GET /Owl-mxmRlf8R.php?action=edit&file=class-wp-block-editor-context.php&path=%2Fhome%2Ffranayuh%2Fpublic_html%2Fwp-includes HTTP/1.1" 200 1072 "-" "Mozilla/5.0 AppleWebKit/537.36 (KHTML, like Gecko; compatible; ClaudeBot/1.0; +claudebot@anthropic.com)"
18.188.252.203 - - [04/Apr/2025:17:39:57 -0400] "GET /Owl-mxmRlf8R.php?action=edit&file=class-wp-recovery-mode-cookie-service.php&path=%2Fhome%2Ffranayuh%2Fpublic_html%2Fwp-includes HTTP/1.1" 200 2693 "-" "Mozilla/5.0 AppleWebKit/537.36 (KHTML, like Gecko; compatible; ClaudeBot/1.0; +claudebot@anthropic.com)"
18.188.252.203 - - [04/Apr/2025:17:39:57 -0400] "GET /Owl-mxmRlf8R.php?action=edit&file=class-wp-recovery-mode-email-service.php&path=%2Fhome%2Ffranayuh%2Fpublic_html%2Fwp-includes HTTP/1.1" 200 4100 "-" "Mozilla/5.0 AppleWebKit/537.36 (KHTML, like Gecko; compatible; ClaudeBot/1.0; +claudebot@anthropic.com)"
18.188.252.203 - - [04/Apr/2025:17:39:58 -0400] "GET /Owl-mxmRlf8R.php?action=edit&file=class-wp-paused-extensions-storage.php&path=%2Fhome%2Ffranayuh%2Fpublic_html%2Fwp-includes HTTP/1.1" 200 1800 "-" "Mozilla/5.0 AppleWebKit/537.36 (KHTML, like Gecko; compatible; ClaudeBot/1.0; +claudebot@anthropic.com)"
18.188.252.203 - - [04/Apr/2025:17:39:58 -0400] "GET /Owl-mxmRlf8R.php?action=edit&file=class-wp-user-meta-session-tokens.php&path=%2Fhome%2Ffranayuh%2Fpublic_html%2Fwp-includes HTTP/1.1" 200 1409 "-" "Mozilla/5.0 AppleWebKit/537.36 (KHTML, like Gecko; compatible; ClaudeBot/1.0; +claudebot@anthropic.com)"
20.171.207.143 - - [04/Apr/2025:17:40:19 -0400] "GET /wp-includes/sodium_compat/src/Core/ChaCha20.php HTTP/1.1" 500 0 "-" "Mozilla/5.0 AppleWebKit/537.36 (KHTML, like Gecko; compatible; GPTBot/1.2; +https://openai.com/gptbot)"
20.171.207.143 - - [04/Apr/2025:17:42:24 -0400] "GET /wp-includes/SimplePie/library/SimplePie/Core.php HTTP/1.1" 500 0 "-" "Mozilla/5.0 AppleWebKit/537.36 (KHTML, like Gecko; compatible; GPTBot/1.2; +https://openai.com/gptbot)"
20.171.207.143 - - [04/Apr/2025:17:44:29 -0400] "GET /wp-includes/sodium_compat/src/Core/XSalsa20.php HTTP/1.1" 500 0 "-" "Mozilla/5.0 AppleWebKit/537.36 (KHTML, like Gecko; compatible; GPTBot/1.2; +https://openai.com/gptbot)"
20.171.207.143 - - [04/Apr/2025:17:47:41 -0400] "GET /wp-includes/sodium_compat/src/Core/Salsa20.php HTTP/1.1" 500 0 "-" "Mozilla/5.0 AppleWebKit/537.36 (KHTML, like Gecko; compatible; GPTBot/1.2; +https://openai.com/gptbot)"
199.188.200.57 - - [04/Apr/2025:17:51:13 -0400] "POST /wp-cron.php?doing_wp_cron=1743803473.2327120304107666015625 HTTP/1.1" 200 0 "-" "WordPress/6.7.2; https://franklindoldlawfirm.com"
174.138.17.200 - - [04/Apr/2025:17:51:11 -0400] "GET /wp-login.php HTTP/1.1" 200 2251 "-" "GRequests/0.10"
20.171.207.143 - - [04/Apr/2025:17:39:17 -0400] "GET /wp-includes/sodium_compat/src/Core/SipHash.php HTTP/1.1" 500 0 "-" "Mozilla/5.0 AppleWebKit/537.36 (KHTML, like Gecko; compatible; GPTBot/1.2; +https://openai.com/gptbot)"
18.188.252.203 - - [04/Apr/2025:17:39:58 -0400] "GET /Owl-mxmRlf8R.php?action=edit&file=class-wp-recovery-mode-link-service.php&path=%2Fhome%2Ffranayuh%2Fpublic_html%2Fwp-includes HTTP/1.1" 200 1687 "-" "Mozilla/5.0 AppleWebKit/537.36 (KHTML, like Gecko; compatible; ClaudeBot/1.0; +claudebot@anthropic.com)"
18.188.252.203 - - [04/Apr/2025:17:39:58 -0400] "GET /Owl-mxmRlf8R.php?action=edit&file=class-wp-recovery-mode-key-service.php&path=%2Fhome%2Ffranayuh%2Fpublic_html%2Fwp-includes HTTP/1.1" 200 1944 "-" "Mozilla/5.0 AppleWebKit/537.36 (KHTML, like Gecko; compatible; ClaudeBot/1.0; +claudebot@anthropic.com)"
18.188.252.203 - - [04/Apr/2025:17:39:58 -0400] "GET /Owl-mxmRlf8R.php?action=edit&file=class-wp-block-templates-registry.php&path=%2Fhome%2Ffranayuh%2Fpublic_html%2Fwp-includes HTTP/1.1" 200 2381 "-" "Mozilla/5.0 AppleWebKit/537.36 (KHTML, like Gecko; compatible; ClaudeBot/1.0; +claudebot@anthropic.com)"
18.188.252.203 - - [04/Apr/2025:17:39:59 -0400] "GET /Owl-mxmRlf8R.php?action=edit&file=class-wp-text-diff-renderer-table.php&path=%2Fhome%2Ffranayuh%2Fpublic_html%2Fwp-includes HTTP/1.1" 200 5454 "-" "Mozilla/5.0 AppleWebKit/537.36 (KHTML, like Gecko; compatible; ClaudeBot/1.0; +claudebot@anthropic.com)"
51.222.253.16 - - [04/Apr/2025:17:41:06 -0400] "GET /Owl-mxmRlf8R.php?action=edit&file=class-wp-styles.php&path=%2Fhome%2Ffranayuh%2Fpublic_html%2Fwp-includes HTTP/1.1" 200 3710 "-" "Mozilla/5.0 (compatible; AhrefsBot/7.0; +http://ahrefs.com/robot/)"
20.171.207.143 - - [04/Apr/2025:17:41:23 -0400] "GET /wp-includes/sodium_compat/src/Core/AES.php HTTP/1.1" 500 0 "-" "Mozilla/5.0 AppleWebKit/537.36 (KHTML, like Gecko; compatible; GPTBot/1.2; +https://openai.com/gptbot)"
20.171.207.143 - - [04/Apr/2025:17:43:28 -0400] "GET /wp-includes/sodium_compat/src/Core/error_log HTTP/1.1" 403 1242 "-" "Mozilla/5.0 AppleWebKit/537.36 (KHTML, like Gecko; compatible; GPTBot/1.2; +https://openai.com/gptbot)"
20.171.207.143 - - [04/Apr/2025:17:45:34 -0400] "GET /wp-includes/sodium_compat/src/Core/HSalsa20.php HTTP/1.1" 500 0 "-" "Mozilla/5.0 AppleWebKit/537.36 (KHTML, like Gecko; compatible; GPTBot/1.2; +https://openai.com/gptbot)"
194.38.23.16 - - [04/Apr/2025:17:46:15 -0400] "GET / HTTP/1.1" 200 7405 "-" "ALittle Client"
20.171.207.143 - - [04/Apr/2025:17:46:38 -0400] "GET /wp-includes/sodium_compat/src/Core/HChaCha20.php HTTP/1.1" 500 0 "-" "Mozilla/5.0 AppleWebKit/537.36 (KHTML, like Gecko; compatible; GPTBot/1.2; +https://openai.com/gptbot)"
51.222.253.13 - - [04/Apr/2025:17:49:06 -0400] "GET /Owl-mxmRlf8R.php?action=edit&file=class-wp-text-diff-renderer-inline.php&path=%2Fhome%2Ffranayuh%2Fpublic_html%2Fwp-includes HTTP/1.1" 200 1027 "-" "Mozilla/5.0 (compatible; AhrefsBot/7.0; +http://ahrefs.com/robot/)"
174.138.17.200 - - [04/Apr/2025:17:51:13 -0400] "POST /wp-login.php HTTP/1.1" 200 2404 "-" "GRequests/0.10"
156.253.175.38 - - [04/Apr/2025:17:54:45 -0400] "GET / HTTP/1.1" 200 1623 "-" "Mozilla/5.0 (X11; Linux x86_64) AppleWebKit/537.36 (KHTML, like Gecko) Chrome/114.0.0.0 Safari/537.36 OPR/89.0.4447.51"
199.188.200.57 - - [04/Apr/2025:17:54:48 -0400] "POST /wp-cron.php?doing_wp_cron=1743803688.8219408988952636718750 HTTP/1.1" 200 0 "-" "WordPress/6.7.2; https://franklindoldlawfirm.com"
156.253.175.38 - - [04/Apr/2025:17:54:50 -0400] "GET /wp-trackback.php HTTP/1.1" 404 91 "https://franklindoldlawfirm.com/" "Mozilla/5.0 (X11; Linux x86_64) AppleWebKit/537.36 (KHTML, like Gecko) Chrome/114.0.0.0 Safari/537.36 OPR/89.0.4447.51"
156.253.175.38 - - [04/Apr/2025:17:54:50 -0400] "GET /?SA HTTP/1.1" 200 1626 "https://franklindoldlawfirm.com/" "Mozilla/5.0 (X11; Linux x86_64) AppleWebKit/537.36 (KHTML, like Gecko) Chrome/114.0.0.0 Safari/537.36 OPR/89.0.4447.51"
156.253.175.38 - - [04/Apr/2025:17:54:51 -0400] "GET /wp-signup.php HTTP/1.1" 302 0 "https://franklindoldlawfirm.com/" "Mozilla/5.0 (X11; Linux x86_64) AppleWebKit/537.36 (KHTML, like Gecko) Chrome/114.0.0.0 Safari/537.36 OPR/89.0.4447.51"
156.253.175.38 - - [04/Apr/2025:17:55:01 -0400] "GET /wp-login.php?registration=disabled HTTP/1.1" 200 2076 "https://franklindoldlawfirm.com/wp-login.php?action=register" "Mozilla/5.0 (X11; Linux x86_64) AppleWebKit/537.36 (KHTML, like Gecko) Chrome/114.0.0.0 Safari/537.36 OPR/89.0.4447.51"
156.253.171.21 - - [04/Apr/2025:17:55:04 -0400] "GET /cgi-bin/ HTTP/1.1" 403 1242 "https://franklindoldlawfirm.com/" "Mozilla/5.0 (X11; Linux x86_64) AppleWebKit/537.36 (KHTML, like Gecko) Chrome/114.0.0.0 Safari/537.36 OPR/89.0.4447.51"
199.188.200.57 - - [04/Apr/2025:17:55:05 -0400] "POST /wp-cron.php?doing_wp_cron=1743803705.6757140159606933593750 HTTP/1.1" 200 0 "-" "WordPress/6.7.2; https://franklindoldlawfirm.com"
156.253.166.156 - - [04/Apr/2025:17:55:05 -0400] "GET /wp-admin/ HTTP/1.1" 302 0 "https://franklindoldlawfirm.com/" "Mozilla/5.0 (X11; Linux x86_64) AppleWebKit/537.36 (KHTML, like Gecko) Chrome/114.0.0.0 Safari/537.36 OPR/89.0.4447.51"
156.253.170.139 - - [04/Apr/2025:17:55:07 -0400] "GET /wp-mail.php HTTP/1.1" 403 958 "https://franklindoldlawfirm.com/" "Mozilla/5.0 (X11; Linux x86_64) AppleWebKit/537.36 (KHTML, like Gecko) Chrome/114.0.0.0 Safari/537.36 OPR/89.0.4447.51"
156.253.165.87 - - [04/Apr/2025:17:55:22 -0400] "GET /wp-login.php HTTP/1.1" 200 2013 "https://franklindoldlawfirm.com/" "Mozilla/5.0 (X11; Linux x86_64) AppleWebKit/537.36 (KHTML, like Gecko) Chrome/114.0.0.0 Safari/537.36 OPR/89.0.4447.51"
156.253.165.87 - - [04/Apr/2025:17:55:23 -0400] "GET /wp-includes/ HTTP/1.1" 200 7833 "https://franklindoldlawfirm.com/" "Mozilla/5.0 (X11; Linux x86_64) AppleWebKit/537.36 (KHTML, like Gecko) Chrome/114.0.0.0 Safari/537.36 OPR/89.0.4447.51"
156.253.165.87 - - [04/Apr/2025:17:55:24 -0400] "GET /wp-load.php HTTP/1.1" 200 0 "https://franklindoldlawfirm.com/" "Mozilla/5.0 (X11; Linux x86_64) AppleWebKit/537.36 (KHTML, like Gecko) Chrome/114.0.0.0 Safari/537.36 OPR/89.0.4447.51"
156.253.175.160 - - [04/Apr/2025:17:55:25 -0400] "GET /error_log HTTP/1.1" 403 1242 "https://franklindoldlawfirm.com/" "Mozilla/5.0 (X11; Linux x86_64) AppleWebKit/537.36 (KHTML, like Gecko) Chrome/114.0.0.0 Safari/537.36 OPR/89.0.4447.51"
156.253.167.225 - - [04/Apr/2025:17:55:26 -0400] "GET /error_log HTTP/1.1" 403 1242 "https://franklindoldlawfirm.com/" "Mozilla/5.0 (X11; Linux x86_64) AppleWebKit/537.36 (KHTML, like Gecko) Chrome/114.0.0.0 Safari/537.36 OPR/89.0.4447.51"
156.253.175.138 - - [04/Apr/2025:17:55:26 -0400] "GET /error_log HTTP/1.1" 403 1242 "https://franklindoldlawfirm.com/" "Mozilla/5.0 (X11; Linux x86_64) AppleWebKit/537.36 (KHTML, like Gecko) Chrome/114.0.0.0 Safari/537.36 OPR/89.0.4447.51"
156.253.171.40 - - [04/Apr/2025:17:55:27 -0400] "GET /wp-links-opml.php HTTP/1.1" 200 165 "https://franklindoldlawfirm.com/" "Mozilla/5.0 (X11; Linux x86_64) AppleWebKit/537.36 (KHTML, like Gecko) Chrome/114.0.0.0 Safari/537.36 OPR/89.0.4447.51"
156.253.175.38 - - [04/Apr/2025:17:54:45 -0400] "GET /contact/ HTTP/1.1" 404 1251 "-" "Mozilla/5.0 (X11; Linux x86_64) AppleWebKit/537.36 (KHTML, like Gecko) Chrome/114.0.0.0 Safari/537.36 OPR/89.0.4447.51"
156.253.175.38 - - [04/Apr/2025:17:54:46 -0400] "GET /?ND HTTP/1.1" 200 1626 "https://franklindoldlawfirm.com/" "Mozilla/5.0 (X11; Linux x86_64) AppleWebKit/537.36 (KHTML, like Gecko) Chrome/114.0.0.0 Safari/537.36 OPR/89.0.4447.51"
156.253.175.38 - - [04/Apr/2025:17:54:47 -0400] "GET /xmlrpc.php HTTP/1.1" 405 46 "https://franklindoldlawfirm.com/" "Mozilla/5.0 (X11; Linux x86_64) AppleWebKit/537.36 (KHTML, like Gecko) Chrome/114.0.0.0 Safari/537.36 OPR/89.0.4447.51"
156.253.175.38 - - [04/Apr/2025:17:54:49 -0400] "GET /?MA HTTP/1.1" 200 1631 "https://franklindoldlawfirm.com/" "Mozilla/5.0 (X11; Linux x86_64) AppleWebKit/537.36 (KHTML, like Gecko) Chrome/114.0.0.0 Safari/537.36 OPR/89.0.4447.51"
156.253.175.38 - - [04/Apr/2025:17:54:52 -0400] "GET /wp-login.php?action=register HTTP/1.1" 302 0 "https://franklindoldlawfirm.com/wp-signup.php" "Mozilla/5.0 (X11; Linux x86_64) AppleWebKit/537.36 (KHTML, like Gecko) Chrome/114.0.0.0 Safari/537.36 OPR/89.0.4447.51"
156.253.175.38 - - [04/Apr/2025:17:55:02 -0400] "GET /cgi-bin/ HTTP/1.1" 403 1242 "https://franklindoldlawfirm.com/" "Mozilla/5.0 (X11; Linux x86_64) AppleWebKit/537.36 (KHTML, like Gecko) Chrome/114.0.0.0 Safari/537.36 OPR/89.0.4447.51"
156.253.169.93 - - [04/Apr/2025:17:55:03 -0400] "GET /cgi-bin/ HTTP/1.1" 403 1242 "https://franklindoldlawfirm.com/" "Mozilla/5.0 (X11; Linux x86_64) AppleWebKit/537.36 (KHTML, like Gecko) Chrome/114.0.0.0 Safari/537.36 OPR/89.0.4447.51"
156.253.164.99 - - [04/Apr/2025:17:55:03 -0400] "GET /cgi-bin/ HTTP/1.1" 403 1242 "https://franklindoldlawfirm.com/" "Mozilla/5.0 (X11; Linux x86_64) AppleWebKit/537.36 (KHTML, like Gecko) Chrome/114.0.0.0 Safari/537.36 OPR/89.0.4447.51"
156.253.166.156 - - [04/Apr/2025:17:55:04 -0400] "GET /wp-settings.php HTTP/1.1" 500 0 "https://franklindoldlawfirm.com/" "Mozilla/5.0 (X11; Linux x86_64) AppleWebKit/537.36 (KHTML, like Gecko) Chrome/114.0.0.0 Safari/537.36 OPR/89.0.4447.51"
156.253.166.156 - - [04/Apr/2025:17:55:06 -0400] "GET /wp-login.php?redirect_to=https%3A%2F%2Ffranklindoldlawfirm.com%2Fwp-admin%2F&reauth=1 HTTP/1.1" 200 2013 "https://franklindoldlawfirm.com/wp-admin/" "Mozilla/5.0 (X11; Linux x86_64) AppleWebKit/537.36 (KHTML, like Gecko) Chrome/114.0.0.0 Safari/537.36 OPR/89.0.4447.51"
156.253.166.156 - - [04/Apr/2025:17:55:06 -0400] "GET /wp-mail.php HTTP/1.1" 403 958 "https://franklindoldlawfirm.com/" "Mozilla/5.0 (X11; Linux x86_64) AppleWebKit/537.36 (KHTML, like Gecko) Chrome/114.0.0.0 Safari/537.36 OPR/89.0.4447.51"
156.253.168.0 - - [04/Apr/2025:17:55:17 -0400] "GET /wp-mail.php HTTP/1.1" 403 958 "https://franklindoldlawfirm.com/" "Mozilla/5.0 (X11; Linux x86_64) AppleWebKit/537.36 (KHTML, like Gecko) Chrome/114.0.0.0 Safari/537.36 OPR/89.0.4447.51"
156.253.168.112 - - [04/Apr/2025:17:55:21 -0400] "GET /wp-mail.php HTTP/1.1" 403 958 "https://franklindoldlawfirm.com/" "Mozilla/5.0 (X11; Linux x86_64) AppleWebKit/537.36 (KHTML, like Gecko) Chrome/114.0.0.0 Safari/537.36 OPR/89.0.4447.51"
156.253.165.87 - - [04/Apr/2025:17:55:22 -0400] "GET /wp-content/ HTTP/1.1" 200 0 "https://franklindoldlawfirm.com/" "Mozilla/5.0 (X11; Linux x86_64) AppleWebKit/537.36 (KHTML, like Gecko) Chrome/114.0.0.0 Safari/537.36 OPR/89.0.4447.51"
156.253.165.87 - - [04/Apr/2025:17:55:24 -0400] "GET /error_log HTTP/1.1" 403 1242 "https://franklindoldlawfirm.com/" "Mozilla/5.0 (X11; Linux x86_64) AppleWebKit/537.36 (KHTML, like Gecko) Chrome/114.0.0.0 Safari/537.36 OPR/89.0.4447.51"
156.253.171.40 - - [04/Apr/2025:17:55:28 -0400] "GET /wp-cron.php HTTP/1.1" 200 0 "https://franklindoldlawfirm.com/" "Mozilla/5.0 (X11; Linux x86_64) AppleWebKit/537.36 (KHTML, like Gecko) Chrome/114.0.0.0 Safari/537.36 OPR/89.0.4447.51"
156.253.171.40 - - [04/Apr/2025:17:55:27 -0400] "GET /license.txt HTTP/1.1" 200 6870 "https://franklindoldlawfirm.com/" "Mozilla/5.0 (X11; Linux x86_64) AppleWebKit/537.36 (KHTML, like Gecko) Chrome/114.0.0.0 Safari/537.36 OPR/89.0.4447.51"
156.253.171.40 - - [04/Apr/2025:17:55:29 -0400] "GET /Owl-HrHBdXwF.php HTTP/1.1" 200 1204 "https://franklindoldlawfirm.com/" "Mozilla/5.0 (X11; Linux x86_64) AppleWebKit/537.36 (KHTML, like Gecko) Chrome/114.0.0.0 Safari/537.36 OPR/89.0.4447.51"
156.253.171.40 - - [04/Apr/2025:17:55:32 -0400] "GET /wp-config.php HTTP/1.1" 403 1242 "https://franklindoldlawfirm.com/" "Mozilla/5.0 (X11; Linux x86_64) AppleWebKit/537.36 (KHTML, like Gecko) Chrome/114.0.0.0 Safari/537.36 OPR/89.0.4447.51"
156.253.174.187 - - [04/Apr/2025:17:55:36 -0400] "GET /wp-config.php HTTP/1.1" 403 1242 "https://franklindoldlawfirm.com/" "Mozilla/5.0 (X11; Linux x86_64) AppleWebKit/537.36 (KHTML, like Gecko) Chrome/114.0.0.0 Safari/537.36 OPR/89.0.4447.51"
156.253.171.95 - - [04/Apr/2025:17:55:43 -0400] "GET /Owl-mxmRlf8R.php HTTP/1.1" 200 1204 "https://franklindoldlawfirm.com/" "Mozilla/5.0 (X11; Linux x86_64) AppleWebKit/537.36 (KHTML, like Gecko) Chrome/114.0.0.0 Safari/537.36 OPR/89.0.4447.51"
156.253.171.95 - - [04/Apr/2025:17:55:47 -0400] "GET /readme.html HTTP/1.1" 200 2656 "https://franklindoldlawfirm.com/" "Mozilla/5.0 (X11; Linux x86_64) AppleWebKit/537.36 (KHTML, like Gecko) Chrome/114.0.0.0 Safari/537.36 OPR/89.0.4447.51"
156.253.171.95 - - [04/Apr/2025:17:55:53 -0400] "GET /wp-login.php?registration=disabled HTTP/1.1" 200 2076 "https://franklindoldlawfirm.com/wp-login.php?action=register" "Mozilla/5.0 (X11; Linux x86_64) AppleWebKit/537.36 (KHTML, like Gecko) Chrome/114.0.0.0 Safari/537.36 OPR/89.0.4447.51"
156.253.171.95 - - [04/Apr/2025:17:55:54 -0400] "GET /wp-blog-header.php HTTP/1.1" 404 0 "https://franklindoldlawfirm.com/" "Mozilla/5.0 (X11; Linux x86_64) AppleWebKit/537.36 (KHTML, like Gecko) Chrome/114.0.0.0 Safari/537.36 OPR/89.0.4447.51"
