192.99.37.133 - - [04/Apr/2025:14:25:24 -0400] "GET /Owl-mxmRlf8R.php?action=edit&file=plymouth-emergency.sh&path=//lib/dracut/modules.d/50plymouth HTTP/1.1" 200 595 "-" "Mozilla/5.0 (compatible; MJ12bot/v1.4.8; http://mj12bot.com/)"
194.247.173.99 - - [04/Apr/2025:14:25:26 -0400] "GET /Owl-mxmRlf8R.php?action=edit&file=l10n.php&path=//home/franayuh/public_html/wp-includes HTTP/1.1" 200 13918 "-" "Mozilla/5.0 (compatible; MJ12bot/v1.4.8; http://mj12bot.com/)"
192.99.37.133 - - [04/Apr/2025:14:25:26 -0400] "GET /Owl-mxmRlf8R.php?action=edit&file=plymouth-newroot.sh&path=//lib/dracut/modules.d/50plymouth HTTP/1.1" 200 653 "-" "Mozilla/5.0 (compatible; MJ12bot/v1.4.8; http://mj12bot.com/)"
194.247.173.99 - - [04/Apr/2025:14:25:28 -0400] "GET /Owl-mxmRlf8R.php?action=edit&file=l10n.php&path=//home/franayuh/www/wp-includes HTTP/1.1" 200 13918 "-" "Mozilla/5.0 (compatible; MJ12bot/v1.4.8; http://mj12bot.com/)"
192.99.37.133 - - [04/Apr/2025:14:25:29 -0400] "GET /Owl-mxmRlf8R.php?action=edit&file=plymouth-pretrigger.sh&path=//lib/dracut/modules.d/50plymouth HTTP/1.1" 200 1010 "-" "Mozilla/5.0 (compatible; MJ12bot/v1.4.8; http://mj12bot.com/)"
192.99.37.133 - - [04/Apr/2025:14:25:32 -0400] "GET /Owl-mxmRlf8R.php?action=edit&file=policy.cpython-36.opt-2.pyc&path=//lib64/python3.6/email/__pycache__ HTTP/1.1" 200 564 "-" "Mozilla/5.0 (compatible; MJ12bot/v1.4.8; http://mj12bot.com/)"
194.247.173.99 - - [04/Apr/2025:14:25:33 -0400] "GET /Owl-mxmRlf8R.php?action=edit&file=label.so&path=//lib64/GraphicsMagick-1.3.38/modules-Q16/coders HTTP/1.1" 200 552 "-" "Mozilla/5.0 (compatible; MJ12bot/v1.4.8; http://mj12bot.com/)"
192.99.37.133 - - [04/Apr/2025:14:25:33 -0400] "GET /Owl-mxmRlf8R.php?action=edit&file=policy.cpython-36.pyc&path=//lib64/python3.6/email/__pycache__ HTTP/1.1" 200 559 "-" "Mozilla/5.0 (compatible; MJ12bot/v1.4.8; http://mj12bot.com/)"
194.247.173.99 - - [04/Apr/2025:14:25:36 -0400] "GET /Owl-mxmRlf8R.php?action=edit&file=langbulgarianmodel.py&path=//lib/python3.6/site-packages/chardet HTTP/1.1" 200 3368 "-" "Mozilla/5.0 (compatible; MJ12bot/v1.4.8; http://mj12bot.com/)"
192.99.37.133 - - [04/Apr/2025:14:25:36 -0400] "GET /Owl-mxmRlf8R.php?action=edit&file=pool.cpython-36.opt-1.pyc&path=//lib64/python3.6/multiprocessing/__pycache__ HTTP/1.1" 200 563 "-" "Mozilla/5.0 (compatible; MJ12bot/v1.4.8; http://mj12bot.com/)"
194.247.173.99 - - [04/Apr/2025:14:25:38 -0400] "GET /Owl-mxmRlf8R.php?action=edit&file=langcyrillicmodel.py&path=//lib/python3.6/site-packages/chardet HTTP/1.1" 200 3623 "-" "Mozilla/5.0 (compatible; MJ12bot/v1.4.8; http://mj12bot.com/)"
192.99.37.133 - - [04/Apr/2025:14:25:39 -0400] "GET /Owl-mxmRlf8R.php?action=edit&file=pool.cpython-36.pyc&path=//lib64/python3.6/multiprocessing/__pycache__ HTTP/1.1" 200 558 "-" "Mozilla/5.0 (compatible; MJ12bot/v1.4.8; http://mj12bot.com/)"
194.247.173.99 - - [04/Apr/2025:14:25:39 -0400] "GET /Owl-mxmRlf8R.php?action=edit&file=langgreekmodel.py&path=//lib/python3.6/site-packages/chardet HTTP/1.1" 200 3015 "-" "Mozilla/5.0 (compatible; MJ12bot/v1.4.8; http://mj12bot.com/)"
192.99.37.133 - - [04/Apr/2025:14:25:41 -0400] "GET /Owl-mxmRlf8R.php?action=edit&file=popen_fork.cpython-36.opt-1.pyc&path=//lib64/python3.6/multiprocessing/__pycache__ HTTP/1.1" 200 569 "-" "Mozilla/5.0 (compatible; MJ12bot/v1.4.8; http://mj12bot.com/)"
194.247.173.99 - - [04/Apr/2025:14:25:41 -0400] "GET /Owl-mxmRlf8R.php?action=edit&file=langhebrewmodel.py&path=//lib/python3.6/site-packages/chardet HTTP/1.1" 200 3110 "-" "Mozilla/5.0 (compatible; MJ12bot/v1.4.8; http://mj12bot.com/)"
192.99.37.133 - - [04/Apr/2025:14:25:19 -0400] "GET /Owl-mxmRlf8R.php?action=edit&file=plugin.php&path=//home/franayuh/www/wp-includes HTTP/1.1" 200 8025 "-" "Mozilla/5.0 (compatible; MJ12bot/v1.4.8; http://mj12bot.com/)"
194.247.173.99 - - [04/Apr/2025:14:25:19 -0400] "GET /Owl-mxmRlf8R.php?action=edit&file=kz-latin.map.gz&path=//lib/kbd/keymaps/xkb HTTP/1.1" 200 557 "-" "Mozilla/5.0 (compatible; MJ12bot/v1.4.8; http://mj12bot.com/)"
192.99.37.133 - - [04/Apr/2025:14:25:20 -0400] "GET /Owl-mxmRlf8R.php?action=edit&file=plugins.php&path=//home/franayuh/public_html/wp-admin HTTP/1.1" 200 8346 "-" "Mozilla/5.0 (compatible; MJ12bot/v1.4.8; http://mj12bot.com/)"
194.247.173.99 - - [04/Apr/2025:14:25:21 -0400] "GET /Owl-mxmRlf8R.php?action=edit&file=kz1048.cpython-36.opt-1.pyc&path=//lib64/python3.6/encodings/__pycache__ HTTP/1.1" 200 565 "-" "Mozilla/5.0 (compatible; MJ12bot/v1.4.8; http://mj12bot.com/)"
194.247.173.99 - - [04/Apr/2025:14:25:22 -0400] "GET /Owl-mxmRlf8R.php?action=edit&file=kz1048.cpython-36.opt-2.pyc&path=//lib64/python3.6/encodings/__pycache__ HTTP/1.1" 200 565 "-" "Mozilla/5.0 (compatible; MJ12bot/v1.4.8; http://mj12bot.com/)"
194.247.173.99 - - [04/Apr/2025:14:25:24 -0400] "GET /Owl-mxmRlf8R.php?action=edit&file=kz1048.cpython-36.pyc&path=//lib64/python3.6/encodings/__pycache__ HTTP/1.1" 200 562 "-" "Mozilla/5.0 (compatible; MJ12bot/v1.4.8; http://mj12bot.com/)"
192.99.37.133 - - [04/Apr/2025:14:25:27 -0400] "GET /Owl-mxmRlf8R.php?action=edit&file=plymouth-populate-initrd.sh&path=//lib/dracut/modules.d/50plymouth HTTP/1.1" 200 1114 "-" "Mozilla/5.0 (compatible; MJ12bot/v1.4.8; http://mj12bot.com/)"
194.247.173.99 - - [04/Apr/2025:14:25:29 -0400] "GET /Owl-mxmRlf8R.php?action=edit&file=label.la&path=//lib64/GraphicsMagick-1.3.38/modules-Q16/coders HTTP/1.1" 200 1070 "-" "Mozilla/5.0 (compatible; MJ12bot/v1.4.8; http://mj12bot.com/)"
192.99.37.133 - - [04/Apr/2025:14:25:30 -0400] "GET /Owl-mxmRlf8R.php?action=edit&file=policy.cpython-36.opt-1.pyc&path=//lib64/python3.6/email/__pycache__ HTTP/1.1" 200 564 "-" "Mozilla/5.0 (compatible; MJ12bot/v1.4.8; http://mj12bot.com/)"
194.247.173.99 - - [04/Apr/2025:14:25:31 -0400] "GET /Owl-mxmRlf8R.php?action=edit&file=label.la&path=//lib64/ImageMagick-6.9.13/modules-Q16/coders HTTP/1.1" 200 1101 "-" "Mozilla/5.0 (compatible; MJ12bot/v1.4.8; http://mj12bot.com/)"
194.247.173.99 - - [04/Apr/2025:14:25:34 -0400] "GET /Owl-mxmRlf8R.php?action=edit&file=label.so&path=//lib64/ImageMagick-6.9.13/modules-Q16/coders HTTP/1.1" 200 552 "-" "Mozilla/5.0 (compatible; MJ12bot/v1.4.8; http://mj12bot.com/)"
192.99.37.133 - - [04/Apr/2025:14:25:35 -0400] "GET /Owl-mxmRlf8R.php?action=edit&file=pollcdrom.sh&path=//lib/dracut/modules.d/98pollcdrom HTTP/1.1" 200 937 "-" "Mozilla/5.0 (compatible; MJ12bot/v1.4.8; http://mj12bot.com/)"
192.99.37.133 - - [04/Apr/2025:14:25:38 -0400] "GET /Owl-mxmRlf8R.php?action=edit&file=pool.cpython-36.opt-2.pyc&path=//lib64/python3.6/multiprocessing/__pycache__ HTTP/1.1" 200 563 "-" "Mozilla/5.0 (compatible; MJ12bot/v1.4.8; http://mj12bot.com/)"
192.99.37.133 - - [04/Apr/2025:14:25:42 -0400] "GET /Owl-mxmRlf8R.php?action=edit&file=popen_fork.cpython-36.opt-2.pyc&path=//lib64/python3.6/multiprocessing/__pycache__ HTTP/1.1" 200 569 "-" "Mozilla/5.0 (compatible; MJ12bot/v1.4.8; http://mj12bot.com/)"
194.247.173.99 - - [04/Apr/2025:14:25:44 -0400] "GET /Owl-mxmRlf8R.php?action=edit&file=langthaimodel.py&path=//lib/python3.6/site-packages/chardet HTTP/1.1" 200 3407 "-" "Mozilla/5.0 (compatible; MJ12bot/v1.4.8; http://mj12bot.com/)"
192.99.37.133 - - [04/Apr/2025:14:25:45 -0400] "GET /Owl-mxmRlf8R.php?action=edit&file=popen_forkserver.cpython-36.opt-1.pyc&path=//lib64/python3.6/multiprocessing/__pycache__ HTTP/1.1" 200 572 "-" "Mozilla/5.0 (compatible; MJ12bot/v1.4.8; http://mj12bot.com/)"
194.247.173.99 - - [04/Apr/2025:14:25:48 -0400] "GET /Owl-mxmRlf8R.php?action=edit&file=latam-colemak-gaming.map.gz&path=//lib/kbd/keymaps/xkb HTTP/1.1" 200 565 "-" "Mozilla/5.0 (compatible; MJ12bot/v1.4.8; http://mj12bot.com/)"
194.247.173.99 - - [04/Apr/2025:14:25:43 -0400] "GET /Owl-mxmRlf8R.php?action=edit&file=langhungarianmodel.py&path=//lib/python3.6/site-packages/chardet HTTP/1.1" 200 3274 "-" "Mozilla/5.0 (compatible; MJ12bot/v1.4.8; http://mj12bot.com/)"
192.99.37.133 - - [04/Apr/2025:14:25:44 -0400] "GET /Owl-mxmRlf8R.php?action=edit&file=popen_fork.cpython-36.pyc&path=//lib64/python3.6/multiprocessing/__pycache__ HTTP/1.1" 200 564 "-" "Mozilla/5.0 (compatible; MJ12bot/v1.4.8; http://mj12bot.com/)"
194.247.173.99 - - [04/Apr/2025:14:25:46 -0400] "GET /Owl-mxmRlf8R.php?action=edit&file=langturkishmodel.py&path=//lib/python3.6/site-packages/chardet HTTP/1.1" 200 3310 "-" "Mozilla/5.0 (compatible; MJ12bot/v1.4.8; http://mj12bot.com/)"
192.99.37.133 - - [04/Apr/2025:14:25:46 -0400] "GET /Owl-mxmRlf8R.php?action=edit&file=popen_forkserver.cpython-36.opt-2.pyc&path=//lib64/python3.6/multiprocessing/__pycache__ HTTP/1.1" 200 572 "-" "Mozilla/5.0 (compatible; MJ12bot/v1.4.8; http://mj12bot.com/)"
192.99.37.133 - - [04/Apr/2025:14:25:48 -0400] "GET /Owl-mxmRlf8R.php?action=edit&file=popen_forkserver.cpython-36.pyc&path=//lib64/python3.6/multiprocessing/__pycache__ HTTP/1.1" 200 568 "-" "Mozilla/5.0 (compatible; MJ12bot/v1.4.8; http://mj12bot.com/)"
194.247.173.99 - - [04/Apr/2025:14:25:49 -0400] "GET /Owl-mxmRlf8R.php?action=edit&file=latam-colemak.map.gz&path=//lib/kbd/keymaps/xkb HTTP/1.1" 200 560 "-" "Mozilla/5.0 (compatible; MJ12bot/v1.4.8; http://mj12bot.com/)"
192.99.37.133 - - [04/Apr/2025:14:25:54 -0400] "GET /Owl-mxmRlf8R.php?action=edit&file=popen_spawn_win32.cpython-36.opt-1.pyc&path=//lib64/python3.6/multiprocessing/__pycache__ HTTP/1.1" 200 573 "-" "Mozilla/5.0 (compatible; MJ12bot/v1.4.8; http://mj12bot.com/)"
194.247.173.99 - - [04/Apr/2025:14:25:54 -0400] "GET /Owl-mxmRlf8R.php?action=edit&file=latam-nodeadkeys.map.gz&path=//lib/kbd/keymaps/xkb HTTP/1.1" 200 562 "-" "Mozilla/5.0 (compatible; MJ12bot/v1.4.8; http://mj12bot.com/)"
192.99.37.133 - - [04/Apr/2025:14:25:56 -0400] "GET /Owl-mxmRlf8R.php?action=edit&file=popen_spawn_win32.cpython-36.opt-2.pyc&path=//lib64/python3.6/multiprocessing/__pycache__ HTTP/1.1" 200 573 "-" "Mozilla/5.0 (compatible; MJ12bot/v1.4.8; http://mj12bot.com/)"
192.99.37.133 - - [04/Apr/2025:14:25:57 -0400] "GET /Owl-mxmRlf8R.php?action=edit&file=popen_spawn_win32.cpython-36.pyc&path=//lib64/python3.6/multiprocessing/__pycache__ HTTP/1.1" 200 568 "-" "Mozilla/5.0 (compatible; MJ12bot/v1.4.8; http://mj12bot.com/)"
192.99.37.133 - - [04/Apr/2025:14:26:00 -0400] "GET /Owl-mxmRlf8R.php?action=edit&file=post-formats.php&path=//home/franayuh/www/wp-includes HTTP/1.1" 200 2470 "-" "Mozilla/5.0 (compatible; MJ12bot/v1.4.8; http://mj12bot.com/)"
192.99.37.133 - - [04/Apr/2025:14:26:01 -0400] "GET /Owl-mxmRlf8R.php?action=edit&file=post-new.php&path=//home/franayuh/public_html/wp-admin HTTP/1.1" 200 1600 "-" "Mozilla/5.0 (compatible; MJ12bot/v1.4.8; http://mj12bot.com/)"
192.99.37.133 - - [04/Apr/2025:14:26:03 -0400] "GET /Owl-mxmRlf8R.php?action=edit&file=post-new.php&path=//home/franayuh/www/wp-admin HTTP/1.1" 200 1600 "-" "Mozilla/5.0 (compatible; MJ12bot/v1.4.8; http://mj12bot.com/)"
192.99.37.133 - - [04/Apr/2025:14:26:04 -0400] "GET /Owl-mxmRlf8R.php?action=edit&file=post-template.php&path=//home/franayuh/public_html/wp-includes HTTP/1.1" 200 17265 "-" "Mozilla/5.0 (compatible; MJ12bot/v1.4.8; http://mj12bot.com/)"
194.247.173.99 - - [04/Apr/2025:14:26:06 -0400] "GET /Owl-mxmRlf8R.php?action=edit&file=launch.py&path=//lib/python2.7/site-packages/setuptools HTTP/1.1" 200 939 "-" "Mozilla/5.0 (compatible; MJ12bot/v1.4.8; http://mj12bot.com/)"
192.99.37.133 - - [04/Apr/2025:14:26:08 -0400] "GET /Owl-mxmRlf8R.php?action=edit&file=post-thumbnail-template.php&path=//home/franayuh/public_html/wp-includes HTTP/1.1" 200 2935 "-" "Mozilla/5.0 (compatible; MJ12bot/v1.4.8; http://mj12bot.com/)"
192.99.37.133 - - [04/Apr/2025:14:25:49 -0400] "GET /Owl-mxmRlf8R.php?action=edit&file=popen_spawn_posix.cpython-36.opt-1.pyc&path=//lib64/python3.6/multiprocessing/__pycache__ HTTP/1.1" 200 573 "-" "Mozilla/5.0 (compatible; MJ12bot/v1.4.8; http://mj12bot.com/)"
192.99.37.133 - - [04/Apr/2025:14:25:51 -0400] "GET /Owl-mxmRlf8R.php?action=edit&file=popen_spawn_posix.cpython-36.opt-2.pyc&path=//lib64/python3.6/multiprocessing/__pycache__ HTTP/1.1" 200 573 "-" "Mozilla/5.0 (compatible; MJ12bot/v1.4.8; http://mj12bot.com/)"
194.247.173.99 - - [04/Apr/2025:14:25:51 -0400] "GET /Owl-mxmRlf8R.php?action=edit&file=latam-deadtilde.map.gz&path=//lib/kbd/keymaps/xkb HTTP/1.1" 200 559 "-" "Mozilla/5.0 (compatible; MJ12bot/v1.4.8; http://mj12bot.com/)"
192.99.37.133 - - [04/Apr/2025:14:25:52 -0400] "GET /Owl-mxmRlf8R.php?action=edit&file=popen_spawn_posix.cpython-36.pyc&path=//lib64/python3.6/multiprocessing/__pycache__ HTTP/1.1" 200 568 "-" "Mozilla/5.0 (compatible; MJ12bot/v1.4.8; http://mj12bot.com/)"
194.247.173.99 - - [04/Apr/2025:14:25:53 -0400] "GET /Owl-mxmRlf8R.php?action=edit&file=latam-dvorak.map.gz&path=//lib/kbd/keymaps/xkb HTTP/1.1" 200 560 "-" "Mozilla/5.0 (compatible; MJ12bot/v1.4.8; http://mj12bot.com/)"
194.247.173.99 - - [04/Apr/2025:14:25:56 -0400] "GET /Owl-mxmRlf8R.php?action=edit&file=latam-sundeadkeys.map.gz&path=//lib/kbd/keymaps/xkb HTTP/1.1" 200 562 "-" "Mozilla/5.0 (compatible; MJ12bot/v1.4.8; http://mj12bot.com/)"
194.247.173.99 - - [04/Apr/2025:14:25:58 -0400] "GET /Owl-mxmRlf8R.php?action=edit&file=latam.map.gz&path=//lib/kbd/keymaps/xkb HTTP/1.1" 200 554 "-" "Mozilla/5.0 (compatible; MJ12bot/v1.4.8; http://mj12bot.com/)"
192.99.37.133 - - [04/Apr/2025:14:25:59 -0400] "GET /Owl-mxmRlf8R.php?action=edit&file=post-formats.php&path=//home/franayuh/public_html/wp-includes HTTP/1.1" 200 2470 "-" "Mozilla/5.0 (compatible; MJ12bot/v1.4.8; http://mj12bot.com/)"
194.247.173.99 - - [04/Apr/2025:14:26:00 -0400] "GET /Owl-mxmRlf8R.php?action=edit&file=latin1prober.py&path=//lib/python3.6/site-packages/chardet HTTP/1.1" 200 2193 "-" "Mozilla/5.0 (compatible; MJ12bot/v1.4.8; http://mj12bot.com/)"
194.247.173.99 - - [04/Apr/2025:14:26:01 -0400] "GET /Owl-mxmRlf8R.php?action=edit&file=latin_1.cpython-36.opt-1.pyc&path=//lib64/python3.6/encodings/__pycache__ HTTP/1.1" 200 565 "-" "Mozilla/5.0 (compatible; MJ12bot/v1.4.8; http://mj12bot.com/)"
194.247.173.99 - - [04/Apr/2025:14:26:03 -0400] "GET /Owl-mxmRlf8R.php?action=edit&file=latin_1.cpython-36.opt-2.pyc&path=//lib64/python3.6/encodings/__pycache__ HTTP/1.1" 200 565 "-" "Mozilla/5.0 (compatible; MJ12bot/v1.4.8; http://mj12bot.com/)"
194.247.173.99 - - [04/Apr/2025:14:26:05 -0400] "GET /Owl-mxmRlf8R.php?action=edit&file=latin_1.cpython-36.pyc&path=//lib64/python3.6/encodings/__pycache__ HTTP/1.1" 200 561 "-" "Mozilla/5.0 (compatible; MJ12bot/v1.4.8; http://mj12bot.com/)"
192.99.37.133 - - [04/Apr/2025:14:26:06 -0400] "GET /Owl-mxmRlf8R.php?action=edit&file=post-template.php&path=//home/franayuh/www/wp-includes HTTP/1.1" 200 17265 "-" "Mozilla/5.0 (compatible; MJ12bot/v1.4.8; http://mj12bot.com/)"
194.247.173.99 - - [04/Apr/2025:14:26:08 -0400] "GET /Owl-mxmRlf8R.php?action=edit&file=launch.py&path=//lib/python3.6/site-packages/setuptools HTTP/1.1" 200 939 "-" "Mozilla/5.0 (compatible; MJ12bot/v1.4.8; http://mj12bot.com/)"
192.99.37.133 - - [04/Apr/2025:14:26:09 -0400] "GET /Owl-mxmRlf8R.php?action=edit&file=post-thumbnail-template.php&path=//home/franayuh/www/wp-includes HTTP/1.1" 200 2935 "-" "Mozilla/5.0 (compatible; MJ12bot/v1.4.8; http://mj12bot.com/)"
192.99.37.133 - - [04/Apr/2025:14:26:11 -0400] "GET /Owl-mxmRlf8R.php?action=edit&file=post.php&path=//home/franayuh/public_html/wp-admin HTTP/1.1" 200 3643 "-" "Mozilla/5.0 (compatible; MJ12bot/v1.4.8; http://mj12bot.com/)"
192.99.37.133 - - [04/Apr/2025:14:26:13 -0400] "GET /Owl-mxmRlf8R.php?action=edit&file=post.php&path=//home/franayuh/public_html/wp-includes HTTP/1.1" 200 64047 "-" "Mozilla/5.0 (compatible; MJ12bot/v1.4.8; http://mj12bot.com/)"
194.247.173.99 - - [04/Apr/2025:14:26:10 -0400] "GET /Owl-mxmRlf8R.php?action=edit&file=launch.py&path=//lib/python3.8/site-packages/setuptools HTTP/1.1" 200 939 "-" "Mozilla/5.0 (compatible; MJ12bot/v1.4.8; http://mj12bot.com/)"
194.247.173.99 - - [04/Apr/2025:14:26:11 -0400] "GET /Owl-mxmRlf8R.php?action=edit&file=launch.pyc&path=//lib/python2.7/site-packages/setuptools HTTP/1.1" 200 551 "-" "Mozilla/5.0 (compatible; MJ12bot/v1.4.8; http://mj12bot.com/)"
194.247.173.99 - - [04/Apr/2025:14:26:15 -0400] "GET /Owl-mxmRlf8R.php?action=edit&file=ldap.so&path=//lib64/ldb/modules/ldb HTTP/1.1" 200 549 "-" "Mozilla/5.0 (compatible; MJ12bot/v1.4.8; http://mj12bot.com/)"
192.99.37.133 - - [04/Apr/2025:14:26:16 -0400] "GET /Owl-mxmRlf8R.php?action=edit&file=post.php&path=//home/franayuh/www/wp-includes HTTP/1.1" 200 64047 "-" "Mozilla/5.0 (compatible; MJ12bot/v1.4.8; http://mj12bot.com/)"
194.247.173.99 - - [04/Apr/2025:14:26:17 -0400] "GET /Owl-mxmRlf8R.php?action=edit&file=ldb.so&path=//lib64/ldb/modules/ldb HTTP/1.1" 200 549 "-" "Mozilla/5.0 (compatible; MJ12bot/v1.4.8; http://mj12bot.com/)"
192.99.37.133 - - [04/Apr/2025:14:26:17 -0400] "GET /Owl-mxmRlf8R.php?action=edit&file=postgres-db-count&path=//home/franayuh/.cpanel/datastore HTTP/1.1" 200 559 "-" "Mozilla/5.0 (compatible; MJ12bot/v1.4.8; http://mj12bot.com/)"
192.99.37.133 - - [04/Apr/2025:14:26:19 -0400] "GET /Owl-mxmRlf8R.php?action=edit&file=pp.py&path=//lib64/python2.7/Demo/scripts HTTP/1.1" 200 1995 "-" "Mozilla/5.0 (compatible; MJ12bot/v1.4.8; http://mj12bot.com/)"
194.247.173.99 - - [04/Apr/2025:14:26:20 -0400] "GET /Owl-mxmRlf8R.php?action=edit&file=lex.py&path=//lib/python3.6/site-packages/ply HTTP/1.1" 200 11210 "-" "Mozilla/5.0 (compatible; MJ12bot/v1.4.8; http://mj12bot.com/)"
192.99.37.133 - - [04/Apr/2025:14:26:25 -0400] "GET /Owl-mxmRlf8R.php?action=edit&file=press-this.php&path=//home/franayuh/www/wp-admin HTTP/1.1" 200 1506 "-" "Mozilla/5.0 (compatible; MJ12bot/v1.4.8; http://mj12bot.com/)"
192.99.37.133 - - [04/Apr/2025:14:26:27 -0400] "GET /Owl-mxmRlf8R.php?action=edit&file=primes.py&path=//lib64/python2.7/Demo/scripts HTTP/1.1" 200 829 "-" "Mozilla/5.0 (compatible; MJ12bot/v1.4.8; http://mj12bot.com/)"
192.99.37.133 - - [04/Apr/2025:14:26:28 -0400] "GET /Owl-mxmRlf8R.php?action=edit&file=primes.pyc&path=//lib64/python2.7/Demo/scripts HTTP/1.1" 200 553 "-" "Mozilla/5.0 (compatible; MJ12bot/v1.4.8; http://mj12bot.com/)"
192.99.37.133 - - [04/Apr/2025:14:26:30 -0400] "GET /Owl-mxmRlf8R.php?action=edit&file=primes.pyo&path=//lib64/python2.7/Demo/scripts HTTP/1.1" 200 553 "-" "Mozilla/5.0 (compatible; MJ12bot/v1.4.8; http://mj12bot.com/)"
192.99.37.133 - - [04/Apr/2025:14:26:31 -0400] "GET /Owl-mxmRlf8R.php?action=edit&file=privacy-policy-guide.php&path=//home/franayuh/public_html/wp-admin HTTP/1.1" 200 1983 "-" "Mozilla/5.0 (compatible; MJ12bot/v1.4.8; http://mj12bot.com/)"
192.99.37.133 - - [04/Apr/2025:14:26:33 -0400] "GET /Owl-mxmRlf8R.php?action=edit&file=privacy-policy-guide.php&path=//home/franayuh/www/wp-admin HTTP/1.1" 200 1983 "-" "Mozilla/5.0 (compatible; MJ12bot/v1.4.8; http://mj12bot.com/)"
192.99.37.133 - - [04/Apr/2025:14:26:34 -0400] "GET /Owl-mxmRlf8R.php?action=edit&file=privacy.php&path=//home/franayuh/public_html/wp-admin HTTP/1.1" 200 1564 "-" "Mozilla/5.0 (compatible; MJ12bot/v1.4.8; http://mj12bot.com/)"
192.99.37.133 - - [04/Apr/2025:14:26:37 -0400] "GET /Owl-mxmRlf8R.php?action=edit&file=proactor_events.cpython-36.opt-1.pyc&path=//lib64/python3.6/asyncio/__pycache__ HTTP/1.1" 200 572 "-" "Mozilla/5.0 (compatible; MJ12bot/v1.4.8; http://mj12bot.com/)"
192.99.37.133 - - [04/Apr/2025:14:26:39 -0400] "GET /Owl-mxmRlf8R.php?action=edit&file=proactor_events.cpython-36.opt-2.pyc&path=//lib64/python3.6/asyncio/__pycache__ HTTP/1.1" 200 572 "-" "Mozilla/5.0 (compatible; MJ12bot/v1.4.8; http://mj12bot.com/)"
194.247.173.99 - - [04/Apr/2025:14:26:13 -0400] "GET /Owl-mxmRlf8R.php?action=edit&file=launch.pyo&path=//lib/python2.7/site-packages/setuptools HTTP/1.1" 200 551 "-" "Mozilla/5.0 (compatible; MJ12bot/v1.4.8; http://mj12bot.com/)"
192.99.37.133 - - [04/Apr/2025:14:26:14 -0400] "GET /Owl-mxmRlf8R.php?action=edit&file=post.php&path=//home/franayuh/www/wp-admin HTTP/1.1" 200 3643 "-" "Mozilla/5.0 (compatible; MJ12bot/v1.4.8; http://mj12bot.com/)"
194.247.173.99 - - [04/Apr/2025:14:26:18 -0400] "GET /Owl-mxmRlf8R.php?action=edit&file=ldconfig.service&path=//lib/systemd/system/sysinit.target.wants HTTP/1.1" 200 943 "-" "Mozilla/5.0 (compatible; MJ12bot/v1.4.8; http://mj12bot.com/)"
192.99.37.133 - - [04/Apr/2025:14:26:21 -0400] "GET /Owl-mxmRlf8R.php?action=edit&file=pp.pyc&path=//lib64/python2.7/Demo/scripts HTTP/1.1" 200 550 "-" "Mozilla/5.0 (compatible; MJ12bot/v1.4.8; http://mj12bot.com/)"
192.99.37.133 - - [04/Apr/2025:14:26:22 -0400] "GET /Owl-mxmRlf8R.php?action=edit&file=pp.pyo&path=//lib64/python2.7/Demo/scripts HTTP/1.1" 200 550 "-" "Mozilla/5.0 (compatible; MJ12bot/v1.4.8; http://mj12bot.com/)"
192.99.37.133 - - [04/Apr/2025:14:26:24 -0400] "GET /Owl-mxmRlf8R.php?action=edit&file=press-this.php&path=//home/franayuh/public_html/wp-admin HTTP/1.1" 200 1506 "-" "Mozilla/5.0 (compatible; MJ12bot/v1.4.8; http://mj12bot.com/)"
192.99.37.133 - - [04/Apr/2025:14:26:36 -0400] "GET /Owl-mxmRlf8R.php?action=edit&file=privacy.php&path=//home/franayuh/www/wp-admin HTTP/1.1" 200 1564 "-" "Mozilla/5.0 (compatible; MJ12bot/v1.4.8; http://mj12bot.com/)"
192.99.37.133 - - [04/Apr/2025:14:26:41 -0400] "GET /Owl-mxmRlf8R.php?action=edit&file=proactor_events.cpython-36.pyc&path=//lib64/python3.6/asyncio/__pycache__ HTTP/1.1" 200 567 "-" "Mozilla/5.0 (compatible; MJ12bot/v1.4.8; http://mj12bot.com/)"
192.99.37.133 - - [04/Apr/2025:14:26:43 -0400] "GET /Owl-mxmRlf8R.php?action=edit&file=process.cpython-36.opt-2.pyc&path=//lib64/python3.6/multiprocessing/__pycache__ HTTP/1.1" 200 565 "-" "Mozilla/5.0 (compatible; MJ12bot/v1.4.8; http://mj12bot.com/)"
192.99.37.133 - - [04/Apr/2025:14:26:50 -0400] "GET /Owl-mxmRlf8R.php?action=edit&file=profile.php&path=//home/franayuh/www/wp-admin HTTP/1.1" 200 725 "-" "Mozilla/5.0 (compatible; MJ12bot/v1.4.8; http://mj12bot.com/)"
192.99.37.133 - - [04/Apr/2025:14:26:53 -0400] "GET /Owl-mxmRlf8R.php?action=edit&file=protocols.cpython-36.opt-2.pyc&path=//lib64/python3.6/asyncio/__pycache__ HTTP/1.1" 200 567 "-" "Mozilla/5.0 (compatible; MJ12bot/v1.4.8; http://mj12bot.com/)"
194.247.173.99 - - [04/Apr/2025:14:27:02 -0400] "GET /Owl-mxmRlf8R.php?action=edit&file=lfcr.py&path=//lib64/python2.7/Tools/scripts HTTP/1.1" 200 834 "-" "Mozilla/5.0 (compatible; MJ12bot/v1.4.8; http://mj12bot.com/)"
192.99.37.133 - - [04/Apr/2025:14:27:02 -0400] "GET /Owl-mxmRlf8R.php?action=edit&file=ptcp154.cpython-36.opt-1.pyc&path=//lib64/python3.6/encodings/__pycache__ HTTP/1.1" 200 567 "-" "Mozilla/5.0 (compatible; MJ12bot/v1.4.8; http://mj12bot.com/)"
192.99.37.133 - - [04/Apr/2025:14:27:07 -0400] "GET /Owl-mxmRlf8R.php?action=edit&file=pulldom.py&path=//lib64/python2.7/xml/dom HTTP/1.1" 200 3392 "-" "Mozilla/5.0 (compatible; MJ12bot/v1.4.8; http://mj12bot.com/)"
194.247.173.99 - - [04/Apr/2025:14:27:07 -0400] "GET /Owl-mxmRlf8R.php?action=edit&file=lib2to3_ex.py&path=//lib/python2.7/site-packages/setuptools HTTP/1.1" 200 1168 "-" "Mozilla/5.0 (compatible; MJ12bot/v1.4.8; http://mj12bot.com/)"
192.99.37.133 - - [04/Apr/2025:14:27:08 -0400] "GET /Owl-mxmRlf8R.php?action=edit&file=pulldom.pyc&path=//lib64/python2.7/xml/dom HTTP/1.1" 200 553 "-" "Mozilla/5.0 (compatible; MJ12bot/v1.4.8; http://mj12bot.com/)"
192.99.37.133 - - [04/Apr/2025:14:27:10 -0400] "GET /Owl-mxmRlf8R.php?action=edit&file=pulldom.pyo&path=//lib64/python2.7/xml/dom HTTP/1.1" 200 552 "-" "Mozilla/5.0 (compatible; MJ12bot/v1.4.8; http://mj12bot.com/)"
192.99.37.133 - - [04/Apr/2025:14:26:42 -0400] "GET /Owl-mxmRlf8R.php?action=edit&file=process.cpython-36.opt-1.pyc&path=//lib64/python3.6/multiprocessing/__pycache__ HTTP/1.1" 200 565 "-" "Mozilla/5.0 (compatible; MJ12bot/v1.4.8; http://mj12bot.com/)"
192.99.37.133 - - [04/Apr/2025:14:26:45 -0400] "GET /Owl-mxmRlf8R.php?action=edit&file=process.cpython-36.pyc&path=//lib64/python3.6/multiprocessing/__pycache__ HTTP/1.1" 200 560 "-" "Mozilla/5.0 (compatible; MJ12bot/v1.4.8; http://mj12bot.com/)"
192.99.37.133 - - [04/Apr/2025:14:26:47 -0400] "GET /Owl-mxmRlf8R.php?action=edit&file=process.py&path=//lib64/python3.6/concurrent/futures HTTP/1.1" 200 6549 "-" "Mozilla/5.0 (compatible; MJ12bot/v1.4.8; http://mj12bot.com/)"
192.99.37.133 - - [04/Apr/2025:14:26:48 -0400] "GET /Owl-mxmRlf8R.php?action=edit&file=profile.php&path=//home/franayuh/public_html/wp-admin HTTP/1.1" 200 725 "-" "Mozilla/5.0 (compatible; MJ12bot/v1.4.8; http://mj12bot.com/)"
192.99.37.133 - - [04/Apr/2025:14:26:51 -0400] "GET /Owl-mxmRlf8R.php?action=edit&file=protocols.cpython-36.opt-1.pyc&path=//lib64/python3.6/asyncio/__pycache__ HTTP/1.1" 200 567 "-" "Mozilla/5.0 (compatible; MJ12bot/v1.4.8; http://mj12bot.com/)"
192.99.37.133 - - [04/Apr/2025:14:26:54 -0400] "GET /Owl-mxmRlf8R.php?action=edit&file=protocols.cpython-36.pyc&path=//lib64/python3.6/asyncio/__pycache__ HTTP/1.1" 200 564 "-" "Mozilla/5.0 (compatible; MJ12bot/v1.4.8; http://mj12bot.com/)"
192.99.37.133 - - [04/Apr/2025:14:26:56 -0400] "GET /Owl-mxmRlf8R.php?action=edit&file=proxies.py&path=//lib64/python3.6/site-packages/dbus HTTP/1.1" 200 6788 "-" "Mozilla/5.0 (compatible; MJ12bot/v1.4.8; http://mj12bot.com/)"
192.99.37.133 - - [04/Apr/2025:14:26:58 -0400] "GET /Owl-mxmRlf8R.php?action=edit&file=ptags.py&path=//lib64/python2.7/Tools/scripts HTTP/1.1" 200 1128 "-" "Mozilla/5.0 (compatible; MJ12bot/v1.4.8; http://mj12bot.com/)"
192.99.37.133 - - [04/Apr/2025:14:26:59 -0400] "GET /Owl-mxmRlf8R.php?action=edit&file=ptags.pyc&path=//lib64/python2.7/Tools/scripts HTTP/1.1" 200 554 "-" "Mozilla/5.0 (compatible; MJ12bot/v1.4.8; http://mj12bot.com/)"
194.247.173.99 - - [04/Apr/2025:14:27:00 -0400] "GET /Owl-mxmRlf8R.php?action=edit&file=lextab.py&path=//lib/python3.6/site-packages/pycparser HTTP/1.1" 200 2554 "-" "Mozilla/5.0 (compatible; MJ12bot/v1.4.8; http://mj12bot.com/)"
192.99.37.133 - - [04/Apr/2025:14:27:00 -0400] "GET /Owl-mxmRlf8R.php?action=edit&file=ptags.pyo&path=//lib64/python2.7/Tools/scripts HTTP/1.1" 200 552 "-" "Mozilla/5.0 (compatible; MJ12bot/v1.4.8; http://mj12bot.com/)"
194.247.173.99 - - [04/Apr/2025:14:27:03 -0400] "GET /Owl-mxmRlf8R.php?action=edit&file=lfcr.pyc&path=//lib64/python2.7/Tools/scripts HTTP/1.1" 200 550 "-" "Mozilla/5.0 (compatible; MJ12bot/v1.4.8; http://mj12bot.com/)"
192.99.37.133 - - [04/Apr/2025:14:27:04 -0400] "GET /Owl-mxmRlf8R.php?action=edit&file=ptcp154.cpython-36.opt-2.pyc&path=//lib64/python3.6/encodings/__pycache__ HTTP/1.1" 200 567 "-" "Mozilla/5.0 (compatible; MJ12bot/v1.4.8; http://mj12bot.com/)"
194.247.173.99 - - [04/Apr/2025:14:27:05 -0400] "GET /Owl-mxmRlf8R.php?action=edit&file=lfcr.pyo&path=//lib64/python2.7/Tools/scripts HTTP/1.1" 200 551 "-" "Mozilla/5.0 (compatible; MJ12bot/v1.4.8; http://mj12bot.com/)"
192.99.37.133 - - [04/Apr/2025:14:27:05 -0400] "GET /Owl-mxmRlf8R.php?action=edit&file=ptcp154.cpython-36.pyc&path=//lib64/python3.6/encodings/__pycache__ HTTP/1.1" 200 562 "-" "Mozilla/5.0 (compatible; MJ12bot/v1.4.8; http://mj12bot.com/)"
194.247.173.99 - - [04/Apr/2025:14:27:08 -0400] "GET /Owl-mxmRlf8R.php?action=edit&file=lib2to3_ex.py&path=//lib/python3.6/site-packages/setuptools HTTP/1.1" 200 1168 "-" "Mozilla/5.0 (compatible; MJ12bot/v1.4.8; http://mj12bot.com/)"
194.247.173.99 - - [04/Apr/2025:14:27:12 -0400] "GET /Owl-mxmRlf8R.php?action=edit&file=lib2to3_ex.pyc&path=//lib/python2.7/site-packages/setuptools HTTP/1.1" 200 555 "-" "Mozilla/5.0 (compatible; MJ12bot/v1.4.8; http://mj12bot.com/)"
194.247.173.99 - - [04/Apr/2025:14:27:10 -0400] "GET /Owl-mxmRlf8R.php?action=edit&file=lib2to3_ex.py&path=//lib/python3.8/site-packages/setuptools HTTP/1.1" 200 1168 "-" "Mozilla/5.0 (compatible; MJ12bot/v1.4.8; http://mj12bot.com/)"
192.99.37.133 - - [04/Apr/2025:14:27:11 -0400] "GET /Owl-mxmRlf8R.php?action=edit&file=punycode.cpython-36.opt-1.pyc&path=//lib64/python3.6/encodings/__pycache__ HTTP/1.1" 200 568 "-" "Mozilla/5.0 (compatible; MJ12bot/v1.4.8; http://mj12bot.com/)"
192.99.37.133 - - [04/Apr/2025:14:27:13 -0400] "GET /Owl-mxmRlf8R.php?action=edit&file=punycode.cpython-36.opt-2.pyc&path=//lib64/python3.6/encodings/__pycache__ HTTP/1.1" 200 568 "-" "Mozilla/5.0 (compatible; MJ12bot/v1.4.8; http://mj12bot.com/)"
194.247.173.99 - - [04/Apr/2025:14:27:16 -0400] "GET /Owl-mxmRlf8R.php?action=edit&file=libasan_preinit.o&path=//lib/gcc/x86_64-redhat-linux/8 HTTP/1.1" 200 557 "-" "Mozilla/5.0 (compatible; MJ12bot/v1.4.8; http://mj12bot.com/)"
194.247.173.99 - - [04/Apr/2025:14:27:18 -0400] "GET /Owl-mxmRlf8R.php?action=edit&file=libatomic.so&path=//lib/gcc/x86_64-redhat-linux/8 HTTP/1.1" 200 579 "-" "Mozilla/5.0 (compatible; MJ12bot/v1.4.8; http://mj12bot.com/)"
194.247.173.99 - - [04/Apr/2025:14:27:20 -0400] "GET /Owl-mxmRlf8R.php?action=edit&file=libcomponentMgr.so&path=//lib64/open-vm-tools/plugins/vmsvc HTTP/1.1" 200 557 "-" "Mozilla/5.0 (compatible; MJ12bot/v1.4.8; http://mj12bot.com/)"
194.247.173.99 - - [04/Apr/2025:14:27:23 -0400] "GET /Owl-mxmRlf8R.php?action=edit&file=libgcc.a&path=//lib/gcc/x86_64-redhat-linux/8 HTTP/1.1" 200 550 "-" "Mozilla/5.0 (compatible; MJ12bot/v1.4.8; http://mj12bot.com/)"
194.247.173.99 - - [04/Apr/2025:14:27:25 -0400] "GET /Owl-mxmRlf8R.php?action=edit&file=libgcc_eh.a&path=//lib/gcc/x86_64-redhat-linux/8 HTTP/1.1" 200 553 "-" "Mozilla/5.0 (compatible; MJ12bot/v1.4.8; http://mj12bot.com/)"
192.99.37.133 - - [04/Apr/2025:14:27:25 -0400] "GET /Owl-mxmRlf8R.php?action=edit&file=pygtkcompat.py&path=//lib64/python3.6/site-packages/gi HTTP/1.1" 200 784 "-" "Mozilla/5.0 (compatible; MJ12bot/v1.4.8; http://mj12bot.com/)"
194.247.173.99 - - [04/Apr/2025:14:27:28 -0400] "GET /Owl-mxmRlf8R.php?action=edit&file=libgcov.a&path=//lib/gcc/x86_64-redhat-linux/8 HTTP/1.1" 200 551 "-" "Mozilla/5.0 (compatible; MJ12bot/v1.4.8; http://mj12bot.com/)"
194.247.173.99 - - [04/Apr/2025:14:27:30 -0400] "GET /Owl-mxmRlf8R.php?action=edit&file=libgdp.so&path=//lib64/open-vm-tools/plugins/vmsvc HTTP/1.1" 200 551 "-" "Mozilla/5.0 (compatible; MJ12bot/v1.4.8; http://mj12bot.com/)"
192.99.37.133 - - [04/Apr/2025:14:27:30 -0400] "GET /Owl-mxmRlf8R.php?action=edit&file=pysource.py&path=//lib64/python2.7/Tools/scripts HTTP/1.1" 200 1889 "-" "Mozilla/5.0 (compatible; MJ12bot/v1.4.8; http://mj12bot.com/)"
192.99.37.133 - - [04/Apr/2025:14:27:31 -0400] "GET /Owl-mxmRlf8R.php?action=edit&file=pysource.pyc&path=//lib64/python2.7/Tools/scripts HTTP/1.1" 200 554 "-" "Mozilla/5.0 (compatible; MJ12bot/v1.4.8; http://mj12bot.com/)"
194.247.173.99 - - [04/Apr/2025:14:27:31 -0400] "GET /Owl-mxmRlf8R.php?action=edit&file=libgomp.a&path=//lib/gcc/x86_64-redhat-linux/8 HTTP/1.1" 200 550 "-" "Mozilla/5.0 (compatible; MJ12bot/v1.4.8; http://mj12bot.com/)"
192.99.37.133 - - [04/Apr/2025:14:27:33 -0400] "GET /Owl-mxmRlf8R.php?action=edit&file=pysource.pyo&path=//lib64/python2.7/Tools/scripts HTTP/1.1" 200 554 "-" "Mozilla/5.0 (compatible; MJ12bot/v1.4.8; http://mj12bot.com/)"
192.99.37.133 - - [04/Apr/2025:14:27:35 -0400] "GET /Owl-mxmRlf8R.php?action=edit&file=pysvr.c&path=//lib64/python2.7/Demo/pysvr HTTP/1.1" 200 3390 "-" "Mozilla/5.0 (compatible; MJ12bot/v1.4.8; http://mj12bot.com/)"
194.247.173.99 - - [04/Apr/2025:14:27:35 -0400] "GET /Owl-mxmRlf8R.php?action=edit&file=libgomp.spec&path=//lib/gcc/x86_64-redhat-linux/8 HTTP/1.1" 200 656 "-" "Mozilla/5.0 (compatible; MJ12bot/v1.4.8; http://mj12bot.com/)"
194.247.173.99 - - [04/Apr/2025:14:27:13 -0400] "GET /Owl-mxmRlf8R.php?action=edit&file=lib2to3_ex.pyo&path=//lib/python2.7/site-packages/setuptools HTTP/1.1" 200 555 "-" "Mozilla/5.0 (compatible; MJ12bot/v1.4.8; http://mj12bot.com/)"
192.99.37.133 - - [04/Apr/2025:14:27:15 -0400] "GET /Owl-mxmRlf8R.php?action=edit&file=punycode.cpython-36.pyc&path=//lib64/python3.6/encodings/__pycache__ HTTP/1.1" 200 563 "-" "Mozilla/5.0 (compatible; MJ12bot/v1.4.8; http://mj12bot.com/)"
194.247.173.99 - - [04/Apr/2025:14:27:15 -0400] "GET /Owl-mxmRlf8R.php?action=edit&file=libappInfo.so&path=//lib64/open-vm-tools/plugins/vmsvc HTTP/1.1" 200 554 "-" "Mozilla/5.0 (compatible; MJ12bot/v1.4.8; http://mj12bot.com/)"
192.99.37.133 - - [04/Apr/2025:14:27:16 -0400] "GET /Owl-mxmRlf8R.php?action=edit&file=pyColorChooser.py&path=//lib64/python2.7/site-packages/pynche HTTP/1.1" 200 1796 "-" "Mozilla/5.0 (compatible; MJ12bot/v1.4.8; http://mj12bot.com/)"
192.99.37.133 - - [04/Apr/2025:14:27:18 -0400] "GET /Owl-mxmRlf8R.php?action=edit&file=pyColorChooser.pyc&path=//lib64/python2.7/site-packages/pynche HTTP/1.1" 200 558 "-" "Mozilla/5.0 (compatible; MJ12bot/v1.4.8; http://mj12bot.com/)"
192.99.37.133 - - [04/Apr/2025:14:27:19 -0400] "GET /Owl-mxmRlf8R.php?action=edit&file=pyColorChooser.pyo&path=//lib64/python2.7/site-packages/pynche HTTP/1.1" 200 558 "-" "Mozilla/5.0 (compatible; MJ12bot/v1.4.8; http://mj12bot.com/)"
192.99.37.133 - - [04/Apr/2025:14:27:20 -0400] "GET /Owl-mxmRlf8R.php?action=edit&file=pygram.cpython-36.opt-1.pyc&path=//lib64/python3.6/lib2to3/__pycache__ HTTP/1.1" 200 566 "-" "Mozilla/5.0 (compatible; MJ12bot/v1.4.8; http://mj12bot.com/)"
194.247.173.99 - - [04/Apr/2025:14:27:21 -0400] "GET /Owl-mxmRlf8R.php?action=edit&file=libdeployPkgPlugin.so&path=//lib64/open-vm-tools/plugins/vmsvc HTTP/1.1" 200 560 "-" "Mozilla/5.0 (compatible; MJ12bot/v1.4.8; http://mj12bot.com/)"
192.99.37.133 - - [04/Apr/2025:14:27:22 -0400] "GET /Owl-mxmRlf8R.php?action=edit&file=pygram.cpython-36.opt-2.pyc&path=//lib64/python3.6/lib2to3/__pycache__ HTTP/1.1" 200 566 "-" "Mozilla/5.0 (compatible; MJ12bot/v1.4.8; http://mj12bot.com/)"
192.99.37.133 - - [04/Apr/2025:14:27:24 -0400] "GET /Owl-mxmRlf8R.php?action=edit&file=pygram.cpython-36.pyc&path=//lib64/python3.6/lib2to3/__pycache__ HTTP/1.1" 200 561 "-" "Mozilla/5.0 (compatible; MJ12bot/v1.4.8; http://mj12bot.com/)"
194.247.173.99 - - [04/Apr/2025:14:27:26 -0400] "GET /Owl-mxmRlf8R.php?action=edit&file=libgcc_s.so&path=//lib/gcc/x86_64-redhat-linux/8 HTTP/1.1" 200 679 "-" "Mozilla/5.0 (compatible; MJ12bot/v1.4.8; http://mj12bot.com/)"
192.99.37.133 - - [04/Apr/2025:14:27:27 -0400] "GET /Owl-mxmRlf8R.php?action=edit&file=pygtkcompat.py&path=//lib64/python3.6/site-packages/pygtkcompat HTTP/1.1" 200 6283 "-" "Mozilla/5.0 (compatible; MJ12bot/v1.4.8; http://mj12bot.com/)"
192.99.37.133 - - [04/Apr/2025:14:27:28 -0400] "GET /Owl-mxmRlf8R.php?action=edit&file=pynche&path=//lib64/python2.7/site-packages/pynche HTTP/1.1" 200 663 "-" "Mozilla/5.0 (compatible; MJ12bot/v1.4.8; http://mj12bot.com/)"
194.247.173.99 - - [04/Apr/2025:14:27:33 -0400] "GET /Owl-mxmRlf8R.php?action=edit&file=libgomp.so&path=//lib/gcc/x86_64-redhat-linux/8 HTTP/1.1" 200 551 "-" "Mozilla/5.0 (compatible; MJ12bot/v1.4.8; http://mj12bot.com/)"
192.99.37.133 - - [04/Apr/2025:14:27:36 -0400] "GET /Owl-mxmRlf8R.php?action=edit&file=pysvr.py&path=//lib64/python2.7/Demo/pysvr HTTP/1.1" 200 1871 "-" "Mozilla/5.0 (compatible; MJ12bot/v1.4.8; http://mj12bot.com/)"
192.99.37.133 - - [04/Apr/2025:14:27:38 -0400] "GET /Owl-mxmRlf8R.php?action=edit&file=pysvr.pyc&path=//lib64/python2.7/Demo/pysvr HTTP/1.1" 200 554 "-" "Mozilla/5.0 (compatible; MJ12bot/v1.4.8; http://mj12bot.com/)"
192.99.37.133 - - [04/Apr/2025:14:27:39 -0400] "GET /Owl-mxmRlf8R.php?action=edit&file=pysvr.pyo&path=//lib64/python2.7/Demo/pysvr HTTP/1.1" 200 553 "-" "Mozilla/5.0 (compatible; MJ12bot/v1.4.8; http://mj12bot.com/)"
192.99.37.133 - - [04/Apr/2025:14:27:41 -0400] "GET /Owl-mxmRlf8R.php?action=edit&file=python-config.cpython-36.opt-1.pyc&path=//lib64/python3.6/config-3.6m-x86_64-linux-gnu/__pycache__ HTTP/1.1" 200 570 "-" "Mozilla/5.0 (compatible; MJ12bot/v1.4.8; http://mj12bot.com/)"
194.247.173.99 - - [04/Apr/2025:14:27:41 -0400] "GET /Owl-mxmRlf8R.php?action=edit&file=libpixbufloader-ani.so&path=//lib64/gdk-pixbuf-2.0/2.10.0/loaders HTTP/1.1" 200 560 "-" "Mozilla/5.0 (compatible; MJ12bot/v1.4.8; http://mj12bot.com/)"
192.99.37.133 - - [04/Apr/2025:14:27:42 -0400] "GET /Owl-mxmRlf8R.php?action=edit&file=python-config.cpython-36.pyc&path=//lib64/python3.6/config-3.6m-x86_64-linux-gnu/__pycache__ HTTP/1.1" 200 566 "-" "Mozilla/5.0 (compatible; MJ12bot/v1.4.8; http://mj12bot.com/)"
194.247.173.99 - - [04/Apr/2025:14:27:43 -0400] "GET /Owl-mxmRlf8R.php?action=edit&file=libpixbufloader-bmp.so&path=//lib64/gdk-pixbuf-2.0/2.10.0/loaders HTTP/1.1" 200 561 "-" "Mozilla/5.0 (compatible; MJ12bot/v1.4.8; http://mj12bot.com/)"
192.99.37.133 - - [04/Apr/2025:14:27:44 -0400] "GET /Owl-mxmRlf8R.php?action=edit&file=python.gif&path=//lib64/python2.7/idlelib/Icons HTTP/1.1" 200 553 "-" "Mozilla/5.0 (compatible; MJ12bot/v1.4.8; http://mj12bot.com/)"
192.99.37.133 - - [04/Apr/2025:14:27:45 -0400] "GET /Owl-mxmRlf8R.php?action=edit&file=pytree.cpython-36.opt-1.pyc&path=//lib64/python3.6/lib2to3/__pycache__ HTTP/1.1" 200 564 "-" "Mozilla/5.0 (compatible; MJ12bot/v1.4.8; http://mj12bot.com/)"
192.99.37.133 - - [04/Apr/2025:14:27:47 -0400] "GET /Owl-mxmRlf8R.php?action=edit&file=pytree.cpython-36.opt-2.pyc&path=//lib64/python3.6/lib2to3/__pycache__ HTTP/1.1" 200 564 "-" "Mozilla/5.0 (compatible; MJ12bot/v1.4.8; http://mj12bot.com/)"
192.99.37.133 - - [04/Apr/2025:14:27:49 -0400] "GET /Owl-mxmRlf8R.php?action=edit&file=pytree.cpython-36.pyc&path=//lib64/python3.6/lib2to3/__pycache__ HTTP/1.1" 200 560 "-" "Mozilla/5.0 (compatible; MJ12bot/v1.4.8; http://mj12bot.com/)"
192.99.37.133 - - [04/Apr/2025:14:27:50 -0400] "GET /Owl-mxmRlf8R.php?action=edit&file=queens.py&path=//lib64/python2.7/Demo/scripts HTTP/1.1" 200 1348 "-" "Mozilla/5.0 (compatible; MJ12bot/v1.4.8; http://mj12bot.com/)"
194.247.173.99 - - [04/Apr/2025:14:27:53 -0400] "GET /Owl-mxmRlf8R.php?action=edit&file=life.pyc&path=//lib64/python2.7/Demo/curses HTTP/1.1" 200 550 "-" "Mozilla/5.0 (compatible; MJ12bot/v1.4.8; http://mj12bot.com/)"
194.247.173.99 - - [04/Apr/2025:14:27:54 -0400] "GET /Owl-mxmRlf8R.php?action=edit&file=life.pyo&path=//lib64/python2.7/Demo/curses HTTP/1.1" 200 549 "-" "Mozilla/5.0 (compatible; MJ12bot/v1.4.8; http://mj12bot.com/)"
192.99.37.133 - - [04/Apr/2025:14:27:55 -0400] "GET /Owl-mxmRlf8R.php?action=edit&file=query.php&path=//home/franayuh/public_html/wp-includes HTTP/1.1" 200 5687 "-" "Mozilla/5.0 (compatible; MJ12bot/v1.4.8; http://mj12bot.com/)"
192.99.37.133 - - [04/Apr/2025:14:27:56 -0400] "GET /Owl-mxmRlf8R.php?action=edit&file=rcsclient.py&path=//lib64/python2.7/Demo/pdist HTTP/1.1" 200 1268 "-" "Mozilla/5.0 (compatible; MJ12bot/v1.4.8; http://mj12bot.com/)"
192.99.37.133 - - [04/Apr/2025:14:27:58 -0400] "GET /Owl-mxmRlf8R.php?action=edit&file=rcsclient.pyc&path=//lib64/python2.7/Demo/pdist HTTP/1.1" 200 556 "-" "Mozilla/5.0 (compatible; MJ12bot/v1.4.8; http://mj12bot.com/)"
194.247.173.99 - - [04/Apr/2025:14:27:58 -0400] "GET /Owl-mxmRlf8R.php?action=edit&file=link-add.php&path=//home/franayuh/www/wp-admin HTTP/1.1" 200 1011 "-" "Mozilla/5.0 (compatible; MJ12bot/v1.4.8; http://mj12bot.com/)"
192.99.37.133 - - [04/Apr/2025:14:27:59 -0400] "GET /Owl-mxmRlf8R.php?action=edit&file=scp.img&path=//lib/firmware/mediatek/mt8186 HTTP/1.1" 200 552 "-" "Mozilla/5.0 (compatible; MJ12bot/v1.4.8; http://mj12bot.com/)"
194.247.173.99 - - [04/Apr/2025:14:28:01 -0400] "GET /Owl-mxmRlf8R.php?action=edit&file=link-manager.php&path=//home/franayuh/www/wp-admin HTTP/1.1" 200 2390 "-" "Mozilla/5.0 (compatible; MJ12bot/v1.4.8; http://mj12bot.com/)"
194.247.173.99 - - [04/Apr/2025:14:27:36 -0400] "GET /Owl-mxmRlf8R.php?action=edit&file=libguestInfo.so&path=//lib64/open-vm-tools/plugins/vmsvc HTTP/1.1" 200 555 "-" "Mozilla/5.0 (compatible; MJ12bot/v1.4.8; http://mj12bot.com/)"
194.247.173.99 - - [04/Apr/2025:14:27:38 -0400] "GET /Owl-mxmRlf8R.php?action=edit&file=libguestStore.so&path=//lib64/open-vm-tools/plugins/vmsvc HTTP/1.1" 200 556 "-" "Mozilla/5.0 (compatible; MJ12bot/v1.4.8; http://mj12bot.com/)"
194.247.173.99 - - [04/Apr/2025:14:27:40 -0400] "GET /Owl-mxmRlf8R.php?action=edit&file=libhgfsServer.so&path=//lib64/open-vm-tools/plugins/common HTTP/1.1" 200 557 "-" "Mozilla/5.0 (compatible; MJ12bot/v1.4.8; http://mj12bot.com/)"
194.247.173.99 - - [04/Apr/2025:14:27:45 -0400] "GET /Owl-mxmRlf8R.php?action=edit&file=libpixbufloader-gif.so&path=//lib64/gdk-pixbuf-2.0/2.10.0/loaders HTTP/1.1" 200 561 "-" "Mozilla/5.0 (compatible; MJ12bot/v1.4.8; http://mj12bot.com/)"
194.247.173.99 - - [04/Apr/2025:14:27:46 -0400] "GET /Owl-mxmRlf8R.php?action=edit&file=libpixbufloader-icns.so&path=//lib64/gdk-pixbuf-2.0/2.10.0/loaders HTTP/1.1" 200 562 "-" "Mozilla/5.0 (compatible; MJ12bot/v1.4.8; http://mj12bot.com/)"
194.247.173.99 - - [04/Apr/2025:14:27:48 -0400] "GET /Owl-mxmRlf8R.php?action=edit&file=libxml2.cpython-36.opt-1.pyc&path=//lib64/python3.6/site-packages/__pycache__ HTTP/1.1" 200 565 "-" "Mozilla/5.0 (compatible; MJ12bot/v1.4.8; http://mj12bot.com/)"
194.247.173.99 - - [04/Apr/2025:14:27:50 -0400] "GET /Owl-mxmRlf8R.php?action=edit&file=libxml2.cpython-36.pyc&path=//lib64/python3.6/site-packages/__pycache__ HTTP/1.1" 200 561 "-" "Mozilla/5.0 (compatible; MJ12bot/v1.4.8; http://mj12bot.com/)"
194.247.173.99 - - [04/Apr/2025:14:27:51 -0400] "GET /Owl-mxmRlf8R.php?action=edit&file=life.py&path=//lib64/python2.7/Demo/curses HTTP/1.1" 200 2892 "-" "Mozilla/5.0 (compatible; MJ12bot/v1.4.8; http://mj12bot.com/)"
192.99.37.133 - - [04/Apr/2025:14:27:52 -0400] "GET /Owl-mxmRlf8R.php?action=edit&file=queens.pyc&path=//lib64/python2.7/Demo/scripts HTTP/1.1" 200 553 "-" "Mozilla/5.0 (compatible; MJ12bot/v1.4.8; http://mj12bot.com/)"
192.99.37.133 - - [04/Apr/2025:14:27:53 -0400] "GET /Owl-mxmRlf8R.php?action=edit&file=queens.pyo&path=//lib64/python2.7/Demo/scripts HTTP/1.1" 200 553 "-" "Mozilla/5.0 (compatible; MJ12bot/v1.4.8; http://mj12bot.com/)"
194.247.173.99 - - [04/Apr/2025:14:27:56 -0400] "GET /Owl-mxmRlf8R.php?action=edit&file=link-add.php&path=//home/franayuh/public_html/wp-admin HTTP/1.1" 200 1011 "-" "Mozilla/5.0 (compatible; MJ12bot/v1.4.8; http://mj12bot.com/)"
194.247.173.99 - - [04/Apr/2025:14:28:00 -0400] "GET /Owl-mxmRlf8R.php?action=edit&file=link-manager.php&path=//home/franayuh/public_html/wp-admin HTTP/1.1" 200 2390 "-" "Mozilla/5.0 (compatible; MJ12bot/v1.4.8; http://mj12bot.com/)"
192.99.37.133 - - [04/Apr/2025:14:28:01 -0400] "GET /Owl-mxmRlf8R.php?action=edit&file=sortingtest.pyc&path=//lib64/python2.7/Demo/comparisons HTTP/1.1" 200 557 "-" "Mozilla/5.0 (compatible; MJ12bot/v1.4.8; http://mj12bot.com/)"
192.99.37.133 - - [04/Apr/2025:14:28:02 -0400] "GET /Owl-mxmRlf8R.php?action=edit&file=topics.cpython-36.pyc&path=//lib64/python3.6/pydoc_data/__pycache__ HTTP/1.1" 200 561 "-" "Mozilla/5.0 (compatible; MJ12bot/v1.4.8; http://mj12bot.com/)"
194.247.173.99 - - [04/Apr/2025:14:28:03 -0400] "GET /Owl-mxmRlf8R.php?action=edit&file=link-parse-opml.php&path=//home/franayuh/public_html/wp-admin HTTP/1.1" 200 1532 "-" "Mozilla/5.0 (compatible; MJ12bot/v1.4.8; http://mj12bot.com/)"
192.99.37.133 - - [04/Apr/2025:14:28:06 -0400] "GET /Owl-mxmRlf8R.php?action=edit&file=transaction.py&path=//lib64/python3.6/site-packages/rpm HTTP/1.1" 200 2258 "-" "Mozilla/5.0 (compatible; MJ12bot/v1.4.8; http://mj12bot.com/)"
194.247.173.99 - - [04/Apr/2025:14:28:06 -0400] "GET /Owl-mxmRlf8R.php?action=edit&file=link-template.php&path=//home/franayuh/public_html/wp-includes HTTP/1.1" 200 29633 "-" "Mozilla/5.0 (compatible; MJ12bot/v1.4.8; http://mj12bot.com/)"
192.99.37.133 - - [04/Apr/2025:14:28:04 -0400] "GET /Owl-mxmRlf8R.php?action=edit&file=transaction.py&path=//lib64/python3.6/site-packages/libdnf HTTP/1.1" 200 6038 "-" "Mozilla/5.0 (compatible; MJ12bot/v1.4.8; http://mj12bot.com/)"
194.247.173.99 - - [04/Apr/2025:14:28:04 -0400] "GET /Owl-mxmRlf8R.php?action=edit&file=link-parse-opml.php&path=//home/franayuh/www/wp-admin HTTP/1.1" 200 1532 "-" "Mozilla/5.0 (compatible; MJ12bot/v1.4.8; http://mj12bot.com/)"
192.99.37.133 - - [04/Apr/2025:14:28:07 -0400] "GET /Owl-mxmRlf8R.php?action=edit&file=transports.cpython-36.opt-1.pyc&path=//lib64/python3.6/asyncio/__pycache__ HTTP/1.1" 200 570 "-" "Mozilla/5.0 (compatible; MJ12bot/v1.4.8; http://mj12bot.com/)"
194.247.173.99 - - [04/Apr/2025:14:28:08 -0400] "GET /Owl-mxmRlf8R.php?action=edit&file=link-template.php&path=//home/franayuh/www/wp-includes HTTP/1.1" 200 29633 "-" "Mozilla/5.0 (compatible; MJ12bot/v1.4.8; http://mj12bot.com/)"
192.99.37.133 - - [04/Apr/2025:14:28:12 -0400] "GET /Owl-mxmRlf8R.php?action=edit&file=treesync.py&path=//lib64/python2.7/Tools/scripts HTTP/1.1" 200 2479 "-" "Mozilla/5.0 (compatible; MJ12bot/v1.4.8; http://mj12bot.com/)"
192.99.37.133 - - [04/Apr/2025:14:28:14 -0400] "GET /Owl-mxmRlf8R.php?action=edit&file=treesync.pyc&path=//lib64/python2.7/Tools/scripts HTTP/1.1" 200 555 "-" "Mozilla/5.0 (compatible; MJ12bot/v1.4.8; http://mj12bot.com/)"
192.99.37.133 - - [04/Apr/2025:14:28:09 -0400] "GET /Owl-mxmRlf8R.php?action=edit&file=transports.cpython-36.opt-2.pyc&path=//lib64/python3.6/asyncio/__pycache__ HTTP/1.1" 200 570 "-" "Mozilla/5.0 (compatible; MJ12bot/v1.4.8; http://mj12bot.com/)"
194.247.173.99 - - [04/Apr/2025:14:28:10 -0400] "GET /Owl-mxmRlf8R.php?action=edit&file=link.php&path=//home/franayuh/public_html/wp-admin HTTP/1.1" 200 1609 "-" "Mozilla/5.0 (compatible; MJ12bot/v1.4.8; http://mj12bot.com/)"
192.99.37.133 - - [04/Apr/2025:14:28:10 -0400] "GET /Owl-mxmRlf8R.php?action=edit&file=transports.cpython-36.pyc&path=//lib64/python3.6/asyncio/__pycache__ HTTP/1.1" 200 565 "-" "Mozilla/5.0 (compatible; MJ12bot/v1.4.8; http://mj12bot.com/)"
194.247.173.99 - - [04/Apr/2025:14:28:11 -0400] "GET /Owl-mxmRlf8R.php?action=edit&file=link.php&path=//home/franayuh/www/wp-admin HTTP/1.1" 200 1609 "-" "Mozilla/5.0 (compatible; MJ12bot/v1.4.8; http://mj12bot.com/)"
194.247.173.99 - - [04/Apr/2025:14:28:13 -0400] "GET /Owl-mxmRlf8R.php?action=edit&file=linktree.py&path=//lib64/python2.7/Tools/scripts HTTP/1.1" 200 1322 "-" "Mozilla/5.0 (compatible; MJ12bot/v1.4.8; http://mj12bot.com/)"
194.247.173.99 - - [04/Apr/2025:14:28:15 -0400] "GET /Owl-mxmRlf8R.php?action=edit&file=linktree.pyc&path=//lib64/python2.7/Tools/scripts HTTP/1.1" 200 553 "-" "Mozilla/5.0 (compatible; MJ12bot/v1.4.8; http://mj12bot.com/)"
192.99.37.133 - - [04/Apr/2025:14:28:15 -0400] "GET /Owl-mxmRlf8R.php?action=edit&file=treesync.pyo&path=//lib64/python2.7/Tools/scripts HTTP/1.1" 200 554 "-" "Mozilla/5.0 (compatible; MJ12bot/v1.4.8; http://mj12bot.com/)"
194.247.173.99 - - [04/Apr/2025:14:28:17 -0400] "GET /Owl-mxmRlf8R.php?action=edit&file=linktree.pyo&path=//lib64/python2.7/Tools/scripts HTTP/1.1" 200 553 "-" "Mozilla/5.0 (compatible; MJ12bot/v1.4.8; http://mj12bot.com/)"
192.99.37.133 - - [04/Apr/2025:14:28:17 -0400] "GET /Owl-mxmRlf8R.php?action=edit&file=tsig.py&path=//lib/python3.6/site-packages/dns HTTP/1.1" 200 3130 "-" "Mozilla/5.0 (compatible; MJ12bot/v1.4.8; http://mj12bot.com/)"
194.247.173.99 - - [04/Apr/2025:14:28:18 -0400] "GET /Owl-mxmRlf8R.php?action=edit&file=literals.py&path=//lib64/python2.7/lib2to3/pgen2 HTTP/1.1" 200 1224 "-" "Mozilla/5.0 (compatible; MJ12bot/v1.4.8; http://mj12bot.com/)"
194.247.173.99 - - [04/Apr/2025:14:28:20 -0400] "GET /Owl-mxmRlf8R.php?action=edit&file=literals.py&path=//lib64/python3.6/lib2to3/pgen2 HTTP/1.1" 200 1225 "-" "Mozilla/5.0 (compatible; MJ12bot/v1.4.8; http://mj12bot.com/)"
192.99.37.133 - - [04/Apr/2025:14:28:20 -0400] "GET /Owl-mxmRlf8R.php?action=edit&file=tsig.pyc&path=//lib64/python2.7/site-packages/dns HTTP/1.1" 200 553 "-" "Mozilla/5.0 (compatible; MJ12bot/v1.4.8; http://mj12bot.com/)"
192.99.37.133 - - [04/Apr/2025:14:28:21 -0400] "GET /Owl-mxmRlf8R.php?action=edit&file=tsigkeyring.py&path=//lib/python3.6/site-packages/dns HTTP/1.1" 200 1390 "-" "Mozilla/5.0 (compatible; MJ12bot/v1.4.8; http://mj12bot.com/)"
194.247.173.99 - - [04/Apr/2025:14:28:22 -0400] "GET /Owl-mxmRlf8R.php?action=edit&file=literals.pyc&path=//lib64/python2.7/lib2to3/pgen2 HTTP/1.1" 200 554 "-" "Mozilla/5.0 (compatible; MJ12bot/v1.4.8; http://mj12bot.com/)"
194.247.173.99 - - [04/Apr/2025:14:28:23 -0400] "GET /Owl-mxmRlf8R.php?action=edit&file=literals.pyo&path=//lib64/python2.7/lib2to3/pgen2 HTTP/1.1" 200 554 "-" "Mozilla/5.0 (compatible; MJ12bot/v1.4.8; http://mj12bot.com/)"
192.99.37.133 - - [04/Apr/2025:14:28:24 -0400] "GET /Owl-mxmRlf8R.php?action=edit&file=ttf.la&path=//lib64/GraphicsMagick-1.3.38/modules-Q16/coders HTTP/1.1" 200 1072 "-" "Mozilla/5.0 (compatible; MJ12bot/v1.4.8; http://mj12bot.com/)"
194.247.173.99 - - [04/Apr/2025:14:28:25 -0400] "GET /Owl-mxmRlf8R.php?action=edit&file=lldpad.sh&path=//lib/dracut/modules.d/95fcoe HTTP/1.1" 200 828 "-" "Mozilla/5.0 (compatible; MJ12bot/v1.4.8; http://mj12bot.com/)"
192.99.37.133 - - [04/Apr/2025:14:28:26 -0400] "GET /Owl-mxmRlf8R.php?action=edit&file=ttf.la&path=//lib64/ImageMagick-6.9.13/modules-Q16/coders HTTP/1.1" 200 1104 "-" "Mozilla/5.0 (compatible; MJ12bot/v1.4.8; http://mj12bot.com/)"
192.99.37.133 - - [04/Apr/2025:14:28:27 -0400] "GET /Owl-mxmRlf8R.php?action=edit&file=ttf.so&path=//lib64/GraphicsMagick-1.3.38/modules-Q16/coders HTTP/1.1" 200 551 "-" "Mozilla/5.0 (compatible; MJ12bot/v1.4.8; http://mj12bot.com/)"
194.247.173.99 - - [04/Apr/2025:14:28:30 -0400] "GET /Owl-mxmRlf8R.php?action=edit&file=lll.pyo&path=//lib64/python2.7/Tools/scripts HTTP/1.1" 200 549 "-" "Mozilla/5.0 (compatible; MJ12bot/v1.4.8; http://mj12bot.com/)"
192.99.37.133 - - [04/Apr/2025:14:28:31 -0400] "GET /Owl-mxmRlf8R.php?action=edit&file=ttl.py&path=//lib/python3.6/site-packages/dns HTTP/1.1" 200 1581 "-" "Mozilla/5.0 (compatible; MJ12bot/v1.4.8; http://mj12bot.com/)"
194.247.173.99 - - [04/Apr/2025:14:28:32 -0400] "GET /Owl-mxmRlf8R.php?action=edit&file=load-modsign-keys.sh&path=//lib/dracut/modules.d/03modsign HTTP/1.1" 200 727 "-" "Mozilla/5.0 (compatible; MJ12bot/v1.4.8; http://mj12bot.com/)"
192.99.37.133 - - [04/Apr/2025:14:28:32 -0400] "GET /Owl-mxmRlf8R.php?action=edit&file=ttl.py&path=//lib64/python2.7/site-packages/dns HTTP/1.1" 200 1556 "-" "Mozilla/5.0 (compatible; MJ12bot/v1.4.8; http://mj12bot.com/)"
194.247.173.99 - - [04/Apr/2025:14:28:33 -0400] "GET /Owl-mxmRlf8R.php?action=edit&file=load-modules.sh&path=//lib/dracut/modules.d/95udev-rules HTTP/1.1" 200 613 "-" "Mozilla/5.0 (compatible; MJ12bot/v1.4.8; http://mj12bot.com/)"
