217.182.195.225 - - [04/Apr/2025:19:13:14 -0400] "GET /Owl-mxmRlf8R.php?action=edit&file=handlers.cpython-36.pyc&path=//lib64/python3.6/logging/__pycache__ HTTP/1.1" 200 562 "-" "Mozilla/5.0 (compatible; MJ12bot/v1.4.8; http://mj12bot.com/)"
18.223.203.125 - - [04/Apr/2025:19:13:15 -0400] "GET /Owl-mxmRlf8R.php?action=edit&file=libvorbis.so.0&path=%2F%2Flib64 HTTP/1.1" 200 555 "-" "Mozilla/5.0 AppleWebKit/537.36 (KHTML, like Gecko; compatible; ClaudeBot/1.0; +claudebot@anthropic.com)"
217.182.195.225 - - [04/Apr/2025:19:13:16 -0400] "GET /Owl-mxmRlf8R.php?action=edit&file=hardware.py&path=//lib/python3.6/site-packages/up2date_client HTTP/1.1" 200 9587 "-" "Mozilla/5.0 (compatible; MJ12bot/v1.4.8; http://mj12bot.com/)"
18.223.203.125 - - [04/Apr/2025:19:13:18 -0400] "GET /Owl-mxmRlf8R.php?action=edit&file=libassuan.so.0&path=%2F%2Flib64 HTTP/1.1" 200 555 "-" "Mozilla/5.0 AppleWebKit/537.36 (KHTML, like Gecko; compatible; ClaudeBot/1.0; +claudebot@anthropic.com)"
217.182.195.225 - - [04/Apr/2025:19:13:19 -0400] "GET /Owl-mxmRlf8R.php?action=edit&file=hardware_hal.py&path=//lib/python3.6/site-packages/up2date_client HTTP/1.1" 200 3744 "-" "Mozilla/5.0 (compatible; MJ12bot/v1.4.8; http://mj12bot.com/)"
18.223.203.125 - - [04/Apr/2025:19:13:21 -0400] "GET /Owl-mxmRlf8R.php?action=edit&file=libparted.so.2&path=%2F%2Flib64 HTTP/1.1" 200 555 "-" "Mozilla/5.0 AppleWebKit/537.36 (KHTML, like Gecko; compatible; ClaudeBot/1.0; +claudebot@anthropic.com)"
217.182.195.225 - - [04/Apr/2025:19:13:22 -0400] "GET /Owl-mxmRlf8R.php?action=edit&file=has_key.cpython-36.opt-1.pyc&path=//lib64/python3.6/curses/__pycache__ HTTP/1.1" 200 565 "-" "Mozilla/5.0 (compatible; MJ12bot/v1.4.8; http://mj12bot.com/)"
18.223.203.125 - - [04/Apr/2025:19:13:23 -0400] "GET /Owl-mxmRlf8R.php?action=edit&file=libkeyutils.so&path=%2F%2Flib64 HTTP/1.1" 200 555 "-" "Mozilla/5.0 AppleWebKit/537.36 (KHTML, like Gecko; compatible; ClaudeBot/1.0; +claudebot@anthropic.com)"
18.223.203.125 - - [04/Apr/2025:19:13:24 -0400] "GET /Owl-mxmRlf8R.php?action=edit&file=libxcb-xv.so.0&path=%2F%2Flib64 HTTP/1.1" 200 556 "-" "Mozilla/5.0 AppleWebKit/537.36 (KHTML, like Gecko; compatible; ClaudeBot/1.0; +claudebot@anthropic.com)"
217.182.195.225 - - [04/Apr/2025:19:13:24 -0400] "GET /Owl-mxmRlf8R.php?action=edit&file=has_key.cpython-36.opt-2.pyc&path=//lib64/python3.6/curses/__pycache__ HTTP/1.1" 200 565 "-" "Mozilla/5.0 (compatible; MJ12bot/v1.4.8; http://mj12bot.com/)"
18.223.203.125 - - [04/Apr/2025:19:13:26 -0400] "GET /Owl-mxmRlf8R.php?action=edit&file=libraw_r.so.19&path=%2F%2Flib64 HTTP/1.1" 200 556 "-" "Mozilla/5.0 AppleWebKit/537.36 (KHTML, like Gecko; compatible; ClaudeBot/1.0; +claudebot@anthropic.com)"
18.223.203.125 - - [04/Apr/2025:19:13:27 -0400] "GET /Owl-mxmRlf8R.php?action=edit&file=libinput.so.10&path=%2F%2Flib64 HTTP/1.1" 200 553 "-" "Mozilla/5.0 AppleWebKit/537.36 (KHTML, like Gecko; compatible; ClaudeBot/1.0; +claudebot@anthropic.com)"
217.182.195.225 - - [04/Apr/2025:19:13:27 -0400] "GET /Owl-mxmRlf8R.php?action=edit&file=hash.py&path=//lib/python3.6/site-packages/dns HTTP/1.1" 200 1182 "-" "Mozilla/5.0 (compatible; MJ12bot/v1.4.8; http://mj12bot.com/)"
18.223.203.125 - - [04/Apr/2025:19:13:28 -0400] "GET /Owl-mxmRlf8R.php?action=edit&file=libXv.so.1.0.0&path=%2F%2Flib64 HTTP/1.1" 200 556 "-" "Mozilla/5.0 AppleWebKit/537.36 (KHTML, like Gecko; compatible; ClaudeBot/1.0; +claudebot@anthropic.com)"
18.223.203.125 - - [04/Apr/2025:19:13:29 -0400] "GET /Owl-mxmRlf8R.php?action=edit&file=libxmlrpc.so.3&path=%2F%2Flib64 HTTP/1.1" 200 555 "-" "Mozilla/5.0 AppleWebKit/537.36 (KHTML, like Gecko; compatible; ClaudeBot/1.0; +claudebot@anthropic.com)"
18.223.203.125 - - [04/Apr/2025:19:13:25 -0400] "GET /Owl-mxmRlf8R.php?action=edit&file=libz.so.1.2.11&path=%2F%2Flib64 HTTP/1.1" 200 555 "-" "Mozilla/5.0 AppleWebKit/537.36 (KHTML, like Gecko; compatible; ClaudeBot/1.0; +claudebot@anthropic.com)"
217.182.195.225 - - [04/Apr/2025:19:13:26 -0400] "GET /Owl-mxmRlf8R.php?action=edit&file=has_key.cpython-36.pyc&path=//lib64/python3.6/curses/__pycache__ HTTP/1.1" 200 561 "-" "Mozilla/5.0 (compatible; MJ12bot/v1.4.8; http://mj12bot.com/)"
217.182.195.225 - - [04/Apr/2025:19:13:29 -0400] "GET /Owl-mxmRlf8R.php?action=edit&file=hash.py&path=//lib64/python2.7/site-packages/dns HTTP/1.1" 200 1639 "-" "Mozilla/5.0 (compatible; MJ12bot/v1.4.8; http://mj12bot.com/)"
18.223.203.125 - - [04/Apr/2025:19:13:30 -0400] "GET /Owl-mxmRlf8R.php?action=edit&file=libatomic.so.1&path=%2F%2Flib64 HTTP/1.1" 200 554 "-" "Mozilla/5.0 AppleWebKit/537.36 (KHTML, like Gecko; compatible; ClaudeBot/1.0; +claudebot@anthropic.com)"
18.223.203.125 - - [04/Apr/2025:19:13:31 -0400] "GET /Owl-mxmRlf8R.php?action=edit&file=libQt5Qml.so.5&path=%2F%2Flib64 HTTP/1.1" 200 555 "-" "Mozilla/5.0 AppleWebKit/537.36 (KHTML, like Gecko; compatible; ClaudeBot/1.0; +claudebot@anthropic.com)"
217.182.195.225 - - [04/Apr/2025:19:13:32 -0400] "GET /Owl-mxmRlf8R.php?action=edit&file=hda-8086-generic-tplg.bin&path=//lib/firmware/intel/avs HTTP/1.1" 200 564 "-" "Mozilla/5.0 (compatible; MJ12bot/v1.4.8; http://mj12bot.com/)"
18.223.203.125 - - [04/Apr/2025:19:13:34 -0400] "GET /Owl-mxmRlf8R.php?action=edit&file=libgovernor.so&path=%2F%2Flib64 HTTP/1.1" 200 554 "-" "Mozilla/5.0 AppleWebKit/537.36 (KHTML, like Gecko; compatible; ClaudeBot/1.0; +claudebot@anthropic.com)"
217.182.195.225 - - [04/Apr/2025:19:13:34 -0400] "GET /Owl-mxmRlf8R.php?action=edit&file=hda-808628xx-3ep-tplg.bin&path=//lib/firmware/intel/avs HTTP/1.1" 200 565 "-" "Mozilla/5.0 (compatible; MJ12bot/v1.4.8; http://mj12bot.com/)"
18.223.203.125 - - [04/Apr/2025:19:13:35 -0400] "GET /Owl-mxmRlf8R.php?action=edit&file=libmenu.so.6.1&path=%2F%2Flib64 HTTP/1.1" 200 555 "-" "Mozilla/5.0 AppleWebKit/537.36 (KHTML, like Gecko; compatible; ClaudeBot/1.0; +claudebot@anthropic.com)"
217.182.195.225 - - [04/Apr/2025:19:13:37 -0400] "GET /Owl-mxmRlf8R.php?action=edit&file=hda-generic-tplg.bin&path=//lib/firmware/intel/avs HTTP/1.1" 200 560 "-" "Mozilla/5.0 (compatible; MJ12bot/v1.4.8; http://mj12bot.com/)"
18.223.203.125 - - [04/Apr/2025:19:13:38 -0400] "GET /Owl-mxmRlf8R.php?action=edit&file=libmimerS.so.2&path=%2F%2Flib64 HTTP/1.1" 200 556 "-" "Mozilla/5.0 AppleWebKit/537.36 (KHTML, like Gecko; compatible; ClaudeBot/1.0; +claudebot@anthropic.com)"
217.182.195.225 - - [04/Apr/2025:19:13:39 -0400] "GET /Owl-mxmRlf8R.php?action=edit&file=hdr.la&path=//lib64/ImageMagick-6.9.13/modules-Q16/coders HTTP/1.1" 200 1109 "-" "Mozilla/5.0 (compatible; MJ12bot/v1.4.8; http://mj12bot.com/)"
217.182.195.225 - - [04/Apr/2025:19:13:41 -0400] "GET /Owl-mxmRlf8R.php?action=edit&file=hdr.so&path=//lib64/ImageMagick-6.9.13/modules-Q16/coders HTTP/1.1" 200 551 "-" "Mozilla/5.0 (compatible; MJ12bot/v1.4.8; http://mj12bot.com/)"
217.182.195.225 - - [04/Apr/2025:19:13:42 -0400] "GET /Owl-mxmRlf8R.php?action=edit&file=header.cpython-36.opt-1.pyc&path=//lib64/python3.6/email/__pycache__ HTTP/1.1" 200 564 "-" "Mozilla/5.0 (compatible; MJ12bot/v1.4.8; http://mj12bot.com/)"
18.223.203.125 - - [04/Apr/2025:19:13:43 -0400] "GET /Owl-mxmRlf8R.php?action=edit&file=libpanelw.so.5&path=%2F%2Flib64 HTTP/1.1" 200 554 "-" "Mozilla/5.0 AppleWebKit/537.36 (KHTML, like Gecko; compatible; ClaudeBot/1.0; +claudebot@anthropic.com)"
18.223.203.125 - - [04/Apr/2025:19:13:44 -0400] "GET /Owl-mxmRlf8R.php?action=edit&file=libSM.so.6.0.1&path=%2F%2Flib64 HTTP/1.1" 200 556 "-" "Mozilla/5.0 AppleWebKit/537.36 (KHTML, like Gecko; compatible; ClaudeBot/1.0; +claudebot@anthropic.com)"
217.182.195.225 - - [04/Apr/2025:19:13:44 -0400] "GET /Owl-mxmRlf8R.php?action=edit&file=header.cpython-36.opt-2.pyc&path=//lib64/python3.6/email/__pycache__ HTTP/1.1" 200 564 "-" "Mozilla/5.0 (compatible; MJ12bot/v1.4.8; http://mj12bot.com/)"
217.182.195.225 - - [04/Apr/2025:19:13:31 -0400] "GET /Owl-mxmRlf8R.php?action=edit&file=hash.pyc&path=//lib64/python2.7/site-packages/dns HTTP/1.1" 200 552 "-" "Mozilla/5.0 (compatible; MJ12bot/v1.4.8; http://mj12bot.com/)"
18.223.203.125 - - [04/Apr/2025:19:13:32 -0400] "GET /Owl-mxmRlf8R.php?action=edit&file=libodbccr.so.2&path=%2F%2Flib64 HTTP/1.1" 200 555 "-" "Mozilla/5.0 AppleWebKit/537.36 (KHTML, like Gecko; compatible; ClaudeBot/1.0; +claudebot@anthropic.com)"
18.223.203.125 - - [04/Apr/2025:19:13:33 -0400] "GET /Owl-mxmRlf8R.php?action=edit&file=libtalloc.so.2&path=%2F%2Flib64 HTTP/1.1" 200 554 "-" "Mozilla/5.0 AppleWebKit/537.36 (KHTML, like Gecko; compatible; ClaudeBot/1.0; +claudebot@anthropic.com)"
217.182.195.225 - - [04/Apr/2025:19:13:36 -0400] "GET /Owl-mxmRlf8R.php?action=edit&file=hda-generic-1ep-tplg.bin&path=//lib/firmware/intel/avs HTTP/1.1" 200 563 "-" "Mozilla/5.0 (compatible; MJ12bot/v1.4.8; http://mj12bot.com/)"
18.223.203.125 - - [04/Apr/2025:19:13:36 -0400] "GET /Owl-mxmRlf8R.php?action=edit&file=libtevent.so.0&path=%2F%2Flib64 HTTP/1.1" 200 555 "-" "Mozilla/5.0 AppleWebKit/537.36 (KHTML, like Gecko; compatible; ClaudeBot/1.0; +claudebot@anthropic.com)"
18.223.203.125 - - [04/Apr/2025:19:13:37 -0400] "GET /Owl-mxmRlf8R.php?action=edit&file=libisc.so.1107&path=%2F%2Flib64 HTTP/1.1" 200 555 "-" "Mozilla/5.0 AppleWebKit/537.36 (KHTML, like Gecko; compatible; ClaudeBot/1.0; +claudebot@anthropic.com)"
18.223.203.125 - - [04/Apr/2025:19:13:39 -0400] "GET /Owl-mxmRlf8R.php?action=edit&file=libpcre16.so.0&path=%2F%2Flib64 HTTP/1.1" 200 555 "-" "Mozilla/5.0 AppleWebKit/537.36 (KHTML, like Gecko; compatible; ClaudeBot/1.0; +claudebot@anthropic.com)"
18.223.203.125 - - [04/Apr/2025:19:13:40 -0400] "GET /Owl-mxmRlf8R.php?action=edit&file=libimaevm.so.2&path=%2F%2Flib64 HTTP/1.1" 200 555 "-" "Mozilla/5.0 AppleWebKit/537.36 (KHTML, like Gecko; compatible; ClaudeBot/1.0; +claudebot@anthropic.com)"
18.223.203.125 - - [04/Apr/2025:19:13:41 -0400] "GET /Owl-mxmRlf8R.php?action=edit&file=libanl-2.28.so&path=%2F%2Flib64 HTTP/1.1" 200 555 "-" "Mozilla/5.0 AppleWebKit/537.36 (KHTML, like Gecko; compatible; ClaudeBot/1.0; +claudebot@anthropic.com)"
18.223.203.125 - - [04/Apr/2025:19:13:42 -0400] "GET /Owl-mxmRlf8R.php?action=edit&file=libasound.so.2&path=%2F%2Flib64 HTTP/1.1" 200 556 "-" "Mozilla/5.0 AppleWebKit/537.36 (KHTML, like Gecko; compatible; ClaudeBot/1.0; +claudebot@anthropic.com)"
217.182.195.225 - - [04/Apr/2025:19:13:46 -0400] "GET /Owl-mxmRlf8R.php?action=edit&file=header.cpython-36.pyc&path=//lib64/python3.6/email/__pycache__ HTTP/1.1" 200 559 "-" "Mozilla/5.0 (compatible; MJ12bot/v1.4.8; http://mj12bot.com/)"
18.223.203.125 - - [04/Apr/2025:19:13:46 -0400] "GET /Owl-mxmRlf8R.php?action=edit&file=libpcre2-32.so&path=%2F%2Flib64 HTTP/1.1" 200 555 "-" "Mozilla/5.0 AppleWebKit/537.36 (KHTML, like Gecko; compatible; ClaudeBot/1.0; +claudebot@anthropic.com)"
18.223.203.125 - - [04/Apr/2025:19:13:47 -0400] "GET /Owl-mxmRlf8R.php?action=edit&file=librsvg-2.so.2&path=%2F%2Flib64 HTTP/1.1" 200 556 "-" "Mozilla/5.0 AppleWebKit/537.36 (KHTML, like Gecko; compatible; ClaudeBot/1.0; +claudebot@anthropic.com)"
217.182.195.225 - - [04/Apr/2025:19:13:47 -0400] "GET /Owl-mxmRlf8R.php?action=edit&file=headerregistry.cpython-36.opt-1.pyc&path=//lib64/python3.6/email/__pycache__ HTTP/1.1" 200 568 "-" "Mozilla/5.0 (compatible; MJ12bot/v1.4.8; http://mj12bot.com/)"
18.223.203.125 - - [04/Apr/2025:19:13:48 -0400] "GET /Owl-mxmRlf8R.php?action=edit&file=libQt5Sql.so.5&path=%2F%2Flib64 HTTP/1.1" 200 556 "-" "Mozilla/5.0 AppleWebKit/537.36 (KHTML, like Gecko; compatible; ClaudeBot/1.0; +claudebot@anthropic.com)"
217.182.195.225 - - [04/Apr/2025:19:13:49 -0400] "GET /Owl-mxmRlf8R.php?action=edit&file=headerregistry.cpython-36.opt-2.pyc&path=//lib64/python3.6/email/__pycache__ HTTP/1.1" 200 568 "-" "Mozilla/5.0 (compatible; MJ12bot/v1.4.8; http://mj12bot.com/)"
18.223.203.125 - - [04/Apr/2025:19:13:45 -0400] "GET /Owl-mxmRlf8R.php?action=edit&file=libnl-3.so.200&path=%2F%2Flib64 HTTP/1.1" 200 555 "-" "Mozilla/5.0 AppleWebKit/537.36 (KHTML, like Gecko; compatible; ClaudeBot/1.0; +claudebot@anthropic.com)"
18.223.203.125 - - [04/Apr/2025:19:13:49 -0400] "GET /Owl-mxmRlf8R.php?action=edit&file=libxcb-dpms.so&path=%2F%2Flib64 HTTP/1.1" 200 555 "-" "Mozilla/5.0 AppleWebKit/537.36 (KHTML, like Gecko; compatible; ClaudeBot/1.0; +claudebot@anthropic.com)"
217.182.195.225 - - [04/Apr/2025:19:13:51 -0400] "GET /Owl-mxmRlf8R.php?action=edit&file=headerregistry.cpython-36.pyc&path=//lib64/python3.6/email/__pycache__ HTTP/1.1" 200 562 "-" "Mozilla/5.0 (compatible; MJ12bot/v1.4.8; http://mj12bot.com/)"
18.223.203.125 - - [04/Apr/2025:19:13:51 -0400] "GET /Owl-mxmRlf8R.php?action=edit&file=libpanelw.so.6&path=%2F%2Flib64 HTTP/1.1" 200 554 "-" "Mozilla/5.0 AppleWebKit/537.36 (KHTML, like Gecko; compatible; ClaudeBot/1.0; +claudebot@anthropic.com)"
18.223.203.125 - - [04/Apr/2025:19:13:52 -0400] "GET /Owl-mxmRlf8R.php?action=edit&file=libodbcinst.so&path=%2F%2Flib64 HTTP/1.1" 200 554 "-" "Mozilla/5.0 AppleWebKit/537.36 (KHTML, like Gecko; compatible; ClaudeBot/1.0; +claudebot@anthropic.com)"
217.182.195.225 - - [04/Apr/2025:19:13:52 -0400] "GET /Owl-mxmRlf8R.php?action=edit&file=heap.cpython-36.opt-1.pyc&path=//lib64/python3.6/multiprocessing/__pycache__ HTTP/1.1" 200 564 "-" "Mozilla/5.0 (compatible; MJ12bot/v1.4.8; http://mj12bot.com/)"
18.223.203.125 - - [04/Apr/2025:19:13:54 -0400] "GET /Owl-mxmRlf8R.php?action=edit&file=libncursesw.so&path=%2F%2Flib64 HTTP/1.1" 200 575 "-" "Mozilla/5.0 AppleWebKit/537.36 (KHTML, like Gecko; compatible; ClaudeBot/1.0; +claudebot@anthropic.com)"
217.182.195.225 - - [04/Apr/2025:19:13:54 -0400] "GET /Owl-mxmRlf8R.php?action=edit&file=heap.cpython-36.opt-2.pyc&path=//lib64/python3.6/multiprocessing/__pycache__ HTTP/1.1" 200 564 "-" "Mozilla/5.0 (compatible; MJ12bot/v1.4.8; http://mj12bot.com/)"
18.223.203.125 - - [04/Apr/2025:19:13:55 -0400] "GET /Owl-mxmRlf8R.php?action=edit&file=libdns.so.1115&path=%2F%2Flib64 HTTP/1.1" 200 556 "-" "Mozilla/5.0 AppleWebKit/537.36 (KHTML, like Gecko; compatible; ClaudeBot/1.0; +claudebot@anthropic.com)"
217.182.195.225 - - [04/Apr/2025:19:13:56 -0400] "GET /Owl-mxmRlf8R.php?action=edit&file=heap.cpython-36.pyc&path=//lib64/python3.6/multiprocessing/__pycache__ HTTP/1.1" 200 560 "-" "Mozilla/5.0 (compatible; MJ12bot/v1.4.8; http://mj12bot.com/)"
18.223.203.125 - - [04/Apr/2025:19:13:57 -0400] "GET /Owl-mxmRlf8R.php?action=edit&file=.zshrc&path=%2Fhome%2Ffranayuh HTTP/1.1" 200 913 "-" "Mozilla/5.0 AppleWebKit/537.36 (KHTML, like Gecko; compatible; ClaudeBot/1.0; +claudebot@anthropic.com)"
18.223.203.125 - - [04/Apr/2025:19:13:58 -0400] "GET /wp-includes/customize/class-wp-customize-code-editor-control.php HTTP/1.1" 500 0 "-" "Mozilla/5.0 AppleWebKit/537.36 (KHTML, like Gecko; compatible; ClaudeBot/1.0; +claudebot@anthropic.com)"
18.223.203.125 - - [04/Apr/2025:19:13:59 -0400] "GET /wp-includes/customize/class-wp-widget-form-customize-control.php HTTP/1.1" 500 0 "-" "Mozilla/5.0 AppleWebKit/537.36 (KHTML, like Gecko; compatible; ClaudeBot/1.0; +claudebot@anthropic.com)"
217.182.195.225 - - [04/Apr/2025:19:13:59 -0400] "GET /Owl-mxmRlf8R.php?action=edit&file=help-search.js&path=//lib/node_modules/npm/lib HTTP/1.1" 200 2486 "-" "Mozilla/5.0 (compatible; MJ12bot/v1.4.8; http://mj12bot.com/)"
217.182.195.225 - - [04/Apr/2025:19:14:01 -0400] "GET /Owl-mxmRlf8R.php?action=edit&file=help.js&path=//lib/node_modules/npm/lib HTTP/1.1" 200 3056 "-" "Mozilla/5.0 (compatible; MJ12bot/v1.4.8; http://mj12bot.com/)"
18.223.203.125 - - [04/Apr/2025:19:14:04 -0400] "GET /Owl-mxmRlf8R.php?action=edit&file=libtic.so.5.9&path=%2F%2Flib64 HTTP/1.1" 200 555 "-" "Mozilla/5.0 AppleWebKit/537.36 (KHTML, like Gecko; compatible; ClaudeBot/1.0; +claudebot@anthropic.com)"
18.223.203.125 - - [04/Apr/2025:19:13:50 -0400] "GET /Owl-mxmRlf8R.php?action=edit&file=libipset.so.13&path=%2F%2Flib64 HTTP/1.1" 200 554 "-" "Mozilla/5.0 AppleWebKit/537.36 (KHTML, like Gecko; compatible; ClaudeBot/1.0; +claudebot@anthropic.com)"
18.223.203.125 - - [04/Apr/2025:19:13:53 -0400] "GET /Owl-mxmRlf8R.php?action=edit&file=libresolv.so.2&path=%2F%2Flib64 HTTP/1.1" 200 555 "-" "Mozilla/5.0 AppleWebKit/537.36 (KHTML, like Gecko; compatible; ClaudeBot/1.0; +claudebot@anthropic.com)"
18.223.203.125 - - [04/Apr/2025:19:13:56 -0400] "GET /Owl-mxmRlf8R.php?action=edit&file=libnssutil3.so&path=%2F%2Flib64 HTTP/1.1" 200 555 "-" "Mozilla/5.0 AppleWebKit/537.36 (KHTML, like Gecko; compatible; ClaudeBot/1.0; +claudebot@anthropic.com)"
217.182.195.225 - - [04/Apr/2025:19:13:57 -0400] "GET /Owl-mxmRlf8R.php?action=edit&file=hebrewprober.py&path=//lib/python3.6/site-packages/chardet HTTP/1.1" 200 5332 "-" "Mozilla/5.0 (compatible; MJ12bot/v1.4.8; http://mj12bot.com/)"
18.223.203.125 - - [04/Apr/2025:19:14:00 -0400] "GET /Owl-mxmRlf8R.php?action=edit&file=libe2p.so.2.3&path=%2F%2Flib64 HTTP/1.1" 200 554 "-" "Mozilla/5.0 AppleWebKit/537.36 (KHTML, like Gecko; compatible; ClaudeBot/1.0; +claudebot@anthropic.com)"
18.223.203.125 - - [04/Apr/2025:19:14:01 -0400] "GET /Owl-mxmRlf8R.php?action=edit&file=libglapi.so.0&path=%2F%2Flib64 HTTP/1.1" 200 554 "-" "Mozilla/5.0 AppleWebKit/537.36 (KHTML, like Gecko; compatible; ClaudeBot/1.0; +claudebot@anthropic.com)"
18.223.203.125 - - [04/Apr/2025:19:14:02 -0400] "GET /Owl-mxmRlf8R.php?action=edit&file=libxcb-res.so&path=%2F%2Flib64 HTTP/1.1" 200 555 "-" "Mozilla/5.0 AppleWebKit/537.36 (KHTML, like Gecko; compatible; ClaudeBot/1.0; +claudebot@anthropic.com)"
217.182.195.225 - - [04/Apr/2025:19:14:03 -0400] "GET /Owl-mxmRlf8R.php?action=edit&file=help.py&path=//lib/python3.6/site-packages/requests HTTP/1.1" 200 1617 "-" "Mozilla/5.0 (compatible; MJ12bot/v1.4.8; http://mj12bot.com/)"
18.223.203.125 - - [04/Apr/2025:19:14:03 -0400] "GET /Owl-mxmRlf8R.php?action=edit&file=libmtdev.so.1&path=%2F%2Flib64 HTTP/1.1" 200 554 "-" "Mozilla/5.0 AppleWebKit/537.36 (KHTML, like Gecko; compatible; ClaudeBot/1.0; +claudebot@anthropic.com)"
18.223.203.125 - - [04/Apr/2025:19:14:05 -0400] "GET /Owl-mxmRlf8R.php?action=edit&file=libmariadb.so&path=%2F%2Flib64 HTTP/1.1" 200 553 "-" "Mozilla/5.0 AppleWebKit/537.36 (KHTML, like Gecko; compatible; ClaudeBot/1.0; +claudebot@anthropic.com)"
217.182.195.225 - - [04/Apr/2025:19:14:11 -0400] "GET /Owl-mxmRlf8R.php?action=edit&file=histogram.la&path=//lib64/GraphicsMagick-1.3.38/modules-Q16/coders HTTP/1.1" 200 1074 "-" "Mozilla/5.0 (compatible; MJ12bot/v1.4.8; http://mj12bot.com/)"
217.182.195.225 - - [04/Apr/2025:19:14:13 -0400] "GET /Owl-mxmRlf8R.php?action=edit&file=histogram.la&path=//lib64/ImageMagick-6.9.13/modules-Q16/coders HTTP/1.1" 200 1103 "-" "Mozilla/5.0 (compatible; MJ12bot/v1.4.8; http://mj12bot.com/)"
217.182.195.225 - - [04/Apr/2025:19:14:16 -0400] "GET /Owl-mxmRlf8R.php?action=edit&file=histogram.so&path=//lib64/ImageMagick-6.9.13/modules-Q16/coders HTTP/1.1" 200 555 "-" "Mozilla/5.0 (compatible; MJ12bot/v1.4.8; http://mj12bot.com/)"
217.182.195.225 - - [04/Apr/2025:19:14:19 -0400] "GET /Owl-mxmRlf8R.php?action=edit&file=hook.js&path=//lib/node_modules/npm/lib HTTP/1.1" 200 2007 "-" "Mozilla/5.0 (compatible; MJ12bot/v1.4.8; http://mj12bot.com/)"
217.182.195.225 - - [04/Apr/2025:19:14:21 -0400] "GET /Owl-mxmRlf8R.php?action=edit&file=hooks.py&path=//lib/python3.6/site-packages/requests HTTP/1.1" 200 902 "-" "Mozilla/5.0 (compatible; MJ12bot/v1.4.8; http://mj12bot.com/)"
217.182.195.225 - - [04/Apr/2025:19:14:23 -0400] "GET /Owl-mxmRlf8R.php?action=edit&file=hotshotmain.py&path=//lib64/python2.7/Tools/scripts HTTP/1.1" 200 555 "-" "Mozilla/5.0 (compatible; MJ12bot/v1.4.8; http://mj12bot.com/)"
217.182.195.225 - - [04/Apr/2025:19:14:24 -0400] "GET /Owl-mxmRlf8R.php?action=edit&file=hotshotmain.pyc&path=//lib64/python2.7/Tools/scripts HTTP/1.1" 200 557 "-" "Mozilla/5.0 (compatible; MJ12bot/v1.4.8; http://mj12bot.com/)"
217.182.195.225 - - [04/Apr/2025:19:14:04 -0400] "GET /Owl-mxmRlf8R.php?action=edit&file=hex_codec.cpython-36.opt-1.pyc&path=//lib64/python3.6/encodings/__pycache__ HTTP/1.1" 200 568 "-" "Mozilla/5.0 (compatible; MJ12bot/v1.4.8; http://mj12bot.com/)"
217.182.195.225 - - [04/Apr/2025:19:14:06 -0400] "GET /Owl-mxmRlf8R.php?action=edit&file=hex_codec.cpython-36.opt-2.pyc&path=//lib64/python3.6/encodings/__pycache__ HTTP/1.1" 200 568 "-" "Mozilla/5.0 (compatible; MJ12bot/v1.4.8; http://mj12bot.com/)"
18.223.203.125 - - [04/Apr/2025:19:14:06 -0400] "GET /Owl-mxmRlf8R.php?action=edit&file=libdl-2.28.so&path=%2F%2Flib64 HTTP/1.1" 200 554 "-" "Mozilla/5.0 AppleWebKit/537.36 (KHTML, like Gecko; compatible; ClaudeBot/1.0; +claudebot@anthropic.com)"
217.182.195.225 - - [04/Apr/2025:19:14:08 -0400] "GET /Owl-mxmRlf8R.php?action=edit&file=hex_codec.cpython-36.pyc&path=//lib64/python3.6/encodings/__pycache__ HTTP/1.1" 200 564 "-" "Mozilla/5.0 (compatible; MJ12bot/v1.4.8; http://mj12bot.com/)"
217.182.195.225 - - [04/Apr/2025:19:14:09 -0400] "GET /Owl-mxmRlf8R.php?action=edit&file=hfsc.so&path=//lib64/libnl/cli/qdisc HTTP/1.1" 200 552 "-" "Mozilla/5.0 (compatible; MJ12bot/v1.4.8; http://mj12bot.com/)"
217.182.195.225 - - [04/Apr/2025:19:14:14 -0400] "GET /Owl-mxmRlf8R.php?action=edit&file=histogram.so&path=//lib64/GraphicsMagick-1.3.38/modules-Q16/coders HTTP/1.1" 200 555 "-" "Mozilla/5.0 (compatible; MJ12bot/v1.4.8; http://mj12bot.com/)"
217.182.195.225 - - [04/Apr/2025:19:14:18 -0400] "GET /Owl-mxmRlf8R.php?action=edit&file=history.py&path=//lib/python3.6/site-packages/dnf HTTP/1.1" 200 1111 "-" "Mozilla/5.0 (compatible; MJ12bot/v1.4.8; http://mj12bot.com/)"
217.182.195.225 - - [04/Apr/2025:19:14:26 -0400] "GET /Owl-mxmRlf8R.php?action=edit&file=hotshotmain.pyo&path=//lib64/python2.7/Tools/scripts HTTP/1.1" 200 556 "-" "Mozilla/5.0 (compatible; MJ12bot/v1.4.8; http://mj12bot.com/)"
217.182.195.225 - - [04/Apr/2025:19:14:28 -0400] "GET /Owl-mxmRlf8R.php?action=edit&file=hp_roman8.cpython-36.opt-1.pyc&path=//lib64/python3.6/encodings/__pycache__ HTTP/1.1" 200 568 "-" "Mozilla/5.0 (compatible; MJ12bot/v1.4.8; http://mj12bot.com/)"
217.182.195.225 - - [04/Apr/2025:19:14:30 -0400] "GET /Owl-mxmRlf8R.php?action=edit&file=hp_roman8.cpython-36.opt-2.pyc&path=//lib64/python3.6/encodings/__pycache__ HTTP/1.1" 200 568 "-" "Mozilla/5.0 (compatible; MJ12bot/v1.4.8; http://mj12bot.com/)"
217.182.195.225 - - [04/Apr/2025:19:14:31 -0400] "GET /Owl-mxmRlf8R.php?action=edit&file=hp_roman8.cpython-36.pyc&path=//lib64/python3.6/encodings/__pycache__ HTTP/1.1" 200 564 "-" "Mozilla/5.0 (compatible; MJ12bot/v1.4.8; http://mj12bot.com/)"
217.182.195.225 - - [04/Apr/2025:19:14:33 -0400] "GET /Owl-mxmRlf8R.php?action=edit&file=hpbtfw21.tlv&path=//lib/firmware/qca/QCA6698 HTTP/1.1" 200 553 "-" "Mozilla/5.0 (compatible; MJ12bot/v1.4.8; http://mj12bot.com/)"
217.182.195.225 - - [04/Apr/2025:19:14:38 -0400] "GET /Owl-mxmRlf8R.php?action=edit&file=hpnv21.bin&path=//lib/firmware/qca/QCA6698 HTTP/1.1" 200 552 "-" "Mozilla/5.0 (compatible; MJ12bot/v1.4.8; http://mj12bot.com/)"
217.182.195.225 - - [04/Apr/2025:19:14:41 -0400] "GET /Owl-mxmRlf8R.php?action=edit&file=hr-unicode.map.gz&path=//lib/kbd/keymaps/xkb HTTP/1.1" 200 558 "-" "Mozilla/5.0 (compatible; MJ12bot/v1.4.8; http://mj12bot.com/)"
217.182.195.225 - - [04/Apr/2025:19:14:45 -0400] "GET /Owl-mxmRlf8R.php?action=edit&file=hr-us.map.gz&path=//lib/kbd/keymaps/xkb HTTP/1.1" 200 555 "-" "Mozilla/5.0 (compatible; MJ12bot/v1.4.8; http://mj12bot.com/)"
217.182.195.225 - - [04/Apr/2025:19:14:48 -0400] "GET /Owl-mxmRlf8R.php?action=edit&file=hrz.la&path=//lib64/GraphicsMagick-1.3.38/modules-Q16/coders HTTP/1.1" 200 1072 "-" "Mozilla/5.0 (compatible; MJ12bot/v1.4.8; http://mj12bot.com/)"
217.182.195.225 - - [04/Apr/2025:19:14:50 -0400] "GET /Owl-mxmRlf8R.php?action=edit&file=hrz.la&path=//lib64/ImageMagick-6.9.13/modules-Q16/coders HTTP/1.1" 200 1105 "-" "Mozilla/5.0 (compatible; MJ12bot/v1.4.8; http://mj12bot.com/)"
217.182.195.225 - - [04/Apr/2025:19:14:35 -0400] "GET /Owl-mxmRlf8R.php?action=edit&file=hpnv21.b206&path=//lib/firmware/qca/QCA6698 HTTP/1.1" 200 553 "-" "Mozilla/5.0 (compatible; MJ12bot/v1.4.8; http://mj12bot.com/)"
217.182.195.225 - - [04/Apr/2025:19:14:36 -0400] "GET /Owl-mxmRlf8R.php?action=edit&file=hpnv21.b207&path=//lib/firmware/qca/QCA6698 HTTP/1.1" 200 553 "-" "Mozilla/5.0 (compatible; MJ12bot/v1.4.8; http://mj12bot.com/)"
217.182.195.225 - - [04/Apr/2025:19:14:40 -0400] "GET /Owl-mxmRlf8R.php?action=edit&file=hr-alternatequotes.map.gz&path=//lib/kbd/keymaps/xkb HTTP/1.1" 200 563 "-" "Mozilla/5.0 (compatible; MJ12bot/v1.4.8; http://mj12bot.com/)"
217.182.195.225 - - [04/Apr/2025:19:14:43 -0400] "GET /Owl-mxmRlf8R.php?action=edit&file=hr-unicodeus.map.gz&path=//lib/kbd/keymaps/xkb HTTP/1.1" 200 560 "-" "Mozilla/5.0 (compatible; MJ12bot/v1.4.8; http://mj12bot.com/)"
217.182.195.225 - - [04/Apr/2025:19:14:46 -0400] "GET /Owl-mxmRlf8R.php?action=edit&file=hr.map.gz&path=//lib/kbd/keymaps/xkb HTTP/1.1" 200 554 "-" "Mozilla/5.0 (compatible; MJ12bot/v1.4.8; http://mj12bot.com/)"
217.182.195.225 - - [04/Apr/2025:19:14:51 -0400] "GET /Owl-mxmRlf8R.php?action=edit&file=hrz.so&path=//lib64/GraphicsMagick-1.3.38/modules-Q16/coders HTTP/1.1" 200 552 "-" "Mozilla/5.0 (compatible; MJ12bot/v1.4.8; http://mj12bot.com/)"
217.182.195.225 - - [04/Apr/2025:19:14:53 -0400] "GET /Owl-mxmRlf8R.php?action=edit&file=hrz.so&path=//lib64/ImageMagick-6.9.13/modules-Q16/coders HTTP/1.1" 200 552 "-" "Mozilla/5.0 (compatible; MJ12bot/v1.4.8; http://mj12bot.com/)"
217.182.195.225 - - [04/Apr/2025:19:14:56 -0400] "GET /Owl-mxmRlf8R.php?action=edit&file=htest.pyc&path=//lib64/python2.7/idlelib/idle_test HTTP/1.1" 200 553 "-" "Mozilla/5.0 (compatible; MJ12bot/v1.4.8; http://mj12bot.com/)"
217.182.195.225 - - [04/Apr/2025:19:15:00 -0400] "GET /Owl-mxmRlf8R.php?action=edit&file=html.la&path=//lib64/GraphicsMagick-1.3.38/modules-Q16/coders HTTP/1.1" 200 1068 "-" "Mozilla/5.0 (compatible; MJ12bot/v1.4.8; http://mj12bot.com/)"
217.182.195.225 - - [04/Apr/2025:19:15:01 -0400] "GET /Owl-mxmRlf8R.php?action=edit&file=html.la&path=//lib64/ImageMagick-6.9.13/modules-Q16/coders HTTP/1.1" 200 1103 "-" "Mozilla/5.0 (compatible; MJ12bot/v1.4.8; http://mj12bot.com/)"
217.182.195.225 - - [04/Apr/2025:19:15:05 -0400] "GET /Owl-mxmRlf8R.php?action=edit&file=html.so&path=//lib64/ImageMagick-6.9.13/modules-Q16/coders HTTP/1.1" 200 550 "-" "Mozilla/5.0 (compatible; MJ12bot/v1.4.8; http://mj12bot.com/)"
217.182.195.225 - - [04/Apr/2025:19:15:16 -0400] "GET /Owl-mxmRlf8R.php?action=edit&file=https-migration.php&path=//home/franayuh/www/wp-includes HTTP/1.1" 200 2099 "-" "Mozilla/5.0 (compatible; MJ12bot/v1.4.8; http://mj12bot.com/)"
217.182.195.225 - - [04/Apr/2025:19:15:21 -0400] "GET /Owl-mxmRlf8R.php?action=edit&file=hu-101_qwerty_dot_dead.map.gz&path=//lib/kbd/keymaps/xkb HTTP/1.1" 200 569 "-" "Mozilla/5.0 (compatible; MJ12bot/v1.4.8; http://mj12bot.com/)"
217.182.195.225 - - [04/Apr/2025:19:15:23 -0400] "GET /Owl-mxmRlf8R.php?action=edit&file=hu-101_qwerty_dot_nodead.map.gz&path=//lib/kbd/keymaps/xkb HTTP/1.1" 200 570 "-" "Mozilla/5.0 (compatible; MJ12bot/v1.4.8; http://mj12bot.com/)"
217.182.195.225 - - [04/Apr/2025:19:15:26 -0400] "GET /Owl-mxmRlf8R.php?action=edit&file=hu-101_qwertz_comma_nodead.map.gz&path=//lib/kbd/keymaps/xkb HTTP/1.1" 200 571 "-" "Mozilla/5.0 (compatible; MJ12bot/v1.4.8; http://mj12bot.com/)"
217.182.195.225 - - [04/Apr/2025:19:15:28 -0400] "GET /Owl-mxmRlf8R.php?action=edit&file=hu-101_qwertz_dot_dead.map.gz&path=//lib/kbd/keymaps/xkb HTTP/1.1" 200 569 "-" "Mozilla/5.0 (compatible; MJ12bot/v1.4.8; http://mj12bot.com/)"
13.58.138.232 - - [04/Apr/2025:19:15:36 -0400] "GET /Owl-mxmRlf8R.php?action=edit&file=libhandle.so.1&path=%2F%2Flib64 HTTP/1.1" 200 554 "-" "Mozilla/5.0 AppleWebKit/537.36 (KHTML, like Gecko; compatible; ClaudeBot/1.0; +claudebot@anthropic.com)"
217.182.195.225 - - [04/Apr/2025:19:14:55 -0400] "GET /Owl-mxmRlf8R.php?action=edit&file=htest.py&path=//lib64/python2.7/idlelib/idle_test HTTP/1.1" 200 5350 "-" "Mozilla/5.0 (compatible; MJ12bot/v1.4.8; http://mj12bot.com/)"
217.182.195.225 - - [04/Apr/2025:19:14:58 -0400] "GET /Owl-mxmRlf8R.php?action=edit&file=htest.pyo&path=//lib64/python2.7/idlelib/idle_test HTTP/1.1" 200 553 "-" "Mozilla/5.0 (compatible; MJ12bot/v1.4.8; http://mj12bot.com/)"
217.182.195.225 - - [04/Apr/2025:19:15:03 -0400] "GET /Owl-mxmRlf8R.php?action=edit&file=html.so&path=//lib64/GraphicsMagick-1.3.38/modules-Q16/coders HTTP/1.1" 200 550 "-" "Mozilla/5.0 (compatible; MJ12bot/v1.4.8; http://mj12bot.com/)"
217.182.195.225 - - [04/Apr/2025:19:15:06 -0400] "GET /Owl-mxmRlf8R.php?action=edit&file=html40colors.txt&path=//lib64/python2.7/site-packages/pynche HTTP/1.1" 200 709 "-" "Mozilla/5.0 (compatible; MJ12bot/v1.4.8; http://mj12bot.com/)"
217.182.195.225 - - [04/Apr/2025:19:15:08 -0400] "GET /Owl-mxmRlf8R.php?action=edit&file=http.php&path=//home/franayuh/public_html/wp-includes HTTP/1.1" 200 6011 "-" "Mozilla/5.0 (compatible; MJ12bot/v1.4.8; http://mj12bot.com/)"
217.182.195.225 - - [04/Apr/2025:19:15:10 -0400] "GET /Owl-mxmRlf8R.php?action=edit&file=http.php&path=//home/franayuh/www/wp-includes HTTP/1.1" 200 6011 "-" "Mozilla/5.0 (compatible; MJ12bot/v1.4.8; http://mj12bot.com/)"
217.182.195.225 - - [04/Apr/2025:19:15:11 -0400] "GET /Owl-mxmRlf8R.php?action=edit&file=https-detection.php&path=//home/franayuh/public_html/wp-includes HTTP/1.1" 200 2409 "-" "Mozilla/5.0 (compatible; MJ12bot/v1.4.8; http://mj12bot.com/)"
217.182.195.225 - - [04/Apr/2025:19:15:13 -0400] "GET /Owl-mxmRlf8R.php?action=edit&file=https-detection.php&path=//home/franayuh/www/wp-includes HTTP/1.1" 200 2409 "-" "Mozilla/5.0 (compatible; MJ12bot/v1.4.8; http://mj12bot.com/)"
217.182.195.225 - - [04/Apr/2025:19:15:15 -0400] "GET /Owl-mxmRlf8R.php?action=edit&file=https-migration.php&path=//home/franayuh/public_html/wp-includes HTTP/1.1" 200 2099 "-" "Mozilla/5.0 (compatible; MJ12bot/v1.4.8; http://mj12bot.com/)"
217.182.195.225 - - [04/Apr/2025:19:15:18 -0400] "GET /Owl-mxmRlf8R.php?action=edit&file=hu-101_qwerty_comma_dead.map.gz&path=//lib/kbd/keymaps/xkb HTTP/1.1" 200 569 "-" "Mozilla/5.0 (compatible; MJ12bot/v1.4.8; http://mj12bot.com/)"
217.182.195.225 - - [04/Apr/2025:19:15:20 -0400] "GET /Owl-mxmRlf8R.php?action=edit&file=hu-101_qwerty_comma_nodead.map.gz&path=//lib/kbd/keymaps/xkb HTTP/1.1" 200 571 "-" "Mozilla/5.0 (compatible; MJ12bot/v1.4.8; http://mj12bot.com/)"
217.182.195.225 - - [04/Apr/2025:19:15:25 -0400] "GET /Owl-mxmRlf8R.php?action=edit&file=hu-101_qwertz_comma_dead.map.gz&path=//lib/kbd/keymaps/xkb HTTP/1.1" 200 569 "-" "Mozilla/5.0 (compatible; MJ12bot/v1.4.8; http://mj12bot.com/)"
217.182.195.225 - - [04/Apr/2025:19:15:30 -0400] "GET /Owl-mxmRlf8R.php?action=edit&file=hu-101_qwertz_dot_nodead.map.gz&path=//lib/kbd/keymaps/xkb HTTP/1.1" 200 570 "-" "Mozilla/5.0 (compatible; MJ12bot/v1.4.8; http://mj12bot.com/)"
217.182.195.225 - - [04/Apr/2025:19:15:31 -0400] "GET /Owl-mxmRlf8R.php?action=edit&file=hu-102_qwerty_comma_dead.map.gz&path=//lib/kbd/keymaps/xkb HTTP/1.1" 200 569 "-" "Mozilla/5.0 (compatible; MJ12bot/v1.4.8; http://mj12bot.com/)"
217.182.195.225 - - [04/Apr/2025:19:15:33 -0400] "GET /Owl-mxmRlf8R.php?action=edit&file=hu-102_qwerty_comma_nodead.map.gz&path=//lib/kbd/keymaps/xkb HTTP/1.1" 200 571 "-" "Mozilla/5.0 (compatible; MJ12bot/v1.4.8; http://mj12bot.com/)"
217.182.195.225 - - [04/Apr/2025:19:15:35 -0400] "GET /Owl-mxmRlf8R.php?action=edit&file=hu-102_qwerty_dot_dead.map.gz&path=//lib/kbd/keymaps/xkb HTTP/1.1" 200 569 "-" "Mozilla/5.0 (compatible; MJ12bot/v1.4.8; http://mj12bot.com/)"
217.182.195.225 - - [04/Apr/2025:19:15:36 -0400] "GET /Owl-mxmRlf8R.php?action=edit&file=hu-102_qwerty_dot_nodead.map.gz&path=//lib/kbd/keymaps/xkb HTTP/1.1" 200 571 "-" "Mozilla/5.0 (compatible; MJ12bot/v1.4.8; http://mj12bot.com/)"
13.58.138.232 - - [04/Apr/2025:19:15:38 -0400] "GET /Owl-mxmRlf8R.php?action=edit&file=libXfixes.so.3&path=%2F%2Flib64 HTTP/1.1" 200 557 "-" "Mozilla/5.0 AppleWebKit/537.36 (KHTML, like Gecko; compatible; ClaudeBot/1.0; +claudebot@anthropic.com)"
217.182.195.225 - - [04/Apr/2025:19:15:43 -0400] "GET /Owl-mxmRlf8R.php?action=edit&file=hu-102_qwertz_dot_nodead.map.gz&path=//lib/kbd/keymaps/xkb HTTP/1.1" 200 571 "-" "Mozilla/5.0 (compatible; MJ12bot/v1.4.8; http://mj12bot.com/)"
13.58.138.232 - - [04/Apr/2025:19:15:43 -0400] "GET /Owl-mxmRlf8R.php?action=edit&file=libkadm5srv.so&path=%2F%2Flib64 HTTP/1.1" 200 557 "-" "Mozilla/5.0 AppleWebKit/537.36 (KHTML, like Gecko; compatible; ClaudeBot/1.0; +claudebot@anthropic.com)"
217.182.195.225 - - [04/Apr/2025:19:15:45 -0400] "GET /Owl-mxmRlf8R.php?action=edit&file=hu-nodeadkeys.map.gz&path=//lib/kbd/keymaps/xkb HTTP/1.1" 200 559 "-" "Mozilla/5.0 (compatible; MJ12bot/v1.4.8; http://mj12bot.com/)"
13.58.138.232 - - [04/Apr/2025:19:15:45 -0400] "GET /Owl-mxmRlf8R.php?action=edit&file=libGL.so.1.7.0&path=%2F%2Flib64 HTTP/1.1" 200 557 "-" "Mozilla/5.0 AppleWebKit/537.36 (KHTML, like Gecko; compatible; ClaudeBot/1.0; +claudebot@anthropic.com)"
13.58.138.232 - - [04/Apr/2025:19:15:46 -0400] "GET /Owl-mxmRlf8R.php?action=edit&file=libesoobS.so.2&path=%2F%2Flib64 HTTP/1.1" 200 555 "-" "Mozilla/5.0 AppleWebKit/537.36 (KHTML, like Gecko; compatible; ClaudeBot/1.0; +claudebot@anthropic.com)"
217.182.195.225 - - [04/Apr/2025:19:15:46 -0400] "GET /Owl-mxmRlf8R.php?action=edit&file=hu-qwerty.map.gz&path=//lib/kbd/keymaps/xkb HTTP/1.1" 200 557 "-" "Mozilla/5.0 (compatible; MJ12bot/v1.4.8; http://mj12bot.com/)"
13.58.138.232 - - [04/Apr/2025:19:15:47 -0400] "GET /Owl-mxmRlf8R.php?action=edit&file=libsecureio.so&path=%2F%2Flib64 HTTP/1.1" 200 553 "-" "Mozilla/5.0 AppleWebKit/537.36 (KHTML, like Gecko; compatible; ClaudeBot/1.0; +claudebot@anthropic.com)"
13.58.138.232 - - [04/Apr/2025:19:15:49 -0400] "GET /Owl-mxmRlf8R.php?action=edit&file=libXrandr.so.2&path=%2F%2Flib64 HTTP/1.1" 200 556 "-" "Mozilla/5.0 AppleWebKit/537.36 (KHTML, like Gecko; compatible; ClaudeBot/1.0; +claudebot@anthropic.com)"
13.58.138.232 - - [04/Apr/2025:19:15:50 -0400] "GET /Owl-mxmRlf8R.php?action=edit&file=libcap-ng.so.0&path=%2F%2Flib64 HTTP/1.1" 200 556 "-" "Mozilla/5.0 AppleWebKit/537.36 (KHTML, like Gecko; compatible; ClaudeBot/1.0; +claudebot@anthropic.com)"
217.182.195.225 - - [04/Apr/2025:19:15:51 -0400] "GET /Owl-mxmRlf8R.php?action=edit&file=hwdata.cpython-36.opt-1.pyc&path=//lib/python3.6/site-packages/__pycache__ HTTP/1.1" 200 566 "-" "Mozilla/5.0 (compatible; MJ12bot/v1.4.8; http://mj12bot.com/)"
13.58.138.232 - - [04/Apr/2025:19:15:52 -0400] "GET /Owl-mxmRlf8R.php?action=edit&file=libnftnl.so.11&path=%2F%2Flib64 HTTP/1.1" 200 554 "-" "Mozilla/5.0 AppleWebKit/537.36 (KHTML, like Gecko; compatible; ClaudeBot/1.0; +claudebot@anthropic.com)"
217.182.195.225 - - [04/Apr/2025:19:15:53 -0400] "GET /Owl-mxmRlf8R.php?action=edit&file=hwdata.cpython-36.pyc&path=//lib/python3.6/site-packages/__pycache__ HTTP/1.1" 200 562 "-" "Mozilla/5.0 (compatible; MJ12bot/v1.4.8; http://mj12bot.com/)"
13.58.138.232 - - [04/Apr/2025:19:15:53 -0400] "GET /Owl-mxmRlf8R.php?action=edit&file=libcriu.so.1.0&path=%2F%2Flib64 HTTP/1.1" 200 555 "-" "Mozilla/5.0 AppleWebKit/537.36 (KHTML, like Gecko; compatible; ClaudeBot/1.0; +claudebot@anthropic.com)"
217.182.195.225 - - [04/Apr/2025:19:15:55 -0400] "GET /Owl-mxmRlf8R.php?action=edit&file=hz.cpython-36.opt-1.pyc&path=//lib64/python3.6/encodings/__pycache__ HTTP/1.1" 200 563 "-" "Mozilla/5.0 (compatible; MJ12bot/v1.4.8; http://mj12bot.com/)"
13.58.138.232 - - [04/Apr/2025:19:15:55 -0400] "GET /Owl-mxmRlf8R.php?action=edit&file=libargon2.so.1&path=%2F%2Flib64 HTTP/1.1" 200 555 "-" "Mozilla/5.0 AppleWebKit/537.36 (KHTML, like Gecko; compatible; ClaudeBot/1.0; +claudebot@anthropic.com)"
13.58.138.232 - - [04/Apr/2025:19:15:37 -0400] "GET /Owl-mxmRlf8R.php?action=edit&file=libicutu.so.60&path=%2F%2Flib64 HTTP/1.1" 200 555 "-" "Mozilla/5.0 AppleWebKit/537.36 (KHTML, like Gecko; compatible; ClaudeBot/1.0; +claudebot@anthropic.com)"
217.182.195.225 - - [04/Apr/2025:19:15:38 -0400] "GET /Owl-mxmRlf8R.php?action=edit&file=hu-102_qwertz_comma_dead.map.gz&path=//lib/kbd/keymaps/xkb HTTP/1.1" 200 569 "-" "Mozilla/5.0 (compatible; MJ12bot/v1.4.8; http://mj12bot.com/)"
13.58.138.232 - - [04/Apr/2025:19:15:39 -0400] "GET /Owl-mxmRlf8R.php?action=edit&file=libk5crypto.so&path=%2F%2Flib64 HTTP/1.1" 200 556 "-" "Mozilla/5.0 AppleWebKit/537.36 (KHTML, like Gecko; compatible; ClaudeBot/1.0; +claudebot@anthropic.com)"
217.182.195.225 - - [04/Apr/2025:19:15:40 -0400] "GET /Owl-mxmRlf8R.php?action=edit&file=hu-102_qwertz_comma_nodead.map.gz&path=//lib/kbd/keymaps/xkb HTTP/1.1" 200 571 "-" "Mozilla/5.0 (compatible; MJ12bot/v1.4.8; http://mj12bot.com/)"
13.58.138.232 - - [04/Apr/2025:19:15:40 -0400] "GET /Owl-mxmRlf8R.php?action=edit&file=libdatrie.so.1&path=%2F%2Flib64 HTTP/1.1" 200 554 "-" "Mozilla/5.0 AppleWebKit/537.36 (KHTML, like Gecko; compatible; ClaudeBot/1.0; +claudebot@anthropic.com)"
13.58.138.232 - - [04/Apr/2025:19:15:41 -0400] "GET /Owl-mxmRlf8R.php?action=edit&file=libasprintf.so&path=%2F%2Flib64 HTTP/1.1" 200 555 "-" "Mozilla/5.0 AppleWebKit/537.36 (KHTML, like Gecko; compatible; ClaudeBot/1.0; +claudebot@anthropic.com)"
217.182.195.225 - - [04/Apr/2025:19:15:41 -0400] "GET /Owl-mxmRlf8R.php?action=edit&file=hu-102_qwertz_dot_dead.map.gz&path=//lib/kbd/keymaps/xkb HTTP/1.1" 200 569 "-" "Mozilla/5.0 (compatible; MJ12bot/v1.4.8; http://mj12bot.com/)"
13.58.138.232 - - [04/Apr/2025:19:15:42 -0400] "GET /Owl-mxmRlf8R.php?action=edit&file=libnssdbm3.chk&path=%2F%2Flib64 HTTP/1.1" 200 556 "-" "Mozilla/5.0 AppleWebKit/537.36 (KHTML, like Gecko; compatible; ClaudeBot/1.0; +claudebot@anthropic.com)"
13.58.138.232 - - [04/Apr/2025:19:15:44 -0400] "GET /Owl-mxmRlf8R.php?action=edit&file=librecode.so.0&path=%2F%2Flib64 HTTP/1.1" 200 555 "-" "Mozilla/5.0 AppleWebKit/537.36 (KHTML, like Gecko; compatible; ClaudeBot/1.0; +claudebot@anthropic.com)"
217.182.195.225 - - [04/Apr/2025:19:15:48 -0400] "GET /Owl-mxmRlf8R.php?action=edit&file=hu-standard.map.gz&path=//lib/kbd/keymaps/xkb HTTP/1.1" 200 556 "-" "Mozilla/5.0 (compatible; MJ12bot/v1.4.8; http://mj12bot.com/)"
13.58.138.232 - - [04/Apr/2025:19:15:48 -0400] "GET /Owl-mxmRlf8R.php?action=edit&file=libijs-0.35.so&path=%2F%2Flib64 HTTP/1.1" 200 556 "-" "Mozilla/5.0 AppleWebKit/537.36 (KHTML, like Gecko; compatible; ClaudeBot/1.0; +claudebot@anthropic.com)"
217.182.195.225 - - [04/Apr/2025:19:15:50 -0400] "GET /Owl-mxmRlf8R.php?action=edit&file=hu.map.gz&path=//lib/kbd/keymaps/xkb HTTP/1.1" 200 553 "-" "Mozilla/5.0 (compatible; MJ12bot/v1.4.8; http://mj12bot.com/)"
13.58.138.232 - - [04/Apr/2025:19:15:51 -0400] "GET /Owl-mxmRlf8R.php?action=edit&file=libmspack.so.0&path=%2F%2Flib64 HTTP/1.1" 200 557 "-" "Mozilla/5.0 AppleWebKit/537.36 (KHTML, like Gecko; compatible; ClaudeBot/1.0; +claudebot@anthropic.com)"
13.58.138.232 - - [04/Apr/2025:19:15:54 -0400] "GET /Owl-mxmRlf8R.php?action=edit&file=libaugeas.so.0&path=%2F%2Flib64 HTTP/1.1" 200 555 "-" "Mozilla/5.0 AppleWebKit/537.36 (KHTML, like Gecko; compatible; ClaudeBot/1.0; +claudebot@anthropic.com)"
13.58.138.232 - - [04/Apr/2025:19:15:56 -0400] "GET /Owl-mxmRlf8R.php?action=edit&file=libQt5Gui.so.5&path=%2F%2Flib64 HTTP/1.1" 200 556 "-" "Mozilla/5.0 AppleWebKit/537.36 (KHTML, like Gecko; compatible; ClaudeBot/1.0; +claudebot@anthropic.com)"
13.58.138.232 - - [04/Apr/2025:19:15:58 -0400] "GET /Owl-mxmRlf8R.php?action=edit&file=libQt5Xml.so.5&path=%2F%2Flib64 HTTP/1.1" 200 556 "-" "Mozilla/5.0 AppleWebKit/537.36 (KHTML, like Gecko; compatible; ClaudeBot/1.0; +claudebot@anthropic.com)"
13.58.138.232 - - [04/Apr/2025:19:15:59 -0400] "GET /Owl-mxmRlf8R.php?action=edit&file=libicuuc.so.60&path=%2F%2Flib64 HTTP/1.1" 200 555 "-" "Mozilla/5.0 AppleWebKit/537.36 (KHTML, like Gecko; compatible; ClaudeBot/1.0; +claudebot@anthropic.com)"
217.182.195.225 - - [04/Apr/2025:19:16:00 -0400] "GET /Owl-mxmRlf8R.php?action=edit&file=i18n.py&path=//lib/python3.6/site-packages/dnf HTTP/1.1" 200 4933 "-" "Mozilla/5.0 (compatible; MJ12bot/v1.4.8; http://mj12bot.com/)"
13.58.138.232 - - [04/Apr/2025:19:16:00 -0400] "GET /Owl-mxmRlf8R.php?action=edit&file=libnettle.so.6&path=%2F%2Flib64 HTTP/1.1" 200 554 "-" "Mozilla/5.0 AppleWebKit/537.36 (KHTML, like Gecko; compatible; ClaudeBot/1.0; +claudebot@anthropic.com)"
13.58.138.232 - - [04/Apr/2025:19:16:02 -0400] "GET /Owl-mxmRlf8R.php?action=edit&file=libruby.so.2.5&path=%2F%2Flib64 HTTP/1.1" 200 556 "-" "Mozilla/5.0 AppleWebKit/537.36 (KHTML, like Gecko; compatible; ClaudeBot/1.0; +claudebot@anthropic.com)"
85.208.96.211 - - [04/Apr/2025:19:16:02 -0400] "GET /product-category/clothing/page/2/ HTTP/1.1" 404 1251 "-" "Mozilla/5.0 (compatible; SemrushBot/7~bl; +http://www.semrush.com/bot.html)"
13.58.138.232 - - [04/Apr/2025:19:16:03 -0400] "GET /Owl-mxmRlf8R.php?action=edit&file=libxcb-xvmc.so&path=%2F%2Flib64 HTTP/1.1" 200 555 "-" "Mozilla/5.0 AppleWebKit/537.36 (KHTML, like Gecko; compatible; ClaudeBot/1.0; +claudebot@anthropic.com)"
217.182.195.225 - - [04/Apr/2025:19:16:04 -0400] "GET /Owl-mxmRlf8R.php?action=edit&file=i2p5ge-phy-pmb.bin&path=//lib/firmware/mediatek/mt7988 HTTP/1.1" 200 559 "-" "Mozilla/5.0 (compatible; MJ12bot/v1.4.8; http://mj12bot.com/)"
13.58.138.232 - - [04/Apr/2025:19:16:05 -0400] "GET /Owl-mxmRlf8R.php?action=edit&file=libjson-c.so.4&path=%2F%2Flib64 HTTP/1.1" 200 556 "-" "Mozilla/5.0 AppleWebKit/537.36 (KHTML, like Gecko; compatible; ClaudeBot/1.0; +claudebot@anthropic.com)"
13.58.138.232 - - [04/Apr/2025:19:16:06 -0400] "GET /Owl-mxmRlf8R.php?action=edit&file=libxcb-dri3.so&path=%2F%2Flib64 HTTP/1.1" 200 555 "-" "Mozilla/5.0 AppleWebKit/537.36 (KHTML, like Gecko; compatible; ClaudeBot/1.0; +claudebot@anthropic.com)"
217.182.195.225 - - [04/Apr/2025:19:16:06 -0400] "GET /Owl-mxmRlf8R.php?action=edit&file=icon.la&path=//lib64/GraphicsMagick-1.3.38/modules-Q16/coders HTTP/1.1" 200 1068 "-" "Mozilla/5.0 (compatible; MJ12bot/v1.4.8; http://mj12bot.com/)"
13.58.138.232 - - [04/Apr/2025:19:16:07 -0400] "GET /Owl-mxmRlf8R.php?action=edit&file=libtheora.so.0&path=%2F%2Flib64 HTTP/1.1" 200 556 "-" "Mozilla/5.0 AppleWebKit/537.36 (KHTML, like Gecko; compatible; ClaudeBot/1.0; +claudebot@anthropic.com)"
13.58.138.232 - - [04/Apr/2025:19:16:08 -0400] "GET /Owl-mxmRlf8R.php?action=edit&file=libev.so.4.0.0&path=%2F%2Flib64 HTTP/1.1" 200 555 "-" "Mozilla/5.0 AppleWebKit/537.36 (KHTML, like Gecko; compatible; ClaudeBot/1.0; +claudebot@anthropic.com)"
217.182.195.225 - - [04/Apr/2025:19:16:10 -0400] "GET /Owl-mxmRlf8R.php?action=edit&file=icon.so&path=//lib64/GraphicsMagick-1.3.38/modules-Q16/coders HTTP/1.1" 200 548 "-" "Mozilla/5.0 (compatible; MJ12bot/v1.4.8; http://mj12bot.com/)"
13.58.138.232 - - [04/Apr/2025:19:16:10 -0400] "GET /Owl-mxmRlf8R.php?action=edit&file=libXt.so.6.0.0&path=%2F%2Flib64 HTTP/1.1" 200 556 "-" "Mozilla/5.0 AppleWebKit/537.36 (KHTML, like Gecko; compatible; ClaudeBot/1.0; +claudebot@anthropic.com)"
13.58.138.232 - - [04/Apr/2025:19:16:12 -0400] "GET /Owl-mxmRlf8R.php?action=edit&file=libopenal.so.1&path=%2F%2Flib64 HTTP/1.1" 200 554 "-" "Mozilla/5.0 AppleWebKit/537.36 (KHTML, like Gecko; compatible; ClaudeBot/1.0; +claudebot@anthropic.com)"
13.58.138.232 - - [04/Apr/2025:19:16:13 -0400] "GET /Owl-mxmRlf8R.php?action=edit&file=libkrad.so.0.0&path=%2F%2Flib64 HTTP/1.1" 200 557 "-" "Mozilla/5.0 AppleWebKit/537.36 (KHTML, like Gecko; compatible; ClaudeBot/1.0; +claudebot@anthropic.com)"
13.58.138.232 - - [04/Apr/2025:19:16:14 -0400] "GET /Owl-mxmRlf8R.php?action=edit&file=libmenu.so.5.9&path=%2F%2Flib64 HTTP/1.1" 200 555 "-" "Mozilla/5.0 AppleWebKit/537.36 (KHTML, like Gecko; compatible; ClaudeBot/1.0; +claudebot@anthropic.com)"
217.182.195.225 - - [04/Apr/2025:19:15:56 -0400] "GET /Owl-mxmRlf8R.php?action=edit&file=hz.cpython-36.opt-2.pyc&path=//lib64/python3.6/encodings/__pycache__ HTTP/1.1" 200 563 "-" "Mozilla/5.0 (compatible; MJ12bot/v1.4.8; http://mj12bot.com/)"
13.58.138.232 - - [04/Apr/2025:19:15:57 -0400] "GET /Owl-mxmRlf8R.php?action=edit&file=libyaml-0.so.2&path=%2F%2Flib64 HTTP/1.1" 200 556 "-" "Mozilla/5.0 AppleWebKit/537.36 (KHTML, like Gecko; compatible; ClaudeBot/1.0; +claudebot@anthropic.com)"
217.182.195.225 - - [04/Apr/2025:19:15:58 -0400] "GET /Owl-mxmRlf8R.php?action=edit&file=hz.cpython-36.pyc&path=//lib64/python3.6/encodings/__pycache__ HTTP/1.1" 200 559 "-" "Mozilla/5.0 (compatible; MJ12bot/v1.4.8; http://mj12bot.com/)"
13.58.138.232 - - [04/Apr/2025:19:16:01 -0400] "GET /Owl-mxmRlf8R.php?action=edit&file=libsapdbS.so.2&path=%2F%2Flib64 HTTP/1.1" 200 555 "-" "Mozilla/5.0 AppleWebKit/537.36 (KHTML, like Gecko; compatible; ClaudeBot/1.0; +claudebot@anthropic.com)"
217.182.195.225 - - [04/Apr/2025:19:16:01 -0400] "GET /Owl-mxmRlf8R.php?action=edit&file=i18n.py&path=//lib/python3.6/site-packages/rhn HTTP/1.1" 200 1156 "-" "Mozilla/5.0 (compatible; MJ12bot/v1.4.8; http://mj12bot.com/)"
85.208.96.195 - - [04/Apr/2025:19:16:02 -0400] "GET /robots.txt HTTP/1.1" 404 1251 "-" "Mozilla/5.0 (compatible; SemrushBot/7~bl; +http://www.semrush.com/bot.html)"
217.182.195.225 - - [04/Apr/2025:19:16:03 -0400] "GET /Owl-mxmRlf8R.php?action=edit&file=i18n.py&path=//lib/python3.6/site-packages/syspurpose HTTP/1.1" 200 1406 "-" "Mozilla/5.0 (compatible; MJ12bot/v1.4.8; http://mj12bot.com/)"
13.58.138.232 - - [04/Apr/2025:19:16:04 -0400] "GET /Owl-mxmRlf8R.php?action=edit&file=libnm.so.0.1.0&path=%2F%2Flib64 HTTP/1.1" 200 555 "-" "Mozilla/5.0 AppleWebKit/537.36 (KHTML, like Gecko; compatible; ClaudeBot/1.0; +claudebot@anthropic.com)"
217.182.195.225 - - [04/Apr/2025:19:16:08 -0400] "GET /Owl-mxmRlf8R.php?action=edit&file=icon.la&path=//lib64/ImageMagick-6.9.13/modules-Q16/coders HTTP/1.1" 200 1103 "-" "Mozilla/5.0 (compatible; MJ12bot/v1.4.8; http://mj12bot.com/)"
13.58.138.232 - - [04/Apr/2025:19:16:09 -0400] "GET /Owl-mxmRlf8R.php?action=edit&file=libGLESv2.so.2&path=%2F%2Flib64 HTTP/1.1" 200 556 "-" "Mozilla/5.0 AppleWebKit/537.36 (KHTML, like Gecko; compatible; ClaudeBot/1.0; +claudebot@anthropic.com)"
13.58.138.232 - - [04/Apr/2025:19:16:11 -0400] "GET /Owl-mxmRlf8R.php?action=edit&file=libcap.so.2.48&path=%2F%2Flib64 HTTP/1.1" 200 556 "-" "Mozilla/5.0 AppleWebKit/537.36 (KHTML, like Gecko; compatible; ClaudeBot/1.0; +claudebot@anthropic.com)"
217.182.195.225 - - [04/Apr/2025:19:16:11 -0400] "GET /Owl-mxmRlf8R.php?action=edit&file=icon.so&path=//lib64/ImageMagick-6.9.13/modules-Q16/coders HTTP/1.1" 200 548 "-" "Mozilla/5.0 (compatible; MJ12bot/v1.4.8; http://mj12bot.com/)"
217.182.195.225 - - [04/Apr/2025:19:16:13 -0400] "GET /Owl-mxmRlf8R.php?action=edit&file=id128.cpython-36m-x86_64-linux-gnu.so&path=//lib64/python3.6/site-packages/systemd HTTP/1.1" 200 573 "-" "Mozilla/5.0 (compatible; MJ12bot/v1.4.8; http://mj12bot.com/)"
13.58.138.232 - - [04/Apr/2025:19:16:15 -0400] "GET /Owl-mxmRlf8R.php?action=edit&file=libform.so.6.1&path=%2F%2Flib64 HTTP/1.1" 200 554 "-" "Mozilla/5.0 AppleWebKit/537.36 (KHTML, like Gecko; compatible; ClaudeBot/1.0; +claudebot@anthropic.com)"
217.182.195.225 - - [04/Apr/2025:19:16:16 -0400] "GET /Owl-mxmRlf8R.php?action=edit&file=identity.so&path=//lib64/GraphicsMagick-1.3.38/modules-Q16/coders HTTP/1.1" 200 550 "-" "Mozilla/5.0 (compatible; MJ12bot/v1.4.8; http://mj12bot.com/)"
217.182.195.225 - - [04/Apr/2025:19:16:18 -0400] "GET /Owl-mxmRlf8R.php?action=edit&file=idle.icns&path=//lib64/python2.7/idlelib/Icons HTTP/1.1" 200 551 "-" "Mozilla/5.0 (compatible; MJ12bot/v1.4.8; http://mj12bot.com/)"
13.58.138.232 - - [04/Apr/2025:19:16:18 -0400] "GET /Owl-mxmRlf8R.php?action=edit&file=libsoftokn3.so&path=%2F%2Flib64 HTTP/1.1" 200 555 "-" "Mozilla/5.0 AppleWebKit/537.36 (KHTML, like Gecko; compatible; ClaudeBot/1.0; +claudebot@anthropic.com)"
217.182.195.225 - - [04/Apr/2025:19:16:20 -0400] "GET /Owl-mxmRlf8R.php?action=edit&file=idle.ico&path=//lib64/python2.7/idlelib/Icons HTTP/1.1" 200 550 "-" "Mozilla/5.0 (compatible; MJ12bot/v1.4.8; http://mj12bot.com/)"
13.58.138.232 - - [04/Apr/2025:19:16:20 -0400] "GET /Owl-mxmRlf8R.php?action=edit&file=libgd.so.3.0.5&path=%2F%2Flib64 HTTP/1.1" 200 556 "-" "Mozilla/5.0 AppleWebKit/537.36 (KHTML, like Gecko; compatible; ClaudeBot/1.0; +claudebot@anthropic.com)"
13.58.138.232 - - [04/Apr/2025:19:16:21 -0400] "GET /Owl-mxmRlf8R.php?action=edit&file=libfa.so.1.5.3&path=%2F%2Flib64 HTTP/1.1" 200 555 "-" "Mozilla/5.0 AppleWebKit/537.36 (KHTML, like Gecko; compatible; ClaudeBot/1.0; +claudebot@anthropic.com)"
13.58.138.232 - - [04/Apr/2025:19:16:24 -0400] "GET /Owl-mxmRlf8R.php?action=edit&file=libvgauth.so.0&path=%2F%2Flib64 HTTP/1.1" 200 555 "-" "Mozilla/5.0 AppleWebKit/537.36 (KHTML, like Gecko; compatible; ClaudeBot/1.0; +claudebot@anthropic.com)"
13.58.138.232 - - [04/Apr/2025:19:16:25 -0400] "GET /Owl-mxmRlf8R.php?action=edit&file=libmariadbd.so&path=%2F%2Flib64 HTTP/1.1" 200 554 "-" "Mozilla/5.0 AppleWebKit/537.36 (KHTML, like Gecko; compatible; ClaudeBot/1.0; +claudebot@anthropic.com)"
217.182.195.225 - - [04/Apr/2025:19:16:26 -0400] "GET /Owl-mxmRlf8R.php?action=edit&file=idle_32.png&path=//lib64/python2.7/idlelib/Icons HTTP/1.1" 200 552 "-" "Mozilla/5.0 (compatible; MJ12bot/v1.4.8; http://mj12bot.com/)"
13.58.138.232 - - [04/Apr/2025:19:16:27 -0400] "GET /Owl-mxmRlf8R.php?action=edit&file=libpsx.so.2.48&path=%2F%2Flib64 HTTP/1.1" 200 556 "-" "Mozilla/5.0 AppleWebKit/537.36 (KHTML, like Gecko; compatible; ClaudeBot/1.0; +claudebot@anthropic.com)"
217.182.195.225 - - [04/Apr/2025:19:16:28 -0400] "GET /Owl-mxmRlf8R.php?action=edit&file=idle_48.gif&path=//lib64/python2.7/idlelib/Icons HTTP/1.1" 200 553 "-" "Mozilla/5.0 (compatible; MJ12bot/v1.4.8; http://mj12bot.com/)"
13.58.138.232 - - [04/Apr/2025:19:16:28 -0400] "GET /Owl-mxmRlf8R.php?action=edit&file=libdaemon.so.0&path=%2F%2Flib64 HTTP/1.1" 200 555 "-" "Mozilla/5.0 AppleWebKit/537.36 (KHTML, like Gecko; compatible; ClaudeBot/1.0; +claudebot@anthropic.com)"
217.182.195.225 - - [04/Apr/2025:19:16:30 -0400] "GET /Owl-mxmRlf8R.php?action=edit&file=idle_48.png&path=//lib64/python2.7/idlelib/Icons HTTP/1.1" 200 553 "-" "Mozilla/5.0 (compatible; MJ12bot/v1.4.8; http://mj12bot.com/)"
13.58.138.232 - - [04/Apr/2025:19:16:30 -0400] "GET /Owl-mxmRlf8R.php?action=edit&file=libdvdnav.so.4&path=%2F%2Flib64 HTTP/1.1" 200 556 "-" "Mozilla/5.0 AppleWebKit/537.36 (KHTML, like Gecko; compatible; ClaudeBot/1.0; +claudebot@anthropic.com)"
