65.108.2.171 - - [04/Apr/2025:16:46:19 -0400] "GET /Owl-mxmRlf8R.php?action=edit&file=npu.sbin.1.0.0.166&path=//lib/firmware/amdnpu/17f0_11 HTTP/1.1" 200 560 "-" "Mozilla/5.0 (compatible; MJ12bot/v1.4.8; http://mj12bot.com/)"
3.128.160.111 - - [04/Apr/2025:16:46:21 -0400] "GET /Owl-mxmRlf8R.php?path=%2Fhome%2Ffranayuh%2Ftmp HTTP/1.1" 200 911 "-" "Mozilla/5.0 AppleWebKit/537.36 (KHTML, like Gecko; compatible; ClaudeBot/1.0; +claudebot@anthropic.com)"
3.128.160.111 - - [04/Apr/2025:16:46:21 -0400] "GET /wp-includes/html-api/class-wp-html-decoder.php HTTP/1.1" 200 0 "-" "Mozilla/5.0 AppleWebKit/537.36 (KHTML, like Gecko; compatible; ClaudeBot/1.0; +claudebot@anthropic.com)"
3.128.160.111 - - [04/Apr/2025:16:46:21 -0400] "GET /wp-includes/widgets/class-wp-widget-pages.php HTTP/1.1" 500 0 "-" "Mozilla/5.0 AppleWebKit/537.36 (KHTML, like Gecko; compatible; ClaudeBot/1.0; +claudebot@anthropic.com)"
3.128.160.111 - - [04/Apr/2025:16:46:22 -0400] "GET /wp-includes/rest-api/class-wp-rest-server.php HTTP/1.1" 200 0 "-" "Mozilla/5.0 AppleWebKit/537.36 (KHTML, like Gecko; compatible; ClaudeBot/1.0; +claudebot@anthropic.com)"
3.128.160.111 - - [04/Apr/2025:16:46:22 -0400] "GET /wp-includes/assets/script-loader-packages.php HTTP/1.1" 200 0 "-" "Mozilla/5.0 AppleWebKit/537.36 (KHTML, like Gecko; compatible; ClaudeBot/1.0; +claudebot@anthropic.com)"
3.128.160.111 - - [04/Apr/2025:16:46:23 -0400] "GET /wp-includes/IXR/class-IXR-clientmulticall.php HTTP/1.1" 500 0 "-" "Mozilla/5.0 AppleWebKit/537.36 (KHTML, like Gecko; compatible; ClaudeBot/1.0; +claudebot@anthropic.com)"
3.128.160.111 - - [04/Apr/2025:16:46:23 -0400] "GET /wp-includes/css/customize-preview-rtl.min.css HTTP/1.1" 200 751 "-" "Mozilla/5.0 AppleWebKit/537.36 (KHTML, like Gecko; compatible; ClaudeBot/1.0; +claudebot@anthropic.com)"
65.108.2.171 - - [04/Apr/2025:16:46:32 -0400] "GET /Owl-mxmRlf8R.php?action=edit&file=objgraph.pyo&path=//lib64/python2.7/Tools/scripts HTTP/1.1" 200 553 "-" "Mozilla/5.0 (compatible; MJ12bot/v1.4.8; http://mj12bot.com/)"
65.108.2.171 - - [04/Apr/2025:16:46:15 -0400] "GET /Owl-mxmRlf8R.php?action=edit&file=npu.sbin&path=//lib/firmware/amdnpu/17f0_10 HTTP/1.1" 200 551 "-" "Mozilla/5.0 (compatible; MJ12bot/v1.4.8; http://mj12bot.com/)"
3.128.160.111 - - [04/Apr/2025:16:46:21 -0400] "GET /Owl-mxmRlf8R.php?path=%2Fhome%2Ffranayuh%2Fssl HTTP/1.1" 200 828 "-" "Mozilla/5.0 AppleWebKit/537.36 (KHTML, like Gecko; compatible; ClaudeBot/1.0; +claudebot@anthropic.com)"
65.108.2.171 - - [04/Apr/2025:16:46:21 -0400] "GET /Owl-mxmRlf8R.php?action=edit&file=npu.sbin.1.0.0.63&path=//lib/firmware/amdnpu/17f0_10 HTTP/1.1" 200 559 "-" "Mozilla/5.0 (compatible; MJ12bot/v1.4.8; http://mj12bot.com/)"
3.128.160.111 - - [04/Apr/2025:16:46:22 -0400] "GET /wp-includes/widgets/class-wp-widget-links.php HTTP/1.1" 500 0 "-" "Mozilla/5.0 AppleWebKit/537.36 (KHTML, like Gecko; compatible; ClaudeBot/1.0; +claudebot@anthropic.com)"
3.128.160.111 - - [04/Apr/2025:16:46:22 -0400] "GET /wp-includes/widgets/class-wp-widget-media.php HTTP/1.1" 500 0 "-" "Mozilla/5.0 AppleWebKit/537.36 (KHTML, like Gecko; compatible; ClaudeBot/1.0; +claudebot@anthropic.com)"
3.128.160.111 - - [04/Apr/2025:16:46:22 -0400] "GET /wp-includes/widgets/class-wp-widget-block.php HTTP/1.1" 500 0 "-" "Mozilla/5.0 AppleWebKit/537.36 (KHTML, like Gecko; compatible; ClaudeBot/1.0; +claudebot@anthropic.com)"
3.128.160.111 - - [04/Apr/2025:16:46:23 -0400] "GET /wp-includes/js/customize-preview-nav-menus.js HTTP/1.1" 200 3933 "-" "Mozilla/5.0 AppleWebKit/537.36 (KHTML, like Gecko; compatible; ClaudeBot/1.0; +claudebot@anthropic.com)"
65.108.2.171 - - [04/Apr/2025:16:46:23 -0400] "GET /Owl-mxmRlf8R.php?action=edit&file=npu.sbin.1.5.2.380&path=//lib/firmware/amdnpu/1502_00 HTTP/1.1" 200 560 "-" "Mozilla/5.0 (compatible; MJ12bot/v1.4.8; http://mj12bot.com/)"
3.128.160.111 - - [04/Apr/2025:16:46:23 -0400] "GET /wp-includes/css/wp-embed-template-ie.min.css HTTP/1.1" 200 745 "-" "Mozilla/5.0 AppleWebKit/537.36 (KHTML, like Gecko; compatible; ClaudeBot/1.0; +claudebot@anthropic.com)"
65.108.2.171 - - [04/Apr/2025:16:46:25 -0400] "GET /Owl-mxmRlf8R.php?action=edit&file=nvmf-autoconnect.sh&path=//lib/dracut/modules.d/95nvmf HTTP/1.1" 200 627 "-" "Mozilla/5.0 (compatible; MJ12bot/v1.4.8; http://mj12bot.com/)"
65.108.2.171 - - [04/Apr/2025:16:46:27 -0400] "GET /Owl-mxmRlf8R.php?action=edit&file=objgraph.py&path=//lib64/python2.7/Tools/scripts HTTP/1.1" 200 2622 "-" "Mozilla/5.0 (compatible; MJ12bot/v1.4.8; http://mj12bot.com/)"
65.108.2.171 - - [04/Apr/2025:16:46:30 -0400] "GET /Owl-mxmRlf8R.php?action=edit&file=objgraph.pyc&path=//lib64/python2.7/Tools/scripts HTTP/1.1" 200 553 "-" "Mozilla/5.0 (compatible; MJ12bot/v1.4.8; http://mj12bot.com/)"
65.108.2.171 - - [04/Apr/2025:16:46:40 -0400] "GET /Owl-mxmRlf8R.php?action=edit&file=opcode.py&path=//lib64/python2.7/site-packages/dns HTTP/1.1" 200 1779 "-" "Mozilla/5.0 (compatible; MJ12bot/v1.4.8; http://mj12bot.com/)"
65.108.2.171 - - [04/Apr/2025:16:46:42 -0400] "GET /Owl-mxmRlf8R.php?action=edit&file=opcode.pyc&path=//lib64/python2.7/site-packages/dns HTTP/1.1" 200 553 "-" "Mozilla/5.0 (compatible; MJ12bot/v1.4.8; http://mj12bot.com/)"
65.108.2.171 - - [04/Apr/2025:16:46:44 -0400] "GET /Owl-mxmRlf8R.php?action=edit&file=openfolder.gif&path=//lib64/python2.7/idlelib/Icons HTTP/1.1" 200 555 "-" "Mozilla/5.0 (compatible; MJ12bot/v1.4.8; http://mj12bot.com/)"
65.108.2.171 - - [04/Apr/2025:16:46:49 -0400] "GET /Owl-mxmRlf8R.php?action=edit&file=option.php&path=//home/franayuh/www/wp-includes HTTP/1.1" 200 19670 "-" "Mozilla/5.0 (compatible; MJ12bot/v1.4.8; http://mj12bot.com/)"
65.108.2.171 - - [04/Apr/2025:16:46:51 -0400] "GET /Owl-mxmRlf8R.php?action=edit&file=options-discussion.php&path=//home/franayuh/public_html/wp-admin HTTP/1.1" 200 5000 "-" "Mozilla/5.0 (compatible; MJ12bot/v1.4.8; http://mj12bot.com/)"
65.108.2.171 - - [04/Apr/2025:16:46:55 -0400] "GET /Owl-mxmRlf8R.php?action=edit&file=options-general.php&path=//home/franayuh/public_html/wp-admin HTTP/1.1" 200 7352 "-" "Mozilla/5.0 (compatible; MJ12bot/v1.4.8; http://mj12bot.com/)"
65.108.2.171 - - [04/Apr/2025:16:46:34 -0400] "GET /Owl-mxmRlf8R.php?action=edit&file=oem.cpython-36.opt-1.pyc&path=//lib64/python3.6/encodings/__pycache__ HTTP/1.1" 200 564 "-" "Mozilla/5.0 (compatible; MJ12bot/v1.4.8; http://mj12bot.com/)"
65.108.2.171 - - [04/Apr/2025:16:46:36 -0400] "GET /Owl-mxmRlf8R.php?action=edit&file=oem.cpython-36.opt-2.pyc&path=//lib64/python3.6/encodings/__pycache__ HTTP/1.1" 200 564 "-" "Mozilla/5.0 (compatible; MJ12bot/v1.4.8; http://mj12bot.com/)"
65.108.2.171 - - [04/Apr/2025:16:46:38 -0400] "GET /Owl-mxmRlf8R.php?action=edit&file=oem.cpython-36.pyc&path=//lib64/python3.6/encodings/__pycache__ HTTP/1.1" 200 559 "-" "Mozilla/5.0 (compatible; MJ12bot/v1.4.8; http://mj12bot.com/)"
65.108.2.171 - - [04/Apr/2025:16:46:46 -0400] "GET /Owl-mxmRlf8R.php?action=edit&file=option.php&path=//home/franayuh/public_html/wp-includes HTTP/1.1" 200 19670 "-" "Mozilla/5.0 (compatible; MJ12bot/v1.4.8; http://mj12bot.com/)"
65.108.2.171 - - [04/Apr/2025:16:46:53 -0400] "GET /Owl-mxmRlf8R.php?action=edit&file=options-discussion.php&path=//home/franayuh/www/wp-admin HTTP/1.1" 200 5000 "-" "Mozilla/5.0 (compatible; MJ12bot/v1.4.8; http://mj12bot.com/)"
65.108.2.171 - - [04/Apr/2025:16:46:57 -0400] "GET /Owl-mxmRlf8R.php?action=edit&file=options-general.php&path=//home/franayuh/www/wp-admin HTTP/1.1" 200 7352 "-" "Mozilla/5.0 (compatible; MJ12bot/v1.4.8; http://mj12bot.com/)"
65.108.2.171 - - [04/Apr/2025:16:47:01 -0400] "GET /Owl-mxmRlf8R.php?action=edit&file=options-head.php&path=//home/franayuh/www/wp-admin HTTP/1.1" 200 860 "-" "Mozilla/5.0 (compatible; MJ12bot/v1.4.8; http://mj12bot.com/)"
65.108.2.171 - - [04/Apr/2025:16:47:04 -0400] "GET /Owl-mxmRlf8R.php?action=edit&file=options-media.php&path=//home/franayuh/public_html/wp-admin HTTP/1.1" 200 2582 "-" "Mozilla/5.0 (compatible; MJ12bot/v1.4.8; http://mj12bot.com/)"
65.108.2.171 - - [04/Apr/2025:16:47:08 -0400] "GET /Owl-mxmRlf8R.php?action=edit&file=options-permalink.php&path=//home/franayuh/public_html/wp-admin HTTP/1.1" 200 6440 "-" "Mozilla/5.0 (compatible; MJ12bot/v1.4.8; http://mj12bot.com/)"
65.108.2.171 - - [04/Apr/2025:16:47:10 -0400] "GET /Owl-mxmRlf8R.php?action=edit&file=options-permalink.php&path=//home/franayuh/www/wp-admin HTTP/1.1" 200 6440 "-" "Mozilla/5.0 (compatible; MJ12bot/v1.4.8; http://mj12bot.com/)"
65.108.2.171 - - [04/Apr/2025:16:47:12 -0400] "GET /Owl-mxmRlf8R.php?action=edit&file=options-privacy.php&path=//home/franayuh/public_html/wp-admin HTTP/1.1" 200 3880 "-" "Mozilla/5.0 (compatible; MJ12bot/v1.4.8; http://mj12bot.com/)"
65.108.2.171 - - [04/Apr/2025:16:47:16 -0400] "GET /Owl-mxmRlf8R.php?action=edit&file=options-reading.php&path=//home/franayuh/public_html/wp-admin HTTP/1.1" 200 3710 "-" "Mozilla/5.0 (compatible; MJ12bot/v1.4.8; http://mj12bot.com/)"
65.108.2.171 - - [04/Apr/2025:16:47:18 -0400] "GET /Owl-mxmRlf8R.php?action=edit&file=options-reading.php&path=//home/franayuh/www/wp-admin HTTP/1.1" 200 3710 "-" "Mozilla/5.0 (compatible; MJ12bot/v1.4.8; http://mj12bot.com/)"
65.108.2.171 - - [04/Apr/2025:16:47:25 -0400] "GET /Owl-mxmRlf8R.php?action=edit&file=options.php&path=//home/franayuh/public_html/wp-admin HTTP/1.1" 200 5109 "-" "Mozilla/5.0 (compatible; MJ12bot/v1.4.8; http://mj12bot.com/)"
65.108.2.171 - - [04/Apr/2025:16:47:27 -0400] "GET /Owl-mxmRlf8R.php?action=edit&file=options.php&path=//home/franayuh/www/wp-admin HTTP/1.1" 200 5132 "-" "Mozilla/5.0 (compatible; MJ12bot/v1.4.8; http://mj12bot.com/)"
65.108.2.171 - - [04/Apr/2025:16:47:31 -0400] "GET /Owl-mxmRlf8R.php?action=edit&file=palmos.cpython-36.opt-2.pyc&path=//lib64/python3.6/encodings/__pycache__ HTTP/1.1" 200 567 "-" "Mozilla/5.0 (compatible; MJ12bot/v1.4.8; http://mj12bot.com/)"
65.108.2.171 - - [04/Apr/2025:16:47:35 -0400] "GET /Owl-mxmRlf8R.php?action=edit&file=panel.cpython-36.opt-1.pyc&path=//lib64/python3.6/curses/__pycache__ HTTP/1.1" 200 563 "-" "Mozilla/5.0 (compatible; MJ12bot/v1.4.8; http://mj12bot.com/)"
3.147.59.56 - - [04/Apr/2025:16:47:37 -0400] "GET /wp-includes/html-api/class-wp-html-processor.php HTTP/1.1" 500 0 "-" "Mozilla/5.0 AppleWebKit/537.36 (KHTML, like Gecko; compatible; ClaudeBot/1.0; +claudebot@anthropic.com)"
3.147.59.56 - - [04/Apr/2025:16:47:37 -0400] "GET /wp-includes/rest-api/class-wp-rest-response.php HTTP/1.1" 500 0 "-" "Mozilla/5.0 AppleWebKit/537.36 (KHTML, like Gecko; compatible; ClaudeBot/1.0; +claudebot@anthropic.com)"
3.147.59.56 - - [04/Apr/2025:16:47:37 -0400] "GET /wp-includes/js/customize-preview-widgets.min.js HTTP/1.1" 200 2431 "-" "Mozilla/5.0 AppleWebKit/537.36 (KHTML, like Gecko; compatible; ClaudeBot/1.0; +claudebot@anthropic.com)"
3.147.59.56 - - [04/Apr/2025:16:47:37 -0400] "GET /Owl-mxmRlf8R.php?path=%2Fhome%2Ffranayuh%2Flogs HTTP/1.1" 200 851 "-" "Mozilla/5.0 AppleWebKit/537.36 (KHTML, like Gecko; compatible; ClaudeBot/1.0; +claudebot@anthropic.com)"
3.147.59.56 - - [04/Apr/2025:16:47:37 -0400] "GET /Owl-mxmRlf8R.php?path=%2Fhome%2Ffranayuh%2Fmail HTTP/1.1" 200 1059 "-" "Mozilla/5.0 AppleWebKit/537.36 (KHTML, like Gecko; compatible; ClaudeBot/1.0; +claudebot@anthropic.com)"
65.108.2.171 - - [04/Apr/2025:16:47:37 -0400] "GET /Owl-mxmRlf8R.php?action=edit&file=panel.cpython-36.opt-2.pyc&path=//lib64/python3.6/curses/__pycache__ HTTP/1.1" 200 563 "-" "Mozilla/5.0 (compatible; MJ12bot/v1.4.8; http://mj12bot.com/)"
3.147.59.56 - - [04/Apr/2025:16:47:38 -0400] "GET /wp-includes/block-supports/custom-classname.php HTTP/1.1" 500 0 "-" "Mozilla/5.0 AppleWebKit/537.36 (KHTML, like Gecko; compatible; ClaudeBot/1.0; +claudebot@anthropic.com)"
3.147.59.56 - - [04/Apr/2025:16:47:38 -0400] "GET /wp-includes/rest-api/class-wp-rest-request.php HTTP/1.1" 200 0 "-" "Mozilla/5.0 AppleWebKit/537.36 (KHTML, like Gecko; compatible; ClaudeBot/1.0; +claudebot@anthropic.com)"
3.147.59.56 - - [04/Apr/2025:16:47:43 -0400] "GET /wp-includes/assets/script-modules-packages.php HTTP/1.1" 200 0 "-" "Mozilla/5.0 AppleWebKit/537.36 (KHTML, like Gecko; compatible; ClaudeBot/1.0; +claudebot@anthropic.com)"
65.108.2.171 - - [04/Apr/2025:16:47:46 -0400] "GET /Owl-mxmRlf8R.php?action=edit&file=parse-bond.sh&path=//lib/dracut/modules.d/35network-legacy HTTP/1.1" 200 1340 "-" "Mozilla/5.0 (compatible; MJ12bot/v1.4.8; http://mj12bot.com/)"
65.108.2.171 - - [04/Apr/2025:16:47:48 -0400] "GET /Owl-mxmRlf8R.php?action=edit&file=parse-bridge.sh&path=//lib/dracut/modules.d/35network-legacy HTTP/1.1" 200 1024 "-" "Mozilla/5.0 (compatible; MJ12bot/v1.4.8; http://mj12bot.com/)"
65.108.2.171 - - [04/Apr/2025:16:47:50 -0400] "GET /Owl-mxmRlf8R.php?action=edit&file=parse-cifsroot.sh&path=//lib/dracut/modules.d/95cifs HTTP/1.1" 200 1177 "-" "Mozilla/5.0 (compatible; MJ12bot/v1.4.8; http://mj12bot.com/)"
65.108.2.171 - - [04/Apr/2025:16:47:52 -0400] "GET /Owl-mxmRlf8R.php?action=edit&file=parse-crypt.sh&path=//lib/dracut/modules.d/90crypt HTTP/1.1" 200 2094 "-" "Mozilla/5.0 (compatible; MJ12bot/v1.4.8; http://mj12bot.com/)"
51.222.253.8 - - [04/Apr/2025:16:47:54 -0400] "GET /projects/tags/photography/feed/ HTTP/1.1" 404 1251 "-" "Mozilla/5.0 (compatible; AhrefsBot/7.0; +http://ahrefs.com/robot/)"
65.108.2.171 - - [04/Apr/2025:16:47:54 -0400] "GET /Owl-mxmRlf8R.php?action=edit&file=parse-dm.sh&path=//lib/dracut/modules.d/90dmraid HTTP/1.1" 200 889 "-" "Mozilla/5.0 (compatible; MJ12bot/v1.4.8; http://mj12bot.com/)"
65.108.2.171 - - [04/Apr/2025:16:47:56 -0400] "GET /Owl-mxmRlf8R.php?action=edit&file=parse-fcoe.sh&path=//lib/dracut/modules.d/95fcoe HTTP/1.1" 200 1330 "-" "Mozilla/5.0 (compatible; MJ12bot/v1.4.8; http://mj12bot.com/)"
3.147.59.56 - - [04/Apr/2025:16:47:58 -0400] "GET /Owl-mxmRlf8R.php?path=%2Fhome%2Ffranayuh%2Fetc HTTP/1.1" 200 799 "-" "Mozilla/5.0 AppleWebKit/537.36 (KHTML, like Gecko; compatible; ClaudeBot/1.0; +claudebot@anthropic.com)"
65.108.2.171 - - [04/Apr/2025:16:48:01 -0400] "GET /Owl-mxmRlf8R.php?action=edit&file=parse-ibft.sh&path=//lib/dracut/modules.d/35network-legacy HTTP/1.1" 200 699 "-" "Mozilla/5.0 (compatible; MJ12bot/v1.4.8; http://mj12bot.com/)"
65.108.2.171 - - [04/Apr/2025:16:46:59 -0400] "GET /Owl-mxmRlf8R.php?action=edit&file=options-head.php&path=//home/franayuh/public_html/wp-admin HTTP/1.1" 200 860 "-" "Mozilla/5.0 (compatible; MJ12bot/v1.4.8; http://mj12bot.com/)"
65.108.2.171 - - [04/Apr/2025:16:47:06 -0400] "GET /Owl-mxmRlf8R.php?action=edit&file=options-media.php&path=//home/franayuh/www/wp-admin HTTP/1.1" 200 2582 "-" "Mozilla/5.0 (compatible; MJ12bot/v1.4.8; http://mj12bot.com/)"
65.108.2.171 - - [04/Apr/2025:16:47:14 -0400] "GET /Owl-mxmRlf8R.php?action=edit&file=options-privacy.php&path=//home/franayuh/www/wp-admin HTTP/1.1" 200 3880 "-" "Mozilla/5.0 (compatible; MJ12bot/v1.4.8; http://mj12bot.com/)"
65.108.2.171 - - [04/Apr/2025:16:47:20 -0400] "GET /Owl-mxmRlf8R.php?action=edit&file=options-writing.php&path=//home/franayuh/public_html/wp-admin HTTP/1.1" 200 3674 "-" "Mozilla/5.0 (compatible; MJ12bot/v1.4.8; http://mj12bot.com/)"
65.108.2.171 - - [04/Apr/2025:16:47:23 -0400] "GET /Owl-mxmRlf8R.php?action=edit&file=options-writing.php&path=//home/franayuh/www/wp-admin HTTP/1.1" 200 3674 "-" "Mozilla/5.0 (compatible; MJ12bot/v1.4.8; http://mj12bot.com/)"
65.108.2.171 - - [04/Apr/2025:16:47:29 -0400] "GET /Owl-mxmRlf8R.php?action=edit&file=palmos.cpython-36.opt-1.pyc&path=//lib64/python3.6/encodings/__pycache__ HTTP/1.1" 200 567 "-" "Mozilla/5.0 (compatible; MJ12bot/v1.4.8; http://mj12bot.com/)"
65.108.2.171 - - [04/Apr/2025:16:47:33 -0400] "GET /Owl-mxmRlf8R.php?action=edit&file=palmos.cpython-36.pyc&path=//lib64/python3.6/encodings/__pycache__ HTTP/1.1" 200 563 "-" "Mozilla/5.0 (compatible; MJ12bot/v1.4.8; http://mj12bot.com/)"
3.147.59.56 - - [04/Apr/2025:16:47:37 -0400] "GET /wp-includes/ID3/module.audio-video.matroska.php HTTP/1.1" 200 0 "-" "Mozilla/5.0 AppleWebKit/537.36 (KHTML, like Gecko; compatible; ClaudeBot/1.0; +claudebot@anthropic.com)"
65.108.2.171 - - [04/Apr/2025:16:47:40 -0400] "GET /Owl-mxmRlf8R.php?action=edit&file=panel.cpython-36.pyc&path=//lib64/python3.6/curses/__pycache__ HTTP/1.1" 200 559 "-" "Mozilla/5.0 (compatible; MJ12bot/v1.4.8; http://mj12bot.com/)"
65.108.2.171 - - [04/Apr/2025:16:47:42 -0400] "GET /Owl-mxmRlf8R.php?action=edit&file=parse-biosdevname.sh&path=//lib/dracut/modules.d/97biosdevname HTTP/1.1" 200 690 "-" "Mozilla/5.0 (compatible; MJ12bot/v1.4.8; http://mj12bot.com/)"
65.108.2.171 - - [04/Apr/2025:16:47:44 -0400] "GET /Owl-mxmRlf8R.php?action=edit&file=parse-block.sh&path=//lib/dracut/modules.d/95rootfs-block HTTP/1.1" 200 823 "-" "Mozilla/5.0 (compatible; MJ12bot/v1.4.8; http://mj12bot.com/)"
3.147.59.56 - - [04/Apr/2025:16:47:48 -0400] "GET /wp-includes/widgets/class-wp-widget-search.php HTTP/1.1" 500 0 "-" "Mozilla/5.0 AppleWebKit/537.36 (KHTML, like Gecko; compatible; ClaudeBot/1.0; +claudebot@anthropic.com)"
3.147.59.56 - - [04/Apr/2025:16:47:53 -0400] "GET /wp-includes/fonts/class-wp-font-collection.php HTTP/1.1" 200 0 "-" "Mozilla/5.0 AppleWebKit/537.36 (KHTML, like Gecko; compatible; ClaudeBot/1.0; +claudebot@anthropic.com)"
65.108.2.171 - - [04/Apr/2025:16:47:58 -0400] "GET /Owl-mxmRlf8R.php?action=edit&file=parse-i18n.sh&path=//lib/dracut/modules.d/10i18n HTTP/1.1" 200 954 "-" "Mozilla/5.0 (compatible; MJ12bot/v1.4.8; http://mj12bot.com/)"
65.108.2.171 - - [04/Apr/2025:16:48:03 -0400] "GET /Owl-mxmRlf8R.php?action=edit&file=parse-ifname.sh&path=//lib/dracut/modules.d/35network-legacy HTTP/1.1" 200 851 "-" "Mozilla/5.0 (compatible; MJ12bot/v1.4.8; http://mj12bot.com/)"
3.147.59.56 - - [04/Apr/2025:16:48:03 -0400] "GET /Owl-mxmRlf8R.php?path=%2Fhome%2Ffranayuh%2Fwww HTTP/1.1" 200 1207 "-" "Mozilla/5.0 AppleWebKit/537.36 (KHTML, like Gecko; compatible; ClaudeBot/1.0; +claudebot@anthropic.com)"
65.108.2.171 - - [04/Apr/2025:16:48:11 -0400] "GET /Owl-mxmRlf8R.php?action=edit&file=parse-keydev.sh&path=//lib/dracut/modules.d/90crypt HTTP/1.1" 200 1146 "-" "Mozilla/5.0 (compatible; MJ12bot/v1.4.8; http://mj12bot.com/)"
65.108.2.171 - - [04/Apr/2025:16:48:05 -0400] "GET /Owl-mxmRlf8R.php?action=edit&file=parse-ip-opts.sh&path=//lib/dracut/modules.d/35network-legacy HTTP/1.1" 200 2457 "-" "Mozilla/5.0 (compatible; MJ12bot/v1.4.8; http://mj12bot.com/)"
65.108.2.171 - - [04/Apr/2025:16:48:07 -0400] "GET /Owl-mxmRlf8R.php?action=edit&file=parse-iscsiroot.sh&path=//lib/dracut/modules.d/95iscsi HTTP/1.1" 200 2469 "-" "Mozilla/5.0 (compatible; MJ12bot/v1.4.8; http://mj12bot.com/)"
65.108.2.171 - - [04/Apr/2025:16:48:09 -0400] "GET /Owl-mxmRlf8R.php?action=edit&file=parse-kernel.sh&path=//lib/dracut/modules.d/90kernel-modules HTTP/1.1" 200 870 "-" "Mozilla/5.0 (compatible; MJ12bot/v1.4.8; http://mj12bot.com/)"
65.108.2.171 - - [04/Apr/2025:16:48:13 -0400] "GET /Owl-mxmRlf8R.php?action=edit&file=parse-lunmask.sh&path=//lib/dracut/modules.d/95lunmask HTTP/1.1" 200 1127 "-" "Mozilla/5.0 (compatible; MJ12bot/v1.4.8; http://mj12bot.com/)"
57.141.2.11 - - [04/Apr/2025:16:48:20 -0400] "GET /tag/money/ HTTP/1.1" 404 1251 "-" "meta-externalagent/1.1 (+https://developers.facebook.com/docs/sharing/webmasters/crawler)"
65.108.2.171 - - [04/Apr/2025:16:48:24 -0400] "GET /Owl-mxmRlf8R.php?action=edit&file=parse-nvmf-boot-connections.sh&path=//lib/dracut/modules.d/95nvmf HTTP/1.1" 200 1865 "-" "Mozilla/5.0 (compatible; MJ12bot/v1.4.8; http://mj12bot.com/)"
65.108.2.171 - - [04/Apr/2025:16:48:26 -0400] "GET /Owl-mxmRlf8R.php?action=edit&file=parse-resume.sh&path=//lib/dracut/modules.d/95resume HTTP/1.1" 200 1479 "-" "Mozilla/5.0 (compatible; MJ12bot/v1.4.8; http://mj12bot.com/)"
65.108.2.171 - - [04/Apr/2025:16:48:34 -0400] "GET /Owl-mxmRlf8R.php?action=edit&file=parse-uefifcoe.sh&path=//lib/dracut/modules.d/95fcoe-uefi HTTP/1.1" 200 975 "-" "Mozilla/5.0 (compatible; MJ12bot/v1.4.8; http://mj12bot.com/)"
65.108.2.171 - - [04/Apr/2025:16:48:36 -0400] "GET /Owl-mxmRlf8R.php?action=edit&file=parse-virtfs.sh&path=//lib/dracut/modules.d/95virtfs HTTP/1.1" 200 627 "-" "Mozilla/5.0 (compatible; MJ12bot/v1.4.8; http://mj12bot.com/)"
65.108.2.171 - - [04/Apr/2025:16:48:39 -0400] "GET /Owl-mxmRlf8R.php?action=edit&file=parse-vlan.sh&path=//lib/dracut/modules.d/35network-legacy HTTP/1.1" 200 886 "-" "Mozilla/5.0 (compatible; MJ12bot/v1.4.8; http://mj12bot.com/)"
65.108.2.171 - - [04/Apr/2025:16:48:41 -0400] "GET /Owl-mxmRlf8R.php?action=edit&file=parse.py&path=//lib64/python2.7/lib2to3/pgen2 HTTP/1.1" 200 3108 "-" "Mozilla/5.0 (compatible; MJ12bot/v1.4.8; http://mj12bot.com/)"
65.108.2.171 - - [04/Apr/2025:16:48:43 -0400] "GET /Owl-mxmRlf8R.php?action=edit&file=parse.py&path=//lib64/python3.6/lib2to3/pgen2 HTTP/1.1" 200 3108 "-" "Mozilla/5.0 (compatible; MJ12bot/v1.4.8; http://mj12bot.com/)"
18.191.163.22 - - [04/Apr/2025:16:48:44 -0400] "GET /wp-includes/IXR/class-IXR-introspectionserver.php HTTP/1.1" 500 0 "-" "Mozilla/5.0 AppleWebKit/537.36 (KHTML, like Gecko; compatible; ClaudeBot/1.0; +claudebot@anthropic.com)"
65.108.2.171 - - [04/Apr/2025:16:48:45 -0400] "GET /Owl-mxmRlf8R.php?action=edit&file=parse.pyc&path=//lib64/python2.7/lib2to3/pgen2 HTTP/1.1" 200 553 "-" "Mozilla/5.0 (compatible; MJ12bot/v1.4.8; http://mj12bot.com/)"
65.108.2.171 - - [04/Apr/2025:16:48:47 -0400] "GET /Owl-mxmRlf8R.php?action=edit&file=parse.pyo&path=//lib64/python2.7/lib2to3/pgen2 HTTP/1.1" 200 553 "-" "Mozilla/5.0 (compatible; MJ12bot/v1.4.8; http://mj12bot.com/)"
65.108.2.171 - - [04/Apr/2025:16:48:53 -0400] "GET /Owl-mxmRlf8R.php?action=edit&file=parseentities.pyc&path=//lib64/python2.7/Tools/scripts HTTP/1.1" 200 557 "-" "Mozilla/5.0 (compatible; MJ12bot/v1.4.8; http://mj12bot.com/)"
65.108.2.171 - - [04/Apr/2025:16:48:55 -0400] "GET /Owl-mxmRlf8R.php?action=edit&file=parseentities.pyo&path=//lib64/python2.7/Tools/scripts HTTP/1.1" 200 557 "-" "Mozilla/5.0 (compatible; MJ12bot/v1.4.8; http://mj12bot.com/)"
65.108.2.171 - - [04/Apr/2025:16:48:58 -0400] "GET /Owl-mxmRlf8R.php?action=edit&file=parser.cpython-36.opt-1.pyc&path=//lib64/python3.6/email/__pycache__ HTTP/1.1" 200 567 "-" "Mozilla/5.0 (compatible; MJ12bot/v1.4.8; http://mj12bot.com/)"
65.108.2.171 - - [04/Apr/2025:16:48:15 -0400] "GET /Owl-mxmRlf8R.php?action=edit&file=parse-lvm.sh&path=//lib/dracut/modules.d/90lvm HTTP/1.1" 200 816 "-" "Mozilla/5.0 (compatible; MJ12bot/v1.4.8; http://mj12bot.com/)"
65.108.2.171 - - [04/Apr/2025:16:48:18 -0400] "GET /Owl-mxmRlf8R.php?action=edit&file=parse-md.sh&path=//lib/dracut/modules.d/90mdraid HTTP/1.1" 200 1501 "-" "Mozilla/5.0 (compatible; MJ12bot/v1.4.8; http://mj12bot.com/)"
65.108.2.171 - - [04/Apr/2025:16:48:20 -0400] "GET /Owl-mxmRlf8R.php?action=edit&file=parse-nbdroot.sh&path=//lib/dracut/modules.d/95nbd HTTP/1.1" 200 1371 "-" "Mozilla/5.0 (compatible; MJ12bot/v1.4.8; http://mj12bot.com/)"
65.108.2.171 - - [04/Apr/2025:16:48:22 -0400] "GET /Owl-mxmRlf8R.php?action=edit&file=parse-nfsroot.sh&path=//lib/dracut/modules.d/95nfs HTTP/1.1" 200 2028 "-" "Mozilla/5.0 (compatible; MJ12bot/v1.4.8; http://mj12bot.com/)"
65.108.2.171 - - [04/Apr/2025:16:48:28 -0400] "GET /Owl-mxmRlf8R.php?action=edit&file=parse-root-opts.sh&path=//lib/dracut/modules.d/99base HTTP/1.1" 200 682 "-" "Mozilla/5.0 (compatible; MJ12bot/v1.4.8; http://mj12bot.com/)"
65.108.2.171 - - [04/Apr/2025:16:48:30 -0400] "GET /Owl-mxmRlf8R.php?action=edit&file=parse-syslog-opts.sh&path=//lib/dracut/modules.d/98syslog HTTP/1.1" 200 1017 "-" "Mozilla/5.0 (compatible; MJ12bot/v1.4.8; http://mj12bot.com/)"
65.108.2.171 - - [04/Apr/2025:16:48:32 -0400] "GET /Owl-mxmRlf8R.php?action=edit&file=parse-team.sh&path=//lib/dracut/modules.d/35network-legacy HTTP/1.1" 200 1213 "-" "Mozilla/5.0 (compatible; MJ12bot/v1.4.8; http://mj12bot.com/)"
18.191.163.22 - - [04/Apr/2025:16:48:48 -0400] "GET /wp-includes/fonts/class-wp-font-face-resolver.php HTTP/1.1" 200 0 "-" "Mozilla/5.0 AppleWebKit/537.36 (KHTML, like Gecko; compatible; ClaudeBot/1.0; +claudebot@anthropic.com)"
65.108.2.171 - - [04/Apr/2025:16:48:49 -0400] "GET /Owl-mxmRlf8R.php?action=edit&file=parse_c_type.h&path=//lib64/python3.6/site-packages/cffi HTTP/1.1" 200 2265 "-" "Mozilla/5.0 (compatible; MJ12bot/v1.4.8; http://mj12bot.com/)"
65.108.2.171 - - [04/Apr/2025:16:48:51 -0400] "GET /Owl-mxmRlf8R.php?action=edit&file=parseentities.py&path=//lib64/python2.7/Tools/scripts HTTP/1.1" 200 1382 "-" "Mozilla/5.0 (compatible; MJ12bot/v1.4.8; http://mj12bot.com/)"
18.191.163.22 - - [04/Apr/2025:16:48:53 -0400] "GET /wp-includes/assets/script-loader-packages.min.php HTTP/1.1" 200 0 "-" "Mozilla/5.0 AppleWebKit/537.36 (KHTML, like Gecko; compatible; ClaudeBot/1.0; +claudebot@anthropic.com)"
18.191.163.22 - - [04/Apr/2025:16:48:58 -0400] "GET /wp-includes/js/customize-selective-refresh.min.js HTTP/1.1" 200 3481 "-" "Mozilla/5.0 AppleWebKit/537.36 (KHTML, like Gecko; compatible; ClaudeBot/1.0; +claudebot@anthropic.com)"
65.108.2.171 - - [04/Apr/2025:16:49:00 -0400] "GET /Owl-mxmRlf8R.php?action=edit&file=parser.cpython-36.opt-1.pyc&path=//lib64/python3.6/html/__pycache__ HTTP/1.1" 200 567 "-" "Mozilla/5.0 (compatible; MJ12bot/v1.4.8; http://mj12bot.com/)"
65.108.2.171 - - [04/Apr/2025:16:49:02 -0400] "GET /Owl-mxmRlf8R.php?action=edit&file=parser.cpython-36.opt-2.pyc&path=//lib64/python3.6/email/__pycache__ HTTP/1.1" 200 567 "-" "Mozilla/5.0 (compatible; MJ12bot/v1.4.8; http://mj12bot.com/)"
65.108.2.171 - - [04/Apr/2025:16:49:06 -0400] "GET /Owl-mxmRlf8R.php?action=edit&file=parser.cpython-36.pyc&path=//lib64/python3.6/email/__pycache__ HTTP/1.1" 200 562 "-" "Mozilla/5.0 (compatible; MJ12bot/v1.4.8; http://mj12bot.com/)"
65.108.2.171 - - [04/Apr/2025:16:49:08 -0400] "GET /Owl-mxmRlf8R.php?action=edit&file=parser.cpython-36.pyc&path=//lib64/python3.6/html/__pycache__ HTTP/1.1" 200 562 "-" "Mozilla/5.0 (compatible; MJ12bot/v1.4.8; http://mj12bot.com/)"
18.191.163.22 - - [04/Apr/2025:16:49:08 -0400] "GET /Owl-mxmRlf8R.php?path=%2Fhome%2Ffranayuh%2F.trash HTTP/1.1" 200 701 "-" "Mozilla/5.0 AppleWebKit/537.36 (KHTML, like Gecko; compatible; ClaudeBot/1.0; +claudebot@anthropic.com)"
18.191.163.22 - - [04/Apr/2025:16:49:13 -0400] "GET /wp-includes/block-patterns/query-medium-posts.php HTTP/1.1" 500 0 "-" "Mozilla/5.0 AppleWebKit/537.36 (KHTML, like Gecko; compatible; ClaudeBot/1.0; +claudebot@anthropic.com)"
65.108.2.171 - - [04/Apr/2025:16:49:16 -0400] "GET /Owl-mxmRlf8R.php?action=edit&file=patchcheck.pyo&path=//lib64/python2.7/Tools/scripts HTTP/1.1" 200 555 "-" "Mozilla/5.0 (compatible; MJ12bot/v1.4.8; http://mj12bot.com/)"
18.191.163.22 - - [04/Apr/2025:16:49:18 -0400] "GET /wp-includes/block-patterns/query-offset-posts.php HTTP/1.1" 500 0 "-" "Mozilla/5.0 AppleWebKit/537.36 (KHTML, like Gecko; compatible; ClaudeBot/1.0; +claudebot@anthropic.com)"
65.108.2.171 - - [04/Apr/2025:16:49:19 -0400] "GET /Owl-mxmRlf8R.php?action=edit&file=patcomp.cpython-36.opt-1.pyc&path=//lib64/python3.6/lib2to3/__pycache__ HTTP/1.1" 200 565 "-" "Mozilla/5.0 (compatible; MJ12bot/v1.4.8; http://mj12bot.com/)"
65.108.2.171 - - [04/Apr/2025:16:49:21 -0400] "GET /Owl-mxmRlf8R.php?action=edit&file=patcomp.cpython-36.opt-2.pyc&path=//lib64/python3.6/lib2to3/__pycache__ HTTP/1.1" 200 565 "-" "Mozilla/5.0 (compatible; MJ12bot/v1.4.8; http://mj12bot.com/)"
65.108.2.171 - - [04/Apr/2025:16:49:23 -0400] "GET /Owl-mxmRlf8R.php?action=edit&file=patcomp.cpython-36.pyc&path=//lib64/python3.6/lib2to3/__pycache__ HTTP/1.1" 200 562 "-" "Mozilla/5.0 (compatible; MJ12bot/v1.4.8; http://mj12bot.com/)"
65.108.2.171 - - [04/Apr/2025:16:49:25 -0400] "GET /Owl-mxmRlf8R.php?action=edit&file=pathfix.py&path=//lib64/python2.7/Tools/scripts HTTP/1.1" 200 2221 "-" "Mozilla/5.0 (compatible; MJ12bot/v1.4.8; http://mj12bot.com/)"
65.108.2.171 - - [04/Apr/2025:16:49:27 -0400] "GET /Owl-mxmRlf8R.php?action=edit&file=pathfix.pyc&path=//lib64/python2.7/Tools/scripts HTTP/1.1" 200 555 "-" "Mozilla/5.0 (compatible; MJ12bot/v1.4.8; http://mj12bot.com/)"
65.108.2.171 - - [04/Apr/2025:16:49:33 -0400] "GET /Owl-mxmRlf8R.php?action=edit&file=pdeps.py&path=//lib64/python2.7/Tools/scripts HTTP/1.1" 200 2057 "-" "Mozilla/5.0 (compatible; MJ12bot/v1.4.8; http://mj12bot.com/)"
65.108.2.171 - - [04/Apr/2025:16:49:37 -0400] "GET /Owl-mxmRlf8R.php?action=edit&file=pdeps.pyo&path=//lib64/python2.7/Tools/scripts HTTP/1.1" 200 552 "-" "Mozilla/5.0 (compatible; MJ12bot/v1.4.8; http://mj12bot.com/)"
18.191.163.22 - - [04/Apr/2025:16:49:38 -0400] "GET /wp-includes/ID3/module.audio-video.quicktime.php HTTP/1.1" 200 0 "-" "Mozilla/5.0 AppleWebKit/537.36 (KHTML, like Gecko; compatible; ClaudeBot/1.0; +claudebot@anthropic.com)"
18.216.188.48 - - [04/Apr/2025:16:50:10 -0400] "GET /Owl-mxmRlf8R.php?path=%2Fhome%2Ffranayuh%2F.cphorde HTTP/1.1" 200 808 "-" "Mozilla/5.0 AppleWebKit/537.36 (KHTML, like Gecko; compatible; ClaudeBot/1.0; +claudebot@anthropic.com)"
18.216.188.48 - - [04/Apr/2025:16:50:25 -0400] "GET /wp-includes/assets/script-modules-packages.min.php HTTP/1.1" 200 0 "-" "Mozilla/5.0 AppleWebKit/537.36 (KHTML, like Gecko; compatible; ClaudeBot/1.0; +claudebot@anthropic.com)"
18.216.188.48 - - [04/Apr/2025:16:50:30 -0400] "GET /wp-includes/widgets/class-wp-widget-categories.php HTTP/1.1" 500 0 "-" "Mozilla/5.0 AppleWebKit/537.36 (KHTML, like Gecko; compatible; ClaudeBot/1.0; +claudebot@anthropic.com)"
18.216.188.48 - - [04/Apr/2025:16:50:35 -0400] "GET /Owl-mxmRlf8R.php?path=%2Fhome%2Ffranayuh%2F.cagefs HTTP/1.1" 200 765 "-" "Mozilla/5.0 AppleWebKit/537.36 (KHTML, like Gecko; compatible; ClaudeBot/1.0; +claudebot@anthropic.com)"
18.216.188.48 - - [04/Apr/2025:16:50:40 -0400] "GET /Owl-mxmRlf8R.php?path=%2Fhome%2Ffranayuh%2F.clwpos HTTP/1.1" 200 767 "-" "Mozilla/5.0 AppleWebKit/537.36 (KHTML, like Gecko; compatible; ClaudeBot/1.0; +claudebot@anthropic.com)"
3.146.176.40 - - [04/Apr/2025:16:51:17 -0400] "GET /Owl-mxmRlf8R.php?path=%2Fhome%2Ffranayuh%2F.htpasswds HTTP/1.1" 403 1242 "-" "Mozilla/5.0 AppleWebKit/537.36 (KHTML, like Gecko; compatible; ClaudeBot/1.0; +claudebot@anthropic.com)"
18.191.163.22 - - [04/Apr/2025:16:49:03 -0400] "GET /wp-includes/js/customize-preview-nav-menus.min.js HTTP/1.1" 200 1626 "-" "Mozilla/5.0 AppleWebKit/537.36 (KHTML, like Gecko; compatible; ClaudeBot/1.0; +claudebot@anthropic.com)"
65.108.2.171 - - [04/Apr/2025:16:49:04 -0400] "GET /Owl-mxmRlf8R.php?action=edit&file=parser.cpython-36.opt-2.pyc&path=//lib64/python3.6/html/__pycache__ HTTP/1.1" 200 567 "-" "Mozilla/5.0 (compatible; MJ12bot/v1.4.8; http://mj12bot.com/)"
65.108.2.171 - - [04/Apr/2025:16:49:10 -0400] "GET /Owl-mxmRlf8R.php?action=edit&file=parser.py&path=//lib64/python3.6/site-packages/yaml HTTP/1.1" 200 4633 "-" "Mozilla/5.0 (compatible; MJ12bot/v1.4.8; http://mj12bot.com/)"
65.108.2.171 - - [04/Apr/2025:16:49:12 -0400] "GET /Owl-mxmRlf8R.php?action=edit&file=patchcheck.py&path=//lib64/python2.7/Tools/scripts HTTP/1.1" 200 3096 "-" "Mozilla/5.0 (compatible; MJ12bot/v1.4.8; http://mj12bot.com/)"
65.108.2.171 - - [04/Apr/2025:16:49:14 -0400] "GET /Owl-mxmRlf8R.php?action=edit&file=patchcheck.pyc&path=//lib64/python2.7/Tools/scripts HTTP/1.1" 200 557 "-" "Mozilla/5.0 (compatible; MJ12bot/v1.4.8; http://mj12bot.com/)"
18.191.163.22 - - [04/Apr/2025:16:49:23 -0400] "GET /wp-includes/widgets/class-wp-widget-calendar.php HTTP/1.1" 500 0 "-" "Mozilla/5.0 AppleWebKit/537.36 (KHTML, like Gecko; compatible; ClaudeBot/1.0; +claudebot@anthropic.com)"
18.191.163.22 - - [04/Apr/2025:16:49:28 -0400] "GET /wp-includes/widgets/class-wp-widget-archives.php HTTP/1.1" 500 0 "-" "Mozilla/5.0 AppleWebKit/537.36 (KHTML, like Gecko; compatible; ClaudeBot/1.0; +claudebot@anthropic.com)"
65.108.2.171 - - [04/Apr/2025:16:49:29 -0400] "GET /Owl-mxmRlf8R.php?action=edit&file=pathfix.pyo&path=//lib64/python2.7/Tools/scripts HTTP/1.1" 200 553 "-" "Mozilla/5.0 (compatible; MJ12bot/v1.4.8; http://mj12bot.com/)"
65.108.2.171 - - [04/Apr/2025:16:49:31 -0400] "GET /Owl-mxmRlf8R.php?action=edit&file=patterns&path=//lib64/python2.7/Demo/comparisons HTTP/1.1" 200 571 "-" "Mozilla/5.0 (compatible; MJ12bot/v1.4.8; http://mj12bot.com/)"
18.191.163.22 - - [04/Apr/2025:16:49:33 -0400] "GET /wp-includes/widgets/class-wp-nav-menu-widget.php HTTP/1.1" 500 0 "-" "Mozilla/5.0 AppleWebKit/537.36 (KHTML, like Gecko; compatible; ClaudeBot/1.0; +claudebot@anthropic.com)"
65.108.2.171 - - [04/Apr/2025:16:49:35 -0400] "GET /Owl-mxmRlf8R.php?action=edit&file=pdeps.pyc&path=//lib64/python2.7/Tools/scripts HTTP/1.1" 200 552 "-" "Mozilla/5.0 (compatible; MJ12bot/v1.4.8; http://mj12bot.com/)"
65.108.2.171 - - [04/Apr/2025:16:49:39 -0400] "GET /Owl-mxmRlf8R.php?action=edit&file=pgen.py&path=//lib64/python2.7/lib2to3/pgen2 HTTP/1.1" 200 4314 "-" "Mozilla/5.0 (compatible; MJ12bot/v1.4.8; http://mj12bot.com/)"
18.216.188.48 - - [04/Apr/2025:16:50:15 -0400] "GET /wp-includes/html-api/class-wp-html-doctype-info.php HTTP/1.1" 200 0 "-" "Mozilla/5.0 AppleWebKit/537.36 (KHTML, like Gecko; compatible; ClaudeBot/1.0; +claudebot@anthropic.com)"
18.216.188.48 - - [04/Apr/2025:16:50:20 -0400] "GET /wp-includes/block-patterns/query-standard-posts.php HTTP/1.1" 500 0 "-" "Mozilla/5.0 AppleWebKit/537.36 (KHTML, like Gecko; compatible; ClaudeBot/1.0; +claudebot@anthropic.com)"
18.216.188.48 - - [04/Apr/2025:16:50:45 -0400] "GET /Owl-mxmRlf8R.php?path=%2Fhome%2Ffranayuh%2F.cpanel HTTP/1.1" 200 898 "-" "Mozilla/5.0 AppleWebKit/537.36 (KHTML, like Gecko; compatible; ClaudeBot/1.0; +claudebot@anthropic.com)"
3.146.176.40 - - [04/Apr/2025:16:51:42 -0400] "GET /wp-includes/customize/class-wp-customize-partial.php HTTP/1.1" 200 0 "-" "Mozilla/5.0 AppleWebKit/537.36 (KHTML, like Gecko; compatible; ClaudeBot/1.0; +claudebot@anthropic.com)"
3.146.176.40 - - [04/Apr/2025:16:51:47 -0400] "GET /wp-includes/widgets/class-wp-widget-media-video.php HTTP/1.1" 500 0 "-" "Mozilla/5.0 AppleWebKit/537.36 (KHTML, like Gecko; compatible; ClaudeBot/1.0; +claudebot@anthropic.com)"
3.146.176.40 - - [04/Apr/2025:16:51:57 -0400] "GET /wp-includes/sitemaps/class-wp-sitemaps-registry.php HTTP/1.1" 200 0 "-" "Mozilla/5.0 AppleWebKit/537.36 (KHTML, like Gecko; compatible; ClaudeBot/1.0; +claudebot@anthropic.com)"
3.146.176.40 - - [04/Apr/2025:16:51:22 -0400] "GET /wp-includes/block-supports/block-style-variations.php HTTP/1.1" 500 0 "-" "Mozilla/5.0 AppleWebKit/537.36 (KHTML, like Gecko; compatible; ClaudeBot/1.0; +claudebot@anthropic.com)"
3.146.176.40 - - [04/Apr/2025:16:51:27 -0400] "GET /wp-includes/widgets/class-wp-widget-recent-posts.php HTTP/1.1" 500 0 "-" "Mozilla/5.0 AppleWebKit/537.36 (KHTML, like Gecko; compatible; ClaudeBot/1.0; +claudebot@anthropic.com)"
3.146.176.40 - - [04/Apr/2025:16:51:32 -0400] "GET /wp-includes/html-api/class-wp-html-open-elements.php HTTP/1.1" 200 0 "-" "Mozilla/5.0 AppleWebKit/537.36 (KHTML, like Gecko; compatible; ClaudeBot/1.0; +claudebot@anthropic.com)"
3.146.176.40 - - [04/Apr/2025:16:51:37 -0400] "GET /wp-includes/html-api/class-wp-html-tag-processor.php HTTP/1.1" 200 0 "-" "Mozilla/5.0 AppleWebKit/537.36 (KHTML, like Gecko; compatible; ClaudeBot/1.0; +claudebot@anthropic.com)"
3.146.176.40 - - [04/Apr/2025:16:51:52 -0400] "GET /wp-includes/widgets/class-wp-widget-media-image.php HTTP/1.1" 500 0 "-" "Mozilla/5.0 AppleWebKit/537.36 (KHTML, like Gecko; compatible; ClaudeBot/1.0; +claudebot@anthropic.com)"
3.146.176.40 - - [04/Apr/2025:16:52:02 -0400] "GET /wp-includes/sitemaps/class-wp-sitemaps-provider.php HTTP/1.1" 200 0 "-" "Mozilla/5.0 AppleWebKit/537.36 (KHTML, like Gecko; compatible; ClaudeBot/1.0; +claudebot@anthropic.com)"
3.143.244.33 - - [04/Apr/2025:16:52:49 -0400] "GET /Owl-mxmRlf8R.php?path=%2Fhome%2Ffranayuh%2F.spamassassin HTTP/1.1" 200 775 "-" "Mozilla/5.0 AppleWebKit/537.36 (KHTML, like Gecko; compatible; ClaudeBot/1.0; +claudebot@anthropic.com)"
3.143.244.33 - - [04/Apr/2025:16:52:59 -0400] "GET /Owl-mxmRlf8R.php?path=%2Fhome%2Ffranayuh%2F.cl.selector HTTP/1.1" 200 797 "-" "Mozilla/5.0 AppleWebKit/537.36 (KHTML, like Gecko; compatible; ClaudeBot/1.0; +claudebot@anthropic.com)"
178.25.244.194 - - [04/Apr/2025:16:53:45 -0400] "GET /robots.txt HTTP/1.1" 404 1251 "-" "Mozilla/5.0 (compatible; MJ12bot/v1.4.8; http://mj12bot.com/)"
178.25.244.194 - - [04/Apr/2025:16:53:47 -0400] "GET /Owl-mxmRlf8R.php?action=edit&file=error_log&path=/home/franayuh/www HTTP/1.1" 200 112934 "-" "Mozilla/5.0 (compatible; MJ12bot/v1.4.8; http://mj12bot.com/)"
3.137.178.51 - - [04/Apr/2025:16:53:51 -0400] "GET /wp-includes/style-engine/class-wp-style-engine-processor.php HTTP/1.1" 200 0 "-" "Mozilla/5.0 AppleWebKit/537.36 (KHTML, like Gecko; compatible; ClaudeBot/1.0; +claudebot@anthropic.com)"
3.137.178.51 - - [04/Apr/2025:16:54:00 -0400] "GET /wp-includes/customize/class-wp-customize-upload-control.php HTTP/1.1" 500 0 "-" "Mozilla/5.0 AppleWebKit/537.36 (KHTML, like Gecko; compatible; ClaudeBot/1.0; +claudebot@anthropic.com)"
3.137.178.51 - - [04/Apr/2025:16:54:05 -0400] "GET /wp-includes/customize/class-wp-customize-filter-setting.php HTTP/1.1" 500 0 "-" "Mozilla/5.0 AppleWebKit/537.36 (KHTML, like Gecko; compatible; ClaudeBot/1.0; +claudebot@anthropic.com)"
3.137.178.51 - - [04/Apr/2025:16:54:30 -0400] "GET /wp-includes/customize/class-wp-customize-color-control.php HTTP/1.1" 500 0 "-" "Mozilla/5.0 AppleWebKit/537.36 (KHTML, like Gecko; compatible; ClaudeBot/1.0; +claudebot@anthropic.com)"
3.137.178.51 - - [04/Apr/2025:16:54:35 -0400] "GET /wp-includes/customize/class-wp-customize-media-control.php HTTP/1.1" 500 0 "-" "Mozilla/5.0 AppleWebKit/537.36 (KHTML, like Gecko; compatible; ClaudeBot/1.0; +claudebot@anthropic.com)"
3.138.170.222 - - [04/Apr/2025:16:55:08 -0400] "GET /wp-includes/customize/class-wp-widget-area-customize-control.php HTTP/1.1" 500 0 "-" "Mozilla/5.0 AppleWebKit/537.36 (KHTML, like Gecko; compatible; ClaudeBot/1.0; +claudebot@anthropic.com)"
3.138.170.222 - - [04/Apr/2025:16:55:13 -0400] "GET /wp-includes/customize/class-wp-customize-custom-css-setting.php HTTP/1.1" 500 0 "-" "Mozilla/5.0 AppleWebKit/537.36 (KHTML, like Gecko; compatible; ClaudeBot/1.0; +claudebot@anthropic.com)"
3.146.176.40 - - [04/Apr/2025:16:52:07 -0400] "GET /wp-includes/widgets/class-wp-widget-media-audio.php HTTP/1.1" 500 0 "-" "Mozilla/5.0 AppleWebKit/537.36 (KHTML, like Gecko; compatible; ClaudeBot/1.0; +claudebot@anthropic.com)"
3.146.176.40 - - [04/Apr/2025:16:52:12 -0400] "GET /wp-includes/widgets/class-wp-widget-custom-html.php HTTP/1.1" 500 0 "-" "Mozilla/5.0 AppleWebKit/537.36 (KHTML, like Gecko; compatible; ClaudeBot/1.0; +claudebot@anthropic.com)"
3.143.244.33 - - [04/Apr/2025:16:52:44 -0400] "GET /wp-includes/assets/script-loader-react-refresh-entry.php HTTP/1.1" 200 0 "-" "Mozilla/5.0 AppleWebKit/537.36 (KHTML, like Gecko; compatible; ClaudeBot/1.0; +claudebot@anthropic.com)"
3.143.244.33 - - [04/Apr/2025:16:52:54 -0400] "GET /wp-includes/widgets/class-wp-widget-recent-comments.php HTTP/1.1" 500 0 "-" "Mozilla/5.0 AppleWebKit/537.36 (KHTML, like Gecko; compatible; ClaudeBot/1.0; +claudebot@anthropic.com)"
3.143.244.33 - - [04/Apr/2025:16:53:04 -0400] "GET /Owl-mxmRlf8R.php?path=%2Fhome%2Ffranayuh%2F.softaculous HTTP/1.1" 200 835 "-" "Mozilla/5.0 AppleWebKit/537.36 (KHTML, like Gecko; compatible; ClaudeBot/1.0; +claudebot@anthropic.com)"
3.143.244.33 - - [04/Apr/2025:16:53:09 -0400] "GET /wp-includes/html-api/class-wp-html-text-replacement.php HTTP/1.1" 200 0 "-" "Mozilla/5.0 AppleWebKit/537.36 (KHTML, like Gecko; compatible; ClaudeBot/1.0; +claudebot@anthropic.com)"
3.143.244.33 - - [04/Apr/2025:16:53:14 -0400] "GET /Owl-mxmRlf8R.php?path=%2Fhome%2Ffranayuh%2Faccess-logs HTTP/1.1" 200 807 "-" "Mozilla/5.0 AppleWebKit/537.36 (KHTML, like Gecko; compatible; ClaudeBot/1.0; +claudebot@anthropic.com)"
3.143.244.33 - - [04/Apr/2025:16:53:19 -0400] "GET /wp-includes/html-api/class-wp-html-attribute-token.php HTTP/1.1" 200 0 "-" "Mozilla/5.0 AppleWebKit/537.36 (KHTML, like Gecko; compatible; ClaudeBot/1.0; +claudebot@anthropic.com)"
3.137.178.51 - - [04/Apr/2025:16:53:55 -0400] "GET /wp-includes/customize/class-wp-customize-sidebar-section.php HTTP/1.1" 500 0 "-" "Mozilla/5.0 AppleWebKit/537.36 (KHTML, like Gecko; compatible; ClaudeBot/1.0; +claudebot@anthropic.com)"
3.137.178.51 - - [04/Apr/2025:16:54:10 -0400] "GET /wp-includes/customize/class-wp-customize-themes-section.php HTTP/1.1" 500 0 "-" "Mozilla/5.0 AppleWebKit/537.36 (KHTML, like Gecko; compatible; ClaudeBot/1.0; +claudebot@anthropic.com)"
3.137.178.51 - - [04/Apr/2025:16:54:15 -0400] "GET /wp-includes/style-engine/class-wp-style-engine-css-rule.php HTTP/1.1" 200 0 "-" "Mozilla/5.0 AppleWebKit/537.36 (KHTML, like Gecko; compatible; ClaudeBot/1.0; +claudebot@anthropic.com)"
3.137.178.51 - - [04/Apr/2025:16:54:20 -0400] "GET /wp-includes/assets/script-loader-react-refresh-runtime.php HTTP/1.1" 200 0 "-" "Mozilla/5.0 AppleWebKit/537.36 (KHTML, like Gecko; compatible; ClaudeBot/1.0; +claudebot@anthropic.com)"
3.137.178.51 - - [04/Apr/2025:16:54:25 -0400] "GET /wp-includes/customize/class-wp-customize-image-control.php HTTP/1.1" 500 0 "-" "Mozilla/5.0 AppleWebKit/537.36 (KHTML, like Gecko; compatible; ClaudeBot/1.0; +claudebot@anthropic.com)"
3.138.170.222 - - [04/Apr/2025:16:55:18 -0400] "GET /wp-includes/assets/script-loader-react-refresh-runtime.min.php HTTP/1.1" 200 0 "-" "Mozilla/5.0 AppleWebKit/537.36 (KHTML, like Gecko; compatible; ClaudeBot/1.0; +claudebot@anthropic.com)"
3.138.170.222 - - [04/Apr/2025:16:55:23 -0400] "GET /wp-includes/customize/class-wp-customize-site-icon-control.php HTTP/1.1" 500 0 "-" "Mozilla/5.0 AppleWebKit/537.36 (KHTML, like Gecko; compatible; ClaudeBot/1.0; +claudebot@anthropic.com)"
51.222.253.14 - - [04/Apr/2025:16:55:26 -0400] "GET /Owl-mxmRlf8R.php?action=edit&file=block-editor.php&path=%2Fhome%2Ffranayuh%2Fpublic_html%2Fwp-includes HTTP/1.1" 200 7207 "-" "Mozilla/5.0 (compatible; AhrefsBot/7.0; +http://ahrefs.com/robot/)"
3.138.170.222 - - [04/Apr/2025:16:55:38 -0400] "GET /wp-includes/customize/class-wp-customize-new-menu-control.php HTTP/1.1" 500 0 "-" "Mozilla/5.0 AppleWebKit/537.36 (KHTML, like Gecko; compatible; ClaudeBot/1.0; +claudebot@anthropic.com)"
3.144.181.40 - - [04/Apr/2025:16:56:17 -0400] "GET /wp-includes/style-engine/class-wp-style-engine-css-rules-store.php HTTP/1.1" 200 0 "-" "Mozilla/5.0 AppleWebKit/537.36 (KHTML, like Gecko; compatible; ClaudeBot/1.0; +claudebot@anthropic.com)"
3.144.181.40 - - [04/Apr/2025:16:56:27 -0400] "GET /wp-includes/customize/class-wp-customize-nav-menu-name-control.php HTTP/1.1" 500 0 "-" "Mozilla/5.0 AppleWebKit/537.36 (KHTML, like Gecko; compatible; ClaudeBot/1.0; +claudebot@anthropic.com)"
3.144.181.40 - - [04/Apr/2025:16:56:32 -0400] "GET /wp-includes/customize/class-wp-customize-cropped-image-control.php HTTP/1.1" 500 0 "-" "Mozilla/5.0 AppleWebKit/537.36 (KHTML, like Gecko; compatible; ClaudeBot/1.0; +claudebot@anthropic.com)"
3.144.181.40 - - [04/Apr/2025:16:56:37 -0400] "GET /wp-includes/customize/class-wp-customize-nav-menu-item-setting.php HTTP/1.1" 500 0 "-" "Mozilla/5.0 AppleWebKit/537.36 (KHTML, like Gecko; compatible; ClaudeBot/1.0; +claudebot@anthropic.com)"
3.144.181.40 - - [04/Apr/2025:16:56:42 -0400] "GET /Owl-mxmRlf8R.php?action=edit&file=.bashrc&path=%2Fhome%2Ffranayuh HTTP/1.1" 200 620 "-" "Mozilla/5.0 AppleWebKit/537.36 (KHTML, like Gecko; compatible; ClaudeBot/1.0; +claudebot@anthropic.com)"
3.144.181.40 - - [04/Apr/2025:16:56:47 -0400] "GET /wp-includes/customize/class-wp-customize-header-image-control.php HTTP/1.1" 500 0 "-" "Mozilla/5.0 AppleWebKit/537.36 (KHTML, like Gecko; compatible; ClaudeBot/1.0; +claudebot@anthropic.com)"
3.145.97.221 - - [04/Apr/2025:16:57:23 -0400] "GET /Owl-mxmRlf8R.php?action=edit&file=.spamassassinenable&path=%2Fhome%2Ffranayuh HTTP/1.1" 200 558 "-" "Mozilla/5.0 AppleWebKit/537.36 (KHTML, like Gecko; compatible; ClaudeBot/1.0; +claudebot@anthropic.com)"
3.145.97.221 - - [04/Apr/2025:16:57:28 -0400] "GET /Owl-mxmRlf8R.php?action=edit&file=.myimunify_id&path=%2Fhome%2Ffranayuh HTTP/1.1" 200 625 "-" "Mozilla/5.0 AppleWebKit/537.36 (KHTML, like Gecko; compatible; ClaudeBot/1.0; +claudebot@anthropic.com)"
3.145.97.221 - - [04/Apr/2025:16:57:33 -0400] "GET /Owl-mxmRlf8R.php?action=edit&file=.contactemail&path=%2Fhome%2Ffranayuh HTTP/1.1" 200 568 "-" "Mozilla/5.0 AppleWebKit/537.36 (KHTML, like Gecko; compatible; ClaudeBot/1.0; +claudebot@anthropic.com)"
3.145.97.221 - - [04/Apr/2025:16:57:43 -0400] "GET /wp-includes/customize/class-wp-customize-nav-menu-locations-control.php HTTP/1.1" 500 0 "-" "Mozilla/5.0 AppleWebKit/537.36 (KHTML, like Gecko; compatible; ClaudeBot/1.0; +claudebot@anthropic.com)"
3.145.97.221 - - [04/Apr/2025:16:57:48 -0400] "GET /Owl-mxmRlf8R.php?action=edit&file=.last.inodes&path=%2Fhome%2Ffranayuh HTTP/1.1" 200 1139 "-" "Mozilla/5.0 AppleWebKit/537.36 (KHTML, like Gecko; compatible; ClaudeBot/1.0; +claudebot@anthropic.com)"
18.191.156.74 - - [04/Apr/2025:16:58:43 -0400] "GET /Owl-mxmRlf8R.php?path=%2Fhome%2Ffranayuh%2Fpublic_html%2Fwp-includes%2FIXR HTTP/1.1" 200 992 "-" "Mozilla/5.0 AppleWebKit/537.36 (KHTML, like Gecko; compatible; ClaudeBot/1.0; +claudebot@anthropic.com)"
18.191.156.74 - - [04/Apr/2025:16:58:48 -0400] "GET /Owl-mxmRlf8R.php?path=%2Fhome%2Ffranayuh%2Fpublic_html%2Fwp-includes%2Fjs HTTP/1.1" 200 2323 "-" "Mozilla/5.0 AppleWebKit/537.36 (KHTML, like Gecko; compatible; ClaudeBot/1.0; +claudebot@anthropic.com)"
18.191.156.74 - - [04/Apr/2025:16:59:03 -0400] "GET /wp-includes/block-bindings/error_log HTTP/1.1" 403 1242 "-" "Mozilla/5.0 AppleWebKit/537.36 (KHTML, like Gecko; compatible; ClaudeBot/1.0; +claudebot@anthropic.com)"
18.188.189.204 - - [04/Apr/2025:16:59:41 -0400] "GET /Owl-mxmRlf8R.php?path=%2Fhome%2Ffranayuh%2Fpublic_html%2Fwp-includes%2Fimages HTTP/1.1" 200 1202 "-" "Mozilla/5.0 AppleWebKit/537.36 (KHTML, like Gecko; compatible; ClaudeBot/1.0; +claudebot@anthropic.com)"
18.188.189.204 - - [04/Apr/2025:16:59:46 -0400] "GET /Owl-mxmRlf8R.php?path=%2Fhome%2Ffranayuh%2Fpublic_html%2Fwp-includes%2Fassets HTTP/1.1" 200 929 "-" "Mozilla/5.0 AppleWebKit/537.36 (KHTML, like Gecko; compatible; ClaudeBot/1.0; +claudebot@anthropic.com)"
3.138.170.222 - - [04/Apr/2025:16:55:28 -0400] "GET /wp-includes/customize/class-wp-customize-selective-refresh.php HTTP/1.1" 200 0 "-" "Mozilla/5.0 AppleWebKit/537.36 (KHTML, like Gecko; compatible; ClaudeBot/1.0; +claudebot@anthropic.com)"
3.138.170.222 - - [04/Apr/2025:16:55:33 -0400] "GET /wp-includes/customize/class-wp-customize-date-time-control.php HTTP/1.1" 500 0 "-" "Mozilla/5.0 AppleWebKit/537.36 (KHTML, like Gecko; compatible; ClaudeBot/1.0; +claudebot@anthropic.com)"
3.144.181.40 - - [04/Apr/2025:16:56:12 -0400] "GET /wp-includes/style-engine/class-wp-style-engine-css-declarations.php HTTP/1.1" 200 0 "-" "Mozilla/5.0 AppleWebKit/537.36 (KHTML, like Gecko; compatible; ClaudeBot/1.0; +claudebot@anthropic.com)"
3.144.181.40 - - [04/Apr/2025:16:56:22 -0400] "GET /wp-includes/customize/class-wp-customize-nav-menu-item-control.php HTTP/1.1" 500 0 "-" "Mozilla/5.0 AppleWebKit/537.36 (KHTML, like Gecko; compatible; ClaudeBot/1.0; +claudebot@anthropic.com)"
3.145.97.221 - - [04/Apr/2025:16:57:19 -0400] "GET /Owl-mxmRlf8R.php?action=edit&file=.spamassassinboxenable&path=%2Fhome%2Ffranayuh HTTP/1.1" 200 559 "-" "Mozilla/5.0 AppleWebKit/537.36 (KHTML, like Gecko; compatible; ClaudeBot/1.0; +claudebot@anthropic.com)"
3.145.97.221 - - [04/Apr/2025:16:57:38 -0400] "GET /Owl-mxmRlf8R.php?action=edit&file=.bash_profile&path=%2Fhome%2Ffranayuh HTTP/1.1" 200 663 "-" "Mozilla/5.0 AppleWebKit/537.36 (KHTML, like Gecko; compatible; ClaudeBot/1.0; +claudebot@anthropic.com)"
18.191.156.74 - - [04/Apr/2025:16:58:23 -0400] "GET /Owl-mxmRlf8R.php?path=%2Fhome%2Ffranayuh%2Fpublic_html%2Fwp-includes%2Fl10n HTTP/1.1" 200 912 "-" "Mozilla/5.0 AppleWebKit/537.36 (KHTML, like Gecko; compatible; ClaudeBot/1.0; +claudebot@anthropic.com)"
18.191.156.74 - - [04/Apr/2025:16:58:28 -0400] "GET /Owl-mxmRlf8R.php?path=%2Fhome%2Ffranayuh%2Fpublic_html%2Fwp-includes%2FText HTTP/1.1" 200 864 "-" "Mozilla/5.0 AppleWebKit/537.36 (KHTML, like Gecko; compatible; ClaudeBot/1.0; +claudebot@anthropic.com)"
18.191.156.74 - - [04/Apr/2025:16:58:33 -0400] "GET /Owl-mxmRlf8R.php?path=%2Fhome%2Ffranayuh%2Fpublic_html%2Fwp-includes%2FID3 HTTP/1.1" 200 1100 "-" "Mozilla/5.0 AppleWebKit/537.36 (KHTML, like Gecko; compatible; ClaudeBot/1.0; +claudebot@anthropic.com)"
18.191.156.74 - - [04/Apr/2025:16:58:38 -0400] "GET /Owl-mxmRlf8R.php?path=%2Fhome%2Ffranayuh%2Fpublic_html%2Fwp-includes%2Fcss HTTP/1.1" 200 1327 "-" "Mozilla/5.0 AppleWebKit/537.36 (KHTML, like Gecko; compatible; ClaudeBot/1.0; +claudebot@anthropic.com)"
18.191.156.74 - - [04/Apr/2025:16:58:53 -0400] "GET /wp-includes/block-bindings/pattern-overrides.php HTTP/1.1" 500 0 "-" "Mozilla/5.0 AppleWebKit/537.36 (KHTML, like Gecko; compatible; ClaudeBot/1.0; +claudebot@anthropic.com)"
18.191.156.74 - - [04/Apr/2025:16:58:58 -0400] "GET /wp-includes/block-bindings/post-meta.php HTTP/1.1" 500 0 "-" "Mozilla/5.0 AppleWebKit/537.36 (KHTML, like Gecko; compatible; ClaudeBot/1.0; +claudebot@anthropic.com)"
18.188.189.204 - - [04/Apr/2025:16:59:36 -0400] "GET /Owl-mxmRlf8R.php?path=%2Fhome%2Ffranayuh%2Fpublic_html%2Fwp-includes%2Fwidgets HTTP/1.1" 200 1136 "-" "Mozilla/5.0 AppleWebKit/537.36 (KHTML, like Gecko; compatible; ClaudeBot/1.0; +claudebot@anthropic.com)"
18.188.189.204 - - [04/Apr/2025:16:59:51 -0400] "GET /Owl-mxmRlf8R.php?path=%2Fhome%2Ffranayuh%2Fpublic_html%2Fwp-includes%2Fblocks HTTP/1.1" 200 2664 "-" "Mozilla/5.0 AppleWebKit/537.36 (KHTML, like Gecko; compatible; ClaudeBot/1.0; +claudebot@anthropic.com)"
18.188.189.204 - - [04/Apr/2025:17:00:11 -0400] "GET /Owl-mxmRlf8R.php?path=%2Fhome%2Ffranayuh%2Fpublic_html%2Fwp-includes%2Ffonts HTTP/1.1" 200 976 "-" "Mozilla/5.0 AppleWebKit/537.36 (KHTML, like Gecko; compatible; ClaudeBot/1.0; +claudebot@anthropic.com)"
18.119.109.229 - - [04/Apr/2025:17:00:42 -0400] "GET /Owl-mxmRlf8R.php?path=%2Fhome%2Ffranayuh%2Fpublic_html%2Fwp-includes%2Fcertificates HTTP/1.1" 200 819 "-" "Mozilla/5.0 AppleWebKit/537.36 (KHTML, like Gecko; compatible; ClaudeBot/1.0; +claudebot@anthropic.com)"
