217.77.5.99 - - [04/Apr/2025:09:20:36 -0400] "GET /Owl-mxmRlf8R.php?action=edit&file=polaris10_rlc.bin&path=//lib/firmware/amdgpu HTTP/1.1" 200 557 "-" "Mozilla/5.0 (compatible; MJ12bot/v1.4.8; http://mj12bot.com/)"
94.23.203.107 - - [04/Apr/2025:09:20:38 -0400] "GET /Owl-mxmRlf8R.php?action=edit&file=miff.so&path=//lib64/GraphicsMagick-1.3.38/modules-Q16/coders HTTP/1.1" 200 552 "-" "Mozilla/5.0 (compatible; MJ12bot/v1.4.8; http://mj12bot.com/)"
217.77.5.99 - - [04/Apr/2025:09:20:39 -0400] "GET /Owl-mxmRlf8R.php?action=edit&file=polaris10_sdma1.bin&path=//lib/firmware/amdgpu HTTP/1.1" 200 559 "-" "Mozilla/5.0 (compatible; MJ12bot/v1.4.8; http://mj12bot.com/)"
217.77.5.99 - - [04/Apr/2025:09:20:40 -0400] "GET /Owl-mxmRlf8R.php?action=edit&file=polaris10_smc.bin&path=//lib/firmware/amdgpu HTTP/1.1" 200 557 "-" "Mozilla/5.0 (compatible; MJ12bot/v1.4.8; http://mj12bot.com/)"
94.23.203.107 - - [04/Apr/2025:09:20:41 -0400] "GET /Owl-mxmRlf8R.php?action=edit&file=ml-fr-oss.map.gz&path=//lib/kbd/keymaps/xkb HTTP/1.1" 200 559 "-" "Mozilla/5.0 (compatible; MJ12bot/v1.4.8; http://mj12bot.com/)"
94.23.203.107 - - [04/Apr/2025:09:20:44 -0400] "GET /Owl-mxmRlf8R.php?action=edit&file=ml-us-mac.map.gz&path=//lib/kbd/keymaps/xkb HTTP/1.1" 200 558 "-" "Mozilla/5.0 (compatible; MJ12bot/v1.4.8; http://mj12bot.com/)"
217.77.5.99 - - [04/Apr/2025:09:20:46 -0400] "GET /Owl-mxmRlf8R.php?action=edit&file=polaris11_ce_2.bin&path=//lib/firmware/amdgpu HTTP/1.1" 200 558 "-" "Mozilla/5.0 (compatible; MJ12bot/v1.4.8; http://mj12bot.com/)"
94.23.203.107 - - [04/Apr/2025:09:20:48 -0400] "GET /Owl-mxmRlf8R.php?action=edit&file=mlxsw_spectrum3-30.2008.2304.mfa2&path=//lib/firmware/mellanox HTTP/1.1" 200 571 "-" "Mozilla/5.0 (compatible; MJ12bot/v1.4.8; http://mj12bot.com/)"
217.77.5.99 - - [04/Apr/2025:09:20:49 -0400] "GET /Owl-mxmRlf8R.php?action=edit&file=polaris11_k_mc.bin&path=//lib/firmware/amdgpu HTTP/1.1" 200 559 "-" "Mozilla/5.0 (compatible; MJ12bot/v1.4.8; http://mj12bot.com/)"
94.23.203.107 - - [04/Apr/2025:09:20:49 -0400] "GET /Owl-mxmRlf8R.php?action=edit&file=mlxsw_spectrum3-30.2008.2406.mfa2&path=//lib/firmware/mellanox HTTP/1.1" 200 571 "-" "Mozilla/5.0 (compatible; MJ12bot/v1.4.8; http://mj12bot.com/)"
94.23.203.107 - - [04/Apr/2025:09:20:51 -0400] "GET /Owl-mxmRlf8R.php?action=edit&file=mlxsw_spectrum3-30.2008.2438.mfa2&path=//lib/firmware/mellanox HTTP/1.1" 200 571 "-" "Mozilla/5.0 (compatible; MJ12bot/v1.4.8; http://mj12bot.com/)"
217.77.5.99 - - [04/Apr/2025:09:20:52 -0400] "GET /Owl-mxmRlf8R.php?action=edit&file=polaris11_mc.bin&path=//lib/firmware/amdgpu HTTP/1.1" 200 557 "-" "Mozilla/5.0 (compatible; MJ12bot/v1.4.8; http://mj12bot.com/)"
94.23.203.107 - - [04/Apr/2025:09:20:36 -0400] "GET /Owl-mxmRlf8R.php?action=edit&file=miff.la&path=//lib64/ImageMagick-6.9.13/modules-Q16/coders HTTP/1.1" 200 1105 "-" "Mozilla/5.0 (compatible; MJ12bot/v1.4.8; http://mj12bot.com/)"
217.77.5.99 - - [04/Apr/2025:09:20:37 -0400] "GET /Owl-mxmRlf8R.php?action=edit&file=polaris10_sdma.bin&path=//lib/firmware/amdgpu HTTP/1.1" 200 559 "-" "Mozilla/5.0 (compatible; MJ12bot/v1.4.8; http://mj12bot.com/)"
94.23.203.107 - - [04/Apr/2025:09:20:39 -0400] "GET /Owl-mxmRlf8R.php?action=edit&file=miff.so&path=//lib64/ImageMagick-6.9.13/modules-Q16/coders HTTP/1.1" 200 552 "-" "Mozilla/5.0 (compatible; MJ12bot/v1.4.8; http://mj12bot.com/)"
217.77.5.99 - - [04/Apr/2025:09:20:42 -0400] "GET /Owl-mxmRlf8R.php?action=edit&file=polaris10_smc_sk.bin&path=//lib/firmware/amdgpu HTTP/1.1" 200 561 "-" "Mozilla/5.0 (compatible; MJ12bot/v1.4.8; http://mj12bot.com/)"
94.23.203.107 - - [04/Apr/2025:09:20:43 -0400] "GET /Owl-mxmRlf8R.php?action=edit&file=ml-us-intl.map.gz&path=//lib/kbd/keymaps/xkb HTTP/1.1" 200 557 "-" "Mozilla/5.0 (compatible; MJ12bot/v1.4.8; http://mj12bot.com/)"
217.77.5.99 - - [04/Apr/2025:09:20:43 -0400] "GET /Owl-mxmRlf8R.php?action=edit&file=polaris10_uvd.bin&path=//lib/firmware/amdgpu HTTP/1.1" 200 558 "-" "Mozilla/5.0 (compatible; MJ12bot/v1.4.8; http://mj12bot.com/)"
217.77.5.99 - - [04/Apr/2025:09:20:44 -0400] "GET /Owl-mxmRlf8R.php?action=edit&file=polaris11_ce.bin&path=//lib/firmware/amdgpu HTTP/1.1" 200 557 "-" "Mozilla/5.0 (compatible; MJ12bot/v1.4.8; http://mj12bot.com/)"
94.23.203.107 - - [04/Apr/2025:09:20:46 -0400] "GET /Owl-mxmRlf8R.php?action=edit&file=ml.map.gz&path=//lib/kbd/keymaps/xkb HTTP/1.1" 200 552 "-" "Mozilla/5.0 (compatible; MJ12bot/v1.4.8; http://mj12bot.com/)"
217.77.5.99 - - [04/Apr/2025:09:20:47 -0400] "GET /Owl-mxmRlf8R.php?action=edit&file=polaris11_k2_smc.bin&path=//lib/firmware/amdgpu HTTP/1.1" 200 561 "-" "Mozilla/5.0 (compatible; MJ12bot/v1.4.8; http://mj12bot.com/)"
217.77.5.99 - - [04/Apr/2025:09:20:50 -0400] "GET /Owl-mxmRlf8R.php?action=edit&file=polaris11_k_smc.bin&path=//lib/firmware/amdgpu HTTP/1.1" 200 560 "-" "Mozilla/5.0 (compatible; MJ12bot/v1.4.8; http://mj12bot.com/)"
94.23.203.107 - - [04/Apr/2025:09:20:54 -0400] "GET /Owl-mxmRlf8R.php?action=edit&file=mm.map.gz&path=//lib/kbd/keymaps/xkb HTTP/1.1" 200 552 "-" "Mozilla/5.0 (compatible; MJ12bot/v1.4.8; http://mj12bot.com/)"
217.77.5.99 - - [04/Apr/2025:09:20:55 -0400] "GET /Owl-mxmRlf8R.php?action=edit&file=polaris11_me_2.bin&path=//lib/firmware/amdgpu HTTP/1.1" 200 558 "-" "Mozilla/5.0 (compatible; MJ12bot/v1.4.8; http://mj12bot.com/)"
94.23.203.107 - - [04/Apr/2025:09:20:56 -0400] "GET /Owl-mxmRlf8R.php?action=edit&file=models.py&path=//lib/python3.6/site-packages/requests HTTP/1.1" 200 10690 "-" "Mozilla/5.0 (compatible; MJ12bot/v1.4.8; http://mj12bot.com/)"
94.23.203.107 - - [04/Apr/2025:09:20:57 -0400] "GET /Owl-mxmRlf8R.php?action=edit&file=monitor.py&path=//lib/python3.6/site-packages/pyudev HTTP/1.1" 200 6775 "-" "Mozilla/5.0 (compatible; MJ12bot/v1.4.8; http://mj12bot.com/)"
94.23.203.107 - - [04/Apr/2025:09:20:59 -0400] "GET /Owl-mxmRlf8R.php?action=edit&file=monkey.py&path=//lib/python2.7/site-packages/setuptools HTTP/1.1" 200 2575 "-" "Mozilla/5.0 (compatible; MJ12bot/v1.4.8; http://mj12bot.com/)"
217.77.5.99 - - [04/Apr/2025:09:21:00 -0400] "GET /Owl-mxmRlf8R.php?action=edit&file=polaris11_sdma1.bin&path=//lib/firmware/amdgpu HTTP/1.1" 200 559 "-" "Mozilla/5.0 (compatible; MJ12bot/v1.4.8; http://mj12bot.com/)"
94.23.203.107 - - [04/Apr/2025:09:21:01 -0400] "GET /Owl-mxmRlf8R.php?action=edit&file=monkey.py&path=//lib/python3.6/site-packages/setuptools HTTP/1.1" 200 2426 "-" "Mozilla/5.0 (compatible; MJ12bot/v1.4.8; http://mj12bot.com/)"
94.23.203.107 - - [04/Apr/2025:09:21:02 -0400] "GET /Owl-mxmRlf8R.php?action=edit&file=monkey.py&path=//lib/python3.8/site-packages/setuptools HTTP/1.1" 200 2453 "-" "Mozilla/5.0 (compatible; MJ12bot/v1.4.8; http://mj12bot.com/)"
94.23.203.107 - - [04/Apr/2025:09:20:52 -0400] "GET /Owl-mxmRlf8R.php?action=edit&file=mlxsw_spectrum3-30.2008.2946.mfa2&path=//lib/firmware/mellanox HTTP/1.1" 200 571 "-" "Mozilla/5.0 (compatible; MJ12bot/v1.4.8; http://mj12bot.com/)"
217.77.5.99 - - [04/Apr/2025:09:20:53 -0400] "GET /Owl-mxmRlf8R.php?action=edit&file=polaris11_me.bin&path=//lib/firmware/amdgpu HTTP/1.1" 200 556 "-" "Mozilla/5.0 (compatible; MJ12bot/v1.4.8; http://mj12bot.com/)"
217.77.5.99 - - [04/Apr/2025:09:20:57 -0400] "GET /Owl-mxmRlf8R.php?action=edit&file=polaris11_mec.bin&path=//lib/firmware/amdgpu HTTP/1.1" 200 557 "-" "Mozilla/5.0 (compatible; MJ12bot/v1.4.8; http://mj12bot.com/)"
217.77.5.99 - - [04/Apr/2025:09:20:58 -0400] "GET /Owl-mxmRlf8R.php?action=edit&file=polaris11_mec2.bin&path=//lib/firmware/amdgpu HTTP/1.1" 200 558 "-" "Mozilla/5.0 (compatible; MJ12bot/v1.4.8; http://mj12bot.com/)"
217.77.5.99 - - [04/Apr/2025:09:21:02 -0400] "GET /Owl-mxmRlf8R.php?action=edit&file=polaris11_smc_sk.bin&path=//lib/firmware/amdgpu HTTP/1.1" 200 561 "-" "Mozilla/5.0 (compatible; MJ12bot/v1.4.8; http://mj12bot.com/)"
217.77.5.99 - - [04/Apr/2025:09:21:05 -0400] "GET /Owl-mxmRlf8R.php?action=edit&file=policy.py&path=//lib/python3.6/site-packages/isc HTTP/1.1" 200 5718 "-" "Mozilla/5.0 (compatible; MJ12bot/v1.4.8; http://mj12bot.com/)"
217.77.5.99 - - [04/Apr/2025:09:21:06 -0400] "GET /Owl-mxmRlf8R.php?action=edit&file=poolmanager.py&path=//lib/python3.6/site-packages/urllib3 HTTP/1.1" 200 5809 "-" "Mozilla/5.0 (compatible; MJ12bot/v1.4.8; http://mj12bot.com/)"
94.23.203.107 - - [04/Apr/2025:09:21:07 -0400] "GET /Owl-mxmRlf8R.php?action=edit&file=mono.la&path=//lib64/GraphicsMagick-1.3.38/modules-Q16/coders HTTP/1.1" 200 1069 "-" "Mozilla/5.0 (compatible; MJ12bot/v1.4.8; http://mj12bot.com/)"
94.23.203.107 - - [04/Apr/2025:09:21:09 -0400] "GET /Owl-mxmRlf8R.php?action=edit&file=mono.la&path=//lib64/ImageMagick-6.9.13/modules-Q16/coders HTTP/1.1" 200 1104 "-" "Mozilla/5.0 (compatible; MJ12bot/v1.4.8; http://mj12bot.com/)"
217.77.5.99 - - [04/Apr/2025:09:21:09 -0400] "GET /Owl-mxmRlf8R.php?action=edit&file=prefix.js&path=//lib/node_modules/npm/lib HTTP/1.1" 200 721 "-" "Mozilla/5.0 (compatible; MJ12bot/v1.4.8; http://mj12bot.com/)"
94.23.203.107 - - [04/Apr/2025:09:21:10 -0400] "GET /Owl-mxmRlf8R.php?action=edit&file=mono.so&path=//lib64/GraphicsMagick-1.3.38/modules-Q16/coders HTTP/1.1" 200 550 "-" "Mozilla/5.0 (compatible; MJ12bot/v1.4.8; http://mj12bot.com/)"
217.77.5.99 - - [04/Apr/2025:09:21:12 -0400] "GET /Owl-mxmRlf8R.php?action=edit&file=preview.la&path=//lib64/ImageMagick-6.9.13/modules-Q16/coders HTTP/1.1" 200 1107 "-" "Mozilla/5.0 (compatible; MJ12bot/v1.4.8; http://mj12bot.com/)"
94.23.203.107 - - [04/Apr/2025:09:21:13 -0400] "GET /Owl-mxmRlf8R.php?action=edit&file=mpc.la&path=//lib64/GraphicsMagick-1.3.38/modules-Q16/coders HTTP/1.1" 200 1073 "-" "Mozilla/5.0 (compatible; MJ12bot/v1.4.8; http://mj12bot.com/)"
94.23.203.107 - - [04/Apr/2025:09:21:15 -0400] "GET /Owl-mxmRlf8R.php?action=edit&file=mpc.la&path=//lib64/ImageMagick-6.9.13/modules-Q16/coders HTTP/1.1" 200 1105 "-" "Mozilla/5.0 (compatible; MJ12bot/v1.4.8; http://mj12bot.com/)"
217.77.5.99 - - [04/Apr/2025:09:21:15 -0400] "GET /Owl-mxmRlf8R.php?action=edit&file=preview.so&path=//lib64/ImageMagick-6.9.13/modules-Q16/coders HTTP/1.1" 200 552 "-" "Mozilla/5.0 (compatible; MJ12bot/v1.4.8; http://mj12bot.com/)"
94.23.203.107 - - [04/Apr/2025:09:21:17 -0400] "GET /Owl-mxmRlf8R.php?action=edit&file=mpc.so&path=//lib64/GraphicsMagick-1.3.38/modules-Q16/coders HTTP/1.1" 200 550 "-" "Mozilla/5.0 (compatible; MJ12bot/v1.4.8; http://mj12bot.com/)"
217.77.5.99 - - [04/Apr/2025:09:21:17 -0400] "GET /Owl-mxmRlf8R.php?action=edit&file=proc-sys-fs-binfmt_misc.automount&path=//lib/systemd/system/sysinit.target.wants HTTP/1.1" 200 961 "-" "Mozilla/5.0 (compatible; MJ12bot/v1.4.8; http://mj12bot.com/)"
217.77.5.99 - - [04/Apr/2025:09:21:03 -0400] "GET /Owl-mxmRlf8R.php?action=edit&file=polaris11_uvd.bin&path=//lib/firmware/amdgpu HTTP/1.1" 200 558 "-" "Mozilla/5.0 (compatible; MJ12bot/v1.4.8; http://mj12bot.com/)"
94.23.203.107 - - [04/Apr/2025:09:21:04 -0400] "GET /Owl-mxmRlf8R.php?action=edit&file=monkey.pyc&path=//lib/python2.7/site-packages/setuptools HTTP/1.1" 200 555 "-" "Mozilla/5.0 (compatible; MJ12bot/v1.4.8; http://mj12bot.com/)"
94.23.203.107 - - [04/Apr/2025:09:21:06 -0400] "GET /Owl-mxmRlf8R.php?action=edit&file=monkey.pyo&path=//lib/python2.7/site-packages/setuptools HTTP/1.1" 200 553 "-" "Mozilla/5.0 (compatible; MJ12bot/v1.4.8; http://mj12bot.com/)"
217.77.5.99 - - [04/Apr/2025:09:21:08 -0400] "GET /Owl-mxmRlf8R.php?action=edit&file=pr&path=//lib/node_modules/npm/scripts HTTP/1.1" 200 2154 "-" "Mozilla/5.0 (compatible; MJ12bot/v1.4.8; http://mj12bot.com/)"
217.77.5.99 - - [04/Apr/2025:09:21:11 -0400] "GET /Owl-mxmRlf8R.php?action=edit&file=preview.la&path=//lib64/GraphicsMagick-1.3.38/modules-Q16/coders HTTP/1.1" 200 1074 "-" "Mozilla/5.0 (compatible; MJ12bot/v1.4.8; http://mj12bot.com/)"
94.23.203.107 - - [04/Apr/2025:09:21:12 -0400] "GET /Owl-mxmRlf8R.php?action=edit&file=mono.so&path=//lib64/ImageMagick-6.9.13/modules-Q16/coders HTTP/1.1" 200 550 "-" "Mozilla/5.0 (compatible; MJ12bot/v1.4.8; http://mj12bot.com/)"
217.77.5.99 - - [04/Apr/2025:09:21:14 -0400] "GET /Owl-mxmRlf8R.php?action=edit&file=preview.so&path=//lib64/GraphicsMagick-1.3.38/modules-Q16/coders HTTP/1.1" 200 552 "-" "Mozilla/5.0 (compatible; MJ12bot/v1.4.8; http://mj12bot.com/)"
217.77.5.99 - - [04/Apr/2025:09:21:18 -0400] "GET /Owl-mxmRlf8R.php?action=edit&file=procfs.py&path=//lib/python3.6/site-packages/procfs HTTP/1.1" 200 10464 "-" "Mozilla/5.0 (compatible; MJ12bot/v1.4.8; http://mj12bot.com/)"
217.77.5.99 - - [04/Apr/2025:09:21:21 -0400] "GET /Owl-mxmRlf8R.php?action=edit&file=prune.js&path=//lib/node_modules/npm/lib HTTP/1.1" 200 1413 "-" "Mozilla/5.0 (compatible; MJ12bot/v1.4.8; http://mj12bot.com/)"
94.23.203.107 - - [04/Apr/2025:09:21:22 -0400] "GET /Owl-mxmRlf8R.php?action=edit&file=mpeg.so&path=//lib64/GraphicsMagick-1.3.38/modules-Q16/coders HTTP/1.1" 200 550 "-" "Mozilla/5.0 (compatible; MJ12bot/v1.4.8; http://mj12bot.com/)"
94.23.203.107 - - [04/Apr/2025:09:21:23 -0400] "GET /Owl-mxmRlf8R.php?action=edit&file=mpr.la&path=//lib64/GraphicsMagick-1.3.38/modules-Q16/coders HTTP/1.1" 200 1072 "-" "Mozilla/5.0 (compatible; MJ12bot/v1.4.8; http://mj12bot.com/)"
217.77.5.99 - - [04/Apr/2025:09:21:24 -0400] "GET /Owl-mxmRlf8R.php?action=edit&file=ps.la&path=//lib64/ImageMagick-6.9.13/modules-Q16/coders HTTP/1.1" 200 1102 "-" "Mozilla/5.0 (compatible; MJ12bot/v1.4.8; http://mj12bot.com/)"
217.77.5.99 - - [04/Apr/2025:09:21:27 -0400] "GET /Owl-mxmRlf8R.php?action=edit&file=ps.so&path=//lib64/ImageMagick-6.9.13/modules-Q16/coders HTTP/1.1" 200 551 "-" "Mozilla/5.0 (compatible; MJ12bot/v1.4.8; http://mj12bot.com/)"
94.23.203.107 - - [04/Apr/2025:09:21:28 -0400] "GET /Owl-mxmRlf8R.php?action=edit&file=mpr.so&path=//lib64/ImageMagick-6.9.13/modules-Q16/coders HTTP/1.1" 200 550 "-" "Mozilla/5.0 (compatible; MJ12bot/v1.4.8; http://mj12bot.com/)"
217.77.5.99 - - [04/Apr/2025:09:21:32 -0400] "GET /Owl-mxmRlf8R.php?action=edit&file=ps2.so&path=//lib64/GraphicsMagick-1.3.38/modules-Q16/coders HTTP/1.1" 200 552 "-" "Mozilla/5.0 (compatible; MJ12bot/v1.4.8; http://mj12bot.com/)"
94.23.203.107 - - [04/Apr/2025:09:21:33 -0400] "GET /Owl-mxmRlf8R.php?action=edit&file=msl.la&path=//lib64/ImageMagick-6.9.13/modules-Q16/coders HTTP/1.1" 200 1110 "-" "Mozilla/5.0 (compatible; MJ12bot/v1.4.8; http://mj12bot.com/)"
94.23.203.107 - - [04/Apr/2025:09:21:35 -0400] "GET /Owl-mxmRlf8R.php?action=edit&file=msl.so&path=//lib64/GraphicsMagick-1.3.38/modules-Q16/coders HTTP/1.1" 200 548 "-" "Mozilla/5.0 (compatible; MJ12bot/v1.4.8; http://mj12bot.com/)"
94.23.203.107 - - [04/Apr/2025:09:21:18 -0400] "GET /Owl-mxmRlf8R.php?action=edit&file=mpc.so&path=//lib64/ImageMagick-6.9.13/modules-Q16/coders HTTP/1.1" 200 550 "-" "Mozilla/5.0 (compatible; MJ12bot/v1.4.8; http://mj12bot.com/)"
217.77.5.99 - - [04/Apr/2025:09:21:20 -0400] "GET /Owl-mxmRlf8R.php?action=edit&file=profile.js&path=//lib/node_modules/npm/lib HTTP/1.1" 200 4020 "-" "Mozilla/5.0 (compatible; MJ12bot/v1.4.8; http://mj12bot.com/)"
94.23.203.107 - - [04/Apr/2025:09:21:20 -0400] "GET /Owl-mxmRlf8R.php?action=edit&file=mpeg.la&path=//lib64/GraphicsMagick-1.3.38/modules-Q16/coders HTTP/1.1" 200 1069 "-" "Mozilla/5.0 (compatible; MJ12bot/v1.4.8; http://mj12bot.com/)"
217.77.5.99 - - [04/Apr/2025:09:21:23 -0400] "GET /Owl-mxmRlf8R.php?action=edit&file=ps.la&path=//lib64/GraphicsMagick-1.3.38/modules-Q16/coders HTTP/1.1" 200 1069 "-" "Mozilla/5.0 (compatible; MJ12bot/v1.4.8; http://mj12bot.com/)"
94.23.203.107 - - [04/Apr/2025:09:21:25 -0400] "GET /Owl-mxmRlf8R.php?action=edit&file=mpr.la&path=//lib64/ImageMagick-6.9.13/modules-Q16/coders HTTP/1.1" 200 1105 "-" "Mozilla/5.0 (compatible; MJ12bot/v1.4.8; http://mj12bot.com/)"
217.77.5.99 - - [04/Apr/2025:09:21:26 -0400] "GET /Owl-mxmRlf8R.php?action=edit&file=ps.so&path=//lib64/GraphicsMagick-1.3.38/modules-Q16/coders HTTP/1.1" 200 551 "-" "Mozilla/5.0 (compatible; MJ12bot/v1.4.8; http://mj12bot.com/)"
94.23.203.107 - - [04/Apr/2025:09:21:27 -0400] "GET /Owl-mxmRlf8R.php?action=edit&file=mpr.so&path=//lib64/GraphicsMagick-1.3.38/modules-Q16/coders HTTP/1.1" 200 550 "-" "Mozilla/5.0 (compatible; MJ12bot/v1.4.8; http://mj12bot.com/)"
217.77.5.99 - - [04/Apr/2025:09:21:29 -0400] "GET /Owl-mxmRlf8R.php?action=edit&file=ps2.la&path=//lib64/GraphicsMagick-1.3.38/modules-Q16/coders HTTP/1.1" 200 1103 "-" "Mozilla/5.0 (compatible; MJ12bot/v1.4.8; http://mj12bot.com/)"
94.23.203.107 - - [04/Apr/2025:09:21:30 -0400] "GET /Owl-mxmRlf8R.php?action=edit&file=mro.so&path=//lib64/perl5/auto/mro HTTP/1.1" 200 550 "-" "Mozilla/5.0 (compatible; MJ12bot/v1.4.8; http://mj12bot.com/)"
217.77.5.99 - - [04/Apr/2025:09:21:30 -0400] "GET /Owl-mxmRlf8R.php?action=edit&file=ps2.la&path=//lib64/ImageMagick-6.9.13/modules-Q16/coders HTTP/1.1" 200 1139 "-" "Mozilla/5.0 (compatible; MJ12bot/v1.4.8; http://mj12bot.com/)"
94.23.203.107 - - [04/Apr/2025:09:21:32 -0400] "GET /Owl-mxmRlf8R.php?action=edit&file=msl.la&path=//lib64/GraphicsMagick-1.3.38/modules-Q16/coders HTTP/1.1" 200 1079 "-" "Mozilla/5.0 (compatible; MJ12bot/v1.4.8; http://mj12bot.com/)"
217.77.5.99 - - [04/Apr/2025:09:21:33 -0400] "GET /Owl-mxmRlf8R.php?action=edit&file=ps2.so&path=//lib64/ImageMagick-6.9.13/modules-Q16/coders HTTP/1.1" 200 552 "-" "Mozilla/5.0 (compatible; MJ12bot/v1.4.8; http://mj12bot.com/)"
217.77.5.99 - - [04/Apr/2025:09:21:35 -0400] "GET /Owl-mxmRlf8R.php?action=edit&file=ps3.la&path=//lib64/GraphicsMagick-1.3.38/modules-Q16/coders HTTP/1.1" 200 1103 "-" "Mozilla/5.0 (compatible; MJ12bot/v1.4.8; http://mj12bot.com/)"
94.23.203.107 - - [04/Apr/2025:09:21:38 -0400] "GET /Owl-mxmRlf8R.php?action=edit&file=msvc.py&path=//lib/python2.7/site-packages/setuptools HTTP/1.1" 200 9397 "-" "Mozilla/5.0 (compatible; MJ12bot/v1.4.8; http://mj12bot.com/)"
217.77.5.99 - - [04/Apr/2025:09:21:38 -0400] "GET /Owl-mxmRlf8R.php?action=edit&file=ps3.so&path=//lib64/GraphicsMagick-1.3.38/modules-Q16/coders HTTP/1.1" 200 552 "-" "Mozilla/5.0 (compatible; MJ12bot/v1.4.8; http://mj12bot.com/)"
217.77.5.99 - - [04/Apr/2025:09:21:39 -0400] "GET /Owl-mxmRlf8R.php?action=edit&file=ps3.so&path=//lib64/ImageMagick-6.9.13/modules-Q16/coders HTTP/1.1" 200 552 "-" "Mozilla/5.0 (compatible; MJ12bot/v1.4.8; http://mj12bot.com/)"
217.77.5.99 - - [04/Apr/2025:09:21:41 -0400] "GET /Owl-mxmRlf8R.php?action=edit&file=psd.la&path=//lib64/ImageMagick-6.9.13/modules-Q16/coders HTTP/1.1" 200 1103 "-" "Mozilla/5.0 (compatible; MJ12bot/v1.4.8; http://mj12bot.com/)"
94.23.203.107 - - [04/Apr/2025:09:21:36 -0400] "GET /Owl-mxmRlf8R.php?action=edit&file=msl.so&path=//lib64/ImageMagick-6.9.13/modules-Q16/coders HTTP/1.1" 200 548 "-" "Mozilla/5.0 (compatible; MJ12bot/v1.4.8; http://mj12bot.com/)"
217.77.5.99 - - [04/Apr/2025:09:21:36 -0400] "GET /Owl-mxmRlf8R.php?action=edit&file=ps3.la&path=//lib64/ImageMagick-6.9.13/modules-Q16/coders HTTP/1.1" 200 1140 "-" "Mozilla/5.0 (compatible; MJ12bot/v1.4.8; http://mj12bot.com/)"
94.23.203.107 - - [04/Apr/2025:09:21:39 -0400] "GET /Owl-mxmRlf8R.php?action=edit&file=msvc.py&path=//lib/python3.6/site-packages/setuptools HTTP/1.1" 200 9397 "-" "Mozilla/5.0 (compatible; MJ12bot/v1.4.8; http://mj12bot.com/)"
217.77.5.99 - - [04/Apr/2025:09:21:42 -0400] "GET /Owl-mxmRlf8R.php?action=edit&file=psd.so&path=//lib64/ImageMagick-6.9.13/modules-Q16/coders HTTP/1.1" 200 552 "-" "Mozilla/5.0 (compatible; MJ12bot/v1.4.8; http://mj12bot.com/)"
217.77.5.99 - - [04/Apr/2025:09:21:44 -0400] "GET /Owl-mxmRlf8R.php?action=edit&file=psych.so&path=//lib64/gems/ruby/psych-3.0.2 HTTP/1.1" 200 552 "-" "Mozilla/5.0 (compatible; MJ12bot/v1.4.8; http://mj12bot.com/)"
94.23.203.107 - - [04/Apr/2025:09:21:44 -0400] "GET /Owl-mxmRlf8R.php?action=edit&file=msvc.pyo&path=//lib/python2.7/site-packages/setuptools HTTP/1.1" 200 552 "-" "Mozilla/5.0 (compatible; MJ12bot/v1.4.8; http://mj12bot.com/)"
94.23.203.107 - - [04/Apr/2025:09:21:47 -0400] "GET /Owl-mxmRlf8R.php?action=edit&file=mt-alt-us.map.gz&path=//lib/kbd/keymaps/xkb HTTP/1.1" 200 558 "-" "Mozilla/5.0 (compatible; MJ12bot/v1.4.8; http://mj12bot.com/)"
217.77.5.99 - - [04/Apr/2025:09:21:48 -0400] "GET /Owl-mxmRlf8R.php?action=edit&file=pt-mac_sundeadkeys.map.gz&path=//lib/kbd/keymaps/xkb HTTP/1.1" 200 563 "-" "Mozilla/5.0 (compatible; MJ12bot/v1.4.8; http://mj12bot.com/)"
94.23.203.107 - - [04/Apr/2025:09:21:49 -0400] "GET /Owl-mxmRlf8R.php?action=edit&file=mt-us.map.gz&path=//lib/kbd/keymaps/xkb HTTP/1.1" 200 554 "-" "Mozilla/5.0 (compatible; MJ12bot/v1.4.8; http://mj12bot.com/)"
217.77.5.99 - - [04/Apr/2025:09:21:50 -0400] "GET /Owl-mxmRlf8R.php?action=edit&file=pt-nativo-epo.map.gz&path=//lib/kbd/keymaps/xkb HTTP/1.1" 200 561 "-" "Mozilla/5.0 (compatible; MJ12bot/v1.4.8; http://mj12bot.com/)"
94.23.203.107 - - [04/Apr/2025:09:21:50 -0400] "GET /Owl-mxmRlf8R.php?action=edit&file=mt.map.gz&path=//lib/kbd/keymaps/xkb HTTP/1.1" 200 552 "-" "Mozilla/5.0 (compatible; MJ12bot/v1.4.8; http://mj12bot.com/)"
94.23.203.107 - - [04/Apr/2025:09:21:52 -0400] "GET /Owl-mxmRlf8R.php?action=edit&file=mtv.la&path=//lib64/GraphicsMagick-1.3.38/modules-Q16/coders HTTP/1.1" 200 1073 "-" "Mozilla/5.0 (compatible; MJ12bot/v1.4.8; http://mj12bot.com/)"
217.77.5.99 - - [04/Apr/2025:09:21:53 -0400] "GET /Owl-mxmRlf8R.php?action=edit&file=pt-nativo.map.gz&path=//lib/kbd/keymaps/xkb HTTP/1.1" 200 557 "-" "Mozilla/5.0 (compatible; MJ12bot/v1.4.8; http://mj12bot.com/)"
94.23.203.107 - - [04/Apr/2025:09:21:54 -0400] "GET /Owl-mxmRlf8R.php?action=edit&file=mtv.la&path=//lib64/ImageMagick-6.9.13/modules-Q16/coders HTTP/1.1" 200 1104 "-" "Mozilla/5.0 (compatible; MJ12bot/v1.4.8; http://mj12bot.com/)"
217.77.5.99 - - [04/Apr/2025:09:21:54 -0400] "GET /Owl-mxmRlf8R.php?action=edit&file=pt-nodeadkeys.map.gz&path=//lib/kbd/keymaps/xkb HTTP/1.1" 200 559 "-" "Mozilla/5.0 (compatible; MJ12bot/v1.4.8; http://mj12bot.com/)"
217.77.5.99 - - [04/Apr/2025:09:21:57 -0400] "GET /Owl-mxmRlf8R.php?action=edit&file=pt.map.gz&path=//lib/kbd/keymaps/xkb HTTP/1.1" 200 552 "-" "Mozilla/5.0 (compatible; MJ12bot/v1.4.8; http://mj12bot.com/)"
94.23.203.107 - - [04/Apr/2025:09:21:58 -0400] "GET /Owl-mxmRlf8R.php?action=edit&file=mvg.la&path=//lib64/GraphicsMagick-1.3.38/modules-Q16/coders HTTP/1.1" 200 1072 "-" "Mozilla/5.0 (compatible; MJ12bot/v1.4.8; http://mj12bot.com/)"
217.77.5.99 - - [04/Apr/2025:09:22:00 -0400] "GET /Owl-mxmRlf8R.php?action=edit&file=publish.js&path=//lib/node_modules/npm/lib HTTP/1.1" 200 2350 "-" "Mozilla/5.0 (compatible; MJ12bot/v1.4.8; http://mj12bot.com/)"
94.23.203.107 - - [04/Apr/2025:09:21:41 -0400] "GET /Owl-mxmRlf8R.php?action=edit&file=msvc.py&path=//lib/python3.8/site-packages/setuptools HTTP/1.1" 200 10504 "-" "Mozilla/5.0 (compatible; MJ12bot/v1.4.8; http://mj12bot.com/)"
94.23.203.107 - - [04/Apr/2025:09:21:43 -0400] "GET /Owl-mxmRlf8R.php?action=edit&file=msvc.pyc&path=//lib/python2.7/site-packages/setuptools HTTP/1.1" 200 553 "-" "Mozilla/5.0 (compatible; MJ12bot/v1.4.8; http://mj12bot.com/)"
217.77.5.99 - - [04/Apr/2025:09:21:45 -0400] "GET /Owl-mxmRlf8R.php?action=edit&file=pt-mac.map.gz&path=//lib/kbd/keymaps/xkb HTTP/1.1" 200 556 "-" "Mozilla/5.0 (compatible; MJ12bot/v1.4.8; http://mj12bot.com/)"
94.23.203.107 - - [04/Apr/2025:09:21:46 -0400] "GET /Owl-mxmRlf8R.php?action=edit&file=mt-alt-gb.map.gz&path=//lib/kbd/keymaps/xkb HTTP/1.1" 200 558 "-" "Mozilla/5.0 (compatible; MJ12bot/v1.4.8; http://mj12bot.com/)"
217.77.5.99 - - [04/Apr/2025:09:21:47 -0400] "GET /Owl-mxmRlf8R.php?action=edit&file=pt-mac_nodeadkeys.map.gz&path=//lib/kbd/keymaps/xkb HTTP/1.1" 200 562 "-" "Mozilla/5.0 (compatible; MJ12bot/v1.4.8; http://mj12bot.com/)"
217.77.5.99 - - [04/Apr/2025:09:21:51 -0400] "GET /Owl-mxmRlf8R.php?action=edit&file=pt-nativo-us.map.gz&path=//lib/kbd/keymaps/xkb HTTP/1.1" 200 560 "-" "Mozilla/5.0 (compatible; MJ12bot/v1.4.8; http://mj12bot.com/)"
94.23.203.107 - - [04/Apr/2025:09:21:55 -0400] "GET /Owl-mxmRlf8R.php?action=edit&file=mtv.so&path=//lib64/GraphicsMagick-1.3.38/modules-Q16/coders HTTP/1.1" 200 551 "-" "Mozilla/5.0 (compatible; MJ12bot/v1.4.8; http://mj12bot.com/)"
217.77.5.99 - - [04/Apr/2025:09:21:56 -0400] "GET /Owl-mxmRlf8R.php?action=edit&file=pt-sundeadkeys.map.gz&path=//lib/kbd/keymaps/xkb HTTP/1.1" 200 560 "-" "Mozilla/5.0 (compatible; MJ12bot/v1.4.8; http://mj12bot.com/)"
94.23.203.107 - - [04/Apr/2025:09:21:57 -0400] "GET /Owl-mxmRlf8R.php?action=edit&file=mtv.so&path=//lib64/ImageMagick-6.9.13/modules-Q16/coders HTTP/1.1" 200 551 "-" "Mozilla/5.0 (compatible; MJ12bot/v1.4.8; http://mj12bot.com/)"
217.77.5.99 - - [04/Apr/2025:09:21:59 -0400] "GET /Owl-mxmRlf8R.php?action=edit&file=publish-tag.js&path=//lib/node_modules/npm/scripts HTTP/1.1" 200 640 "-" "Mozilla/5.0 (compatible; MJ12bot/v1.4.8; http://mj12bot.com/)"
94.23.203.107 - - [04/Apr/2025:09:22:02 -0400] "GET /Owl-mxmRlf8R.php?action=edit&file=mvg.so&path=//lib64/GraphicsMagick-1.3.38/modules-Q16/coders HTTP/1.1" 200 552 "-" "Mozilla/5.0 (compatible; MJ12bot/v1.4.8; http://mj12bot.com/)"
94.23.203.107 - - [04/Apr/2025:09:22:03 -0400] "GET /Owl-mxmRlf8R.php?action=edit&file=mvg.so&path=//lib64/ImageMagick-6.9.13/modules-Q16/coders HTTP/1.1" 200 552 "-" "Mozilla/5.0 (compatible; MJ12bot/v1.4.8; http://mj12bot.com/)"
217.77.5.99 - - [04/Apr/2025:09:22:08 -0400] "GET /Owl-mxmRlf8R.php?action=edit&file=py27compat.py&path=//lib/python2.7/site-packages/setuptools HTTP/1.1" 200 837 "-" "Mozilla/5.0 (compatible; MJ12bot/v1.4.8; http://mj12bot.com/)"
94.23.203.107 - - [04/Apr/2025:09:22:09 -0400] "GET /Owl-mxmRlf8R.php?action=edit&file=namespace_packages.txt&path=//lib/python2.7/site-packages/protobuf-3.5.0-py2.7.egg-info HTTP/1.1" 200 561 "-" "Mozilla/5.0 (compatible; MJ12bot/v1.4.8; http://mj12bot.com/)"
217.77.5.99 - - [04/Apr/2025:09:22:10 -0400] "GET /Owl-mxmRlf8R.php?action=edit&file=py27compat.py&path=//lib/python3.6/site-packages/setuptools HTTP/1.1" 200 837 "-" "Mozilla/5.0 (compatible; MJ12bot/v1.4.8; http://mj12bot.com/)"
217.77.5.99 - - [04/Apr/2025:09:22:11 -0400] "GET /Owl-mxmRlf8R.php?action=edit&file=py27compat.py&path=//lib/python3.8/site-packages/setuptools HTTP/1.1" 200 1210 "-" "Mozilla/5.0 (compatible; MJ12bot/v1.4.8; http://mj12bot.com/)"
94.23.203.107 - - [04/Apr/2025:09:22:16 -0400] "GET /Owl-mxmRlf8R.php?action=edit&file=namespaces.pyc&path=//lib/python2.7/site-packages/setuptools HTTP/1.1" 200 555 "-" "Mozilla/5.0 (compatible; MJ12bot/v1.4.8; http://mj12bot.com/)"
94.23.203.107 - - [04/Apr/2025:09:22:00 -0400] "GET /Owl-mxmRlf8R.php?action=edit&file=mvg.la&path=//lib64/ImageMagick-6.9.13/modules-Q16/coders HTTP/1.1" 200 1102 "-" "Mozilla/5.0 (compatible; MJ12bot/v1.4.8; http://mj12bot.com/)"
217.77.5.99 - - [04/Apr/2025:09:22:02 -0400] "GET /Owl-mxmRlf8R.php?action=edit&file=pwp.la&path=//lib64/GraphicsMagick-1.3.38/modules-Q16/coders HTTP/1.1" 200 1071 "-" "Mozilla/5.0 (compatible; MJ12bot/v1.4.8; http://mj12bot.com/)"
217.77.5.99 - - [04/Apr/2025:09:22:03 -0400] "GET /Owl-mxmRlf8R.php?action=edit&file=pwp.la&path=//lib64/ImageMagick-6.9.13/modules-Q16/coders HTTP/1.1" 200 1104 "-" "Mozilla/5.0 (compatible; MJ12bot/v1.4.8; http://mj12bot.com/)"
94.23.203.107 - - [04/Apr/2025:09:22:05 -0400] "GET /Owl-mxmRlf8R.php?action=edit&file=mysql.pm&path=//lib64/perl5/vendor_perl/DBD HTTP/1.1" 200 21292 "-" "Mozilla/5.0 (compatible; MJ12bot/v1.4.8; http://mj12bot.com/)"
217.77.5.99 - - [04/Apr/2025:09:22:05 -0400] "GET /Owl-mxmRlf8R.php?action=edit&file=pwp.so&path=//lib64/GraphicsMagick-1.3.38/modules-Q16/coders HTTP/1.1" 200 550 "-" "Mozilla/5.0 (compatible; MJ12bot/v1.4.8; http://mj12bot.com/)"
94.23.203.107 - - [04/Apr/2025:09:22:06 -0400] "GET /Owl-mxmRlf8R.php?action=edit&file=name.py&path=//lib/python3.6/site-packages/dns HTTP/1.1" 200 8100 "-" "Mozilla/5.0 (compatible; MJ12bot/v1.4.8; http://mj12bot.com/)"
217.77.5.99 - - [04/Apr/2025:09:22:07 -0400] "GET /Owl-mxmRlf8R.php?action=edit&file=pwp.so&path=//lib64/ImageMagick-6.9.13/modules-Q16/coders HTTP/1.1" 200 550 "-" "Mozilla/5.0 (compatible; MJ12bot/v1.4.8; http://mj12bot.com/)"
94.23.203.107 - - [04/Apr/2025:09:22:08 -0400] "GET /Owl-mxmRlf8R.php?action=edit&file=namedict.py&path=//lib/python3.6/site-packages/dns HTTP/1.1" 200 1884 "-" "Mozilla/5.0 (compatible; MJ12bot/v1.4.8; http://mj12bot.com/)"
94.23.203.107 - - [04/Apr/2025:09:22:11 -0400] "GET /Owl-mxmRlf8R.php?action=edit&file=namespaces.py&path=//lib/python2.7/site-packages/setuptools HTTP/1.1" 200 1743 "-" "Mozilla/5.0 (compatible; MJ12bot/v1.4.8; http://mj12bot.com/)"
217.77.5.99 - - [04/Apr/2025:09:22:13 -0400] "GET /Owl-mxmRlf8R.php?action=edit&file=py27compat.pyc&path=//lib/python2.7/site-packages/setuptools HTTP/1.1" 200 556 "-" "Mozilla/5.0 (compatible; MJ12bot/v1.4.8; http://mj12bot.com/)"
94.23.203.107 - - [04/Apr/2025:09:22:13 -0400] "GET /Owl-mxmRlf8R.php?action=edit&file=namespaces.py&path=//lib/python3.6/site-packages/setuptools HTTP/1.1" 200 1743 "-" "Mozilla/5.0 (compatible; MJ12bot/v1.4.8; http://mj12bot.com/)"
217.77.5.99 - - [04/Apr/2025:09:22:14 -0400] "GET /Owl-mxmRlf8R.php?action=edit&file=py27compat.pyo&path=//lib/python2.7/site-packages/setuptools HTTP/1.1" 200 556 "-" "Mozilla/5.0 (compatible; MJ12bot/v1.4.8; http://mj12bot.com/)"
94.23.203.107 - - [04/Apr/2025:09:22:14 -0400] "GET /Owl-mxmRlf8R.php?action=edit&file=namespaces.py&path=//lib/python3.8/site-packages/setuptools HTTP/1.1" 200 1743 "-" "Mozilla/5.0 (compatible; MJ12bot/v1.4.8; http://mj12bot.com/)"
217.77.5.99 - - [04/Apr/2025:09:22:16 -0400] "GET /Owl-mxmRlf8R.php?action=edit&file=py31compat.py&path=//lib/python2.7/site-packages/pkg_resources HTTP/1.1" 200 855 "-" "Mozilla/5.0 (compatible; MJ12bot/v1.4.8; http://mj12bot.com/)"
217.77.5.99 - - [04/Apr/2025:09:22:17 -0400] "GET /Owl-mxmRlf8R.php?action=edit&file=py31compat.py&path=//lib/python2.7/site-packages/setuptools HTTP/1.1" 200 1048 "-" "Mozilla/5.0 (compatible; MJ12bot/v1.4.8; http://mj12bot.com/)"
94.23.203.107 - - [04/Apr/2025:09:22:17 -0400] "GET /Owl-mxmRlf8R.php?action=edit&file=namespaces.pyo&path=//lib/python2.7/site-packages/setuptools HTTP/1.1" 200 554 "-" "Mozilla/5.0 (compatible; MJ12bot/v1.4.8; http://mj12bot.com/)"
217.77.5.99 - - [04/Apr/2025:09:22:19 -0400] "GET /Owl-mxmRlf8R.php?action=edit&file=py31compat.py&path=//lib/python3.6/site-packages/pkg_resources HTTP/1.1" 200 855 "-" "Mozilla/5.0 (compatible; MJ12bot/v1.4.8; http://mj12bot.com/)"
217.77.5.99 - - [04/Apr/2025:09:22:20 -0400] "GET /Owl-mxmRlf8R.php?action=edit&file=py31compat.py&path=//lib/python3.6/site-packages/setuptools HTTP/1.1" 200 1048 "-" "Mozilla/5.0 (compatible; MJ12bot/v1.4.8; http://mj12bot.com/)"
217.77.5.99 - - [04/Apr/2025:09:22:23 -0400] "GET /Owl-mxmRlf8R.php?action=edit&file=py31compat.py&path=//lib/python3.8/site-packages/setuptools HTTP/1.1" 200 916 "-" "Mozilla/5.0 (compatible; MJ12bot/v1.4.8; http://mj12bot.com/)"
94.23.203.107 - - [04/Apr/2025:09:22:24 -0400] "GET /Owl-mxmRlf8R.php?action=edit&file=ng-hausa.map.gz&path=//lib/kbd/keymaps/xkb HTTP/1.1" 200 557 "-" "Mozilla/5.0 (compatible; MJ12bot/v1.4.8; http://mj12bot.com/)"
94.23.203.107 - - [04/Apr/2025:09:22:26 -0400] "GET /Owl-mxmRlf8R.php?action=edit&file=ng-igbo.map.gz&path=//lib/kbd/keymaps/xkb HTTP/1.1" 200 557 "-" "Mozilla/5.0 (compatible; MJ12bot/v1.4.8; http://mj12bot.com/)"
94.23.203.107 - - [04/Apr/2025:09:22:27 -0400] "GET /Owl-mxmRlf8R.php?action=edit&file=ng-yoruba.map.gz&path=//lib/kbd/keymaps/xkb HTTP/1.1" 200 558 "-" "Mozilla/5.0 (compatible; MJ12bot/v1.4.8; http://mj12bot.com/)"
217.77.5.99 - - [04/Apr/2025:09:22:28 -0400] "GET /Owl-mxmRlf8R.php?action=edit&file=py31compat.pyo&path=//lib/python2.7/site-packages/pkg_resources HTTP/1.1" 200 556 "-" "Mozilla/5.0 (compatible; MJ12bot/v1.4.8; http://mj12bot.com/)"
94.23.203.107 - - [04/Apr/2025:09:22:29 -0400] "GET /Owl-mxmRlf8R.php?action=edit&file=ng.map.gz&path=//lib/kbd/keymaps/xkb HTTP/1.1" 200 552 "-" "Mozilla/5.0 (compatible; MJ12bot/v1.4.8; http://mj12bot.com/)"
217.77.5.99 - - [04/Apr/2025:09:22:29 -0400] "GET /Owl-mxmRlf8R.php?action=edit&file=py31compat.pyo&path=//lib/python2.7/site-packages/setuptools HTTP/1.1" 200 556 "-" "Mozilla/5.0 (compatible; MJ12bot/v1.4.8; http://mj12bot.com/)"
94.23.203.107 - - [04/Apr/2025:09:22:30 -0400] "GET /Owl-mxmRlf8R.php?action=edit&file=nl-mac.map.gz&path=//lib/kbd/keymaps/xkb HTTP/1.1" 200 556 "-" "Mozilla/5.0 (compatible; MJ12bot/v1.4.8; http://mj12bot.com/)"
217.77.5.99 - - [04/Apr/2025:09:22:31 -0400] "GET /Owl-mxmRlf8R.php?action=edit&file=py33compat.py&path=//lib/python2.7/site-packages/setuptools HTTP/1.1" 200 1087 "-" "Mozilla/5.0 (compatible; MJ12bot/v1.4.8; http://mj12bot.com/)"
217.77.5.99 - - [04/Apr/2025:09:22:32 -0400] "GET /Owl-mxmRlf8R.php?action=edit&file=py33compat.py&path=//lib/python3.6/site-packages/setuptools HTTP/1.1" 200 1087 "-" "Mozilla/5.0 (compatible; MJ12bot/v1.4.8; http://mj12bot.com/)"
94.23.203.107 - - [04/Apr/2025:09:22:33 -0400] "GET /Owl-mxmRlf8R.php?action=edit&file=nl-sundeadkeys.map.gz&path=//lib/kbd/keymaps/xkb HTTP/1.1" 200 561 "-" "Mozilla/5.0 (compatible; MJ12bot/v1.4.8; http://mj12bot.com/)"
217.77.5.99 - - [04/Apr/2025:09:22:34 -0400] "GET /Owl-mxmRlf8R.php?action=edit&file=py33compat.py&path=//lib/python3.8/site-packages/setuptools HTTP/1.1" 200 1153 "-" "Mozilla/5.0 (compatible; MJ12bot/v1.4.8; http://mj12bot.com/)"
217.77.5.99 - - [04/Apr/2025:09:22:35 -0400] "GET /Owl-mxmRlf8R.php?action=edit&file=py33compat.pyc&path=//lib/python2.7/site-packages/setuptools HTTP/1.1" 200 556 "-" "Mozilla/5.0 (compatible; MJ12bot/v1.4.8; http://mj12bot.com/)"
217.77.5.99 - - [04/Apr/2025:09:22:37 -0400] "GET /Owl-mxmRlf8R.php?action=edit&file=py33compat.pyo&path=//lib/python2.7/site-packages/setuptools HTTP/1.1" 200 556 "-" "Mozilla/5.0 (compatible; MJ12bot/v1.4.8; http://mj12bot.com/)"
94.23.203.107 - - [04/Apr/2025:09:22:37 -0400] "GET /Owl-mxmRlf8R.php?action=edit&file=no-colemak.map.gz&path=//lib/kbd/keymaps/xkb HTTP/1.1" 200 557 "-" "Mozilla/5.0 (compatible; MJ12bot/v1.4.8; http://mj12bot.com/)"
217.77.5.99 - - [04/Apr/2025:09:22:38 -0400] "GET /Owl-mxmRlf8R.php?action=edit&file=py34compat.py&path=//lib/python3.8/site-packages/setuptools HTTP/1.1" 200 658 "-" "Mozilla/5.0 (compatible; MJ12bot/v1.4.8; http://mj12bot.com/)"
217.77.5.99 - - [04/Apr/2025:09:22:40 -0400] "GET /Owl-mxmRlf8R.php?action=edit&file=py36compat.py&path=//lib/python2.7/site-packages/setuptools HTTP/1.1" 200 1573 "-" "Mozilla/5.0 (compatible; MJ12bot/v1.4.8; http://mj12bot.com/)"
94.23.203.107 - - [04/Apr/2025:09:22:19 -0400] "GET /Owl-mxmRlf8R.php?action=edit&file=needs_restarting.py&path=//lib/python3.6/site-packages/dnf-plugins HTTP/1.1" 200 4817 "-" "Mozilla/5.0 (compatible; MJ12bot/v1.4.8; http://mj12bot.com/)"
94.23.203.107 - - [04/Apr/2025:09:22:21 -0400] "GET /Owl-mxmRlf8R.php?action=edit&file=netlink.py&path=//lib/python3.6/site-packages/iotop HTTP/1.1" 200 2856 "-" "Mozilla/5.0 (compatible; MJ12bot/v1.4.8; http://mj12bot.com/)"
217.77.5.99 - - [04/Apr/2025:09:22:22 -0400] "GET /Owl-mxmRlf8R.php?action=edit&file=py31compat.py&path=//lib/python3.8/site-packages/pkg_resources HTTP/1.1" 200 856 "-" "Mozilla/5.0 (compatible; MJ12bot/v1.4.8; http://mj12bot.com/)"
94.23.203.107 - - [04/Apr/2025:09:22:23 -0400] "GET /Owl-mxmRlf8R.php?action=edit&file=nftables.py&path=//lib/python3.6/site-packages/nftables HTTP/1.1" 200 3825 "-" "Mozilla/5.0 (compatible; MJ12bot/v1.4.8; http://mj12bot.com/)"
217.77.5.99 - - [04/Apr/2025:09:22:25 -0400] "GET /Owl-mxmRlf8R.php?action=edit&file=py31compat.pyc&path=//lib/python2.7/site-packages/pkg_resources HTTP/1.1" 200 556 "-" "Mozilla/5.0 (compatible; MJ12bot/v1.4.8; http://mj12bot.com/)"
217.77.5.99 - - [04/Apr/2025:09:22:26 -0400] "GET /Owl-mxmRlf8R.php?action=edit&file=py31compat.pyc&path=//lib/python2.7/site-packages/setuptools HTTP/1.1" 200 556 "-" "Mozilla/5.0 (compatible; MJ12bot/v1.4.8; http://mj12bot.com/)"
94.23.203.107 - - [04/Apr/2025:09:22:32 -0400] "GET /Owl-mxmRlf8R.php?action=edit&file=nl-std.map.gz&path=//lib/kbd/keymaps/xkb HTTP/1.1" 200 554 "-" "Mozilla/5.0 (compatible; MJ12bot/v1.4.8; http://mj12bot.com/)"
94.23.203.107 - - [04/Apr/2025:09:22:35 -0400] "GET /Owl-mxmRlf8R.php?action=edit&file=nl.map.gz&path=//lib/kbd/keymaps/xkb HTTP/1.1" 200 551 "-" "Mozilla/5.0 (compatible; MJ12bot/v1.4.8; http://mj12bot.com/)"
94.23.203.107 - - [04/Apr/2025:09:22:38 -0400] "GET /Owl-mxmRlf8R.php?action=edit&file=no-dvorak.map.gz&path=//lib/kbd/keymaps/xkb HTTP/1.1" 200 555 "-" "Mozilla/5.0 (compatible; MJ12bot/v1.4.8; http://mj12bot.com/)"
94.23.203.107 - - [04/Apr/2025:09:22:43 -0400] "GET /Owl-mxmRlf8R.php?action=edit&file=no-smi_nodeadkeys.map.gz&path=//lib/kbd/keymaps/xkb HTTP/1.1" 200 561 "-" "Mozilla/5.0 (compatible; MJ12bot/v1.4.8; http://mj12bot.com/)"
217.77.5.99 - - [04/Apr/2025:09:22:44 -0400] "GET /Owl-mxmRlf8R.php?action=edit&file=py36compat.pyo&path=//lib/python2.7/site-packages/setuptools HTTP/1.1" 200 556 "-" "Mozilla/5.0 (compatible; MJ12bot/v1.4.8; http://mj12bot.com/)"
217.77.5.99 - - [04/Apr/2025:09:22:46 -0400] "GET /Owl-mxmRlf8R.php?action=edit&file=pycomp.py&path=//lib/python3.6/site-packages/dnf HTTP/1.1" 200 1807 "-" "Mozilla/5.0 (compatible; MJ12bot/v1.4.8; http://mj12bot.com/)"
217.77.5.99 - - [04/Apr/2025:09:22:47 -0400] "GET /Owl-mxmRlf8R.php?action=edit&file=pyparsing.cpython-36.opt-1.pyc&path=//lib/python3.6/site-packages/__pycache__ HTTP/1.1" 200 567 "-" "Mozilla/5.0 (compatible; MJ12bot/v1.4.8; http://mj12bot.com/)"
94.23.203.107 - - [04/Apr/2025:09:22:51 -0400] "GET /Owl-mxmRlf8R.php?action=edit&file=none.00-17.08.gz&path=//lib/kbd/consolefonts/partialfonts HTTP/1.1" 200 556 "-" "Mozilla/5.0 (compatible; MJ12bot/v1.4.8; http://mj12bot.com/)"
217.77.5.99 - - [04/Apr/2025:09:22:53 -0400] "GET /Owl-mxmRlf8R.php?action=edit&file=rand.py&path=//lib/python3.6/site-packages/OpenSSL HTTP/1.1" 200 1041 "-" "Mozilla/5.0 (compatible; MJ12bot/v1.4.8; http://mj12bot.com/)"
94.23.203.107 - - [04/Apr/2025:09:22:54 -0400] "GET /Owl-mxmRlf8R.php?action=edit&file=none.00-17.16.gz&path=//lib/kbd/consolefonts/partialfonts HTTP/1.1" 200 556 "-" "Mozilla/5.0 (compatible; MJ12bot/v1.4.8; http://mj12bot.com/)"
217.77.5.99 - - [04/Apr/2025:09:22:55 -0400] "GET /Owl-mxmRlf8R.php?action=edit&file=raw.la&path=//lib64/ImageMagick-6.9.13/modules-Q16/coders HTTP/1.1" 200 1103 "-" "Mozilla/5.0 (compatible; MJ12bot/v1.4.8; http://mj12bot.com/)"
94.23.203.107 - - [04/Apr/2025:09:22:40 -0400] "GET /Owl-mxmRlf8R.php?action=edit&file=no-nodeadkeys.map.gz&path=//lib/kbd/keymaps/xkb HTTP/1.1" 200 558 "-" "Mozilla/5.0 (compatible; MJ12bot/v1.4.8; http://mj12bot.com/)"
217.77.5.99 - - [04/Apr/2025:09:22:41 -0400] "GET /Owl-mxmRlf8R.php?action=edit&file=py36compat.py&path=//lib/python3.6/site-packages/setuptools HTTP/1.1" 200 1573 "-" "Mozilla/5.0 (compatible; MJ12bot/v1.4.8; http://mj12bot.com/)"
94.23.203.107 - - [04/Apr/2025:09:22:41 -0400] "GET /Owl-mxmRlf8R.php?action=edit&file=no-smi.map.gz&path=//lib/kbd/keymaps/xkb HTTP/1.1" 200 553 "-" "Mozilla/5.0 (compatible; MJ12bot/v1.4.8; http://mj12bot.com/)"
217.77.5.99 - - [04/Apr/2025:09:22:42 -0400] "GET /Owl-mxmRlf8R.php?action=edit&file=py36compat.pyc&path=//lib/python2.7/site-packages/setuptools HTTP/1.1" 200 556 "-" "Mozilla/5.0 (compatible; MJ12bot/v1.4.8; http://mj12bot.com/)"
94.23.203.107 - - [04/Apr/2025:09:22:44 -0400] "GET /Owl-mxmRlf8R.php?action=edit&file=no-winkeys.map.gz&path=//lib/kbd/keymaps/xkb HTTP/1.1" 200 556 "-" "Mozilla/5.0 (compatible; MJ12bot/v1.4.8; http://mj12bot.com/)"
94.23.203.107 - - [04/Apr/2025:09:22:46 -0400] "GET /Owl-mxmRlf8R.php?action=edit&file=no.map.gz&path=//lib/kbd/keymaps/xkb HTTP/1.1" 200 553 "-" "Mozilla/5.0 (compatible; MJ12bot/v1.4.8; http://mj12bot.com/)"
94.23.203.107 - - [04/Apr/2025:09:22:48 -0400] "GET /Owl-mxmRlf8R.php?action=edit&file=node.py&path=//lib/python3.6/site-packages/dns HTTP/1.1" 200 2546 "-" "Mozilla/5.0 (compatible; MJ12bot/v1.4.8; http://mj12bot.com/)"
217.77.5.99 - - [04/Apr/2025:09:22:49 -0400] "GET /Owl-mxmRlf8R.php?action=edit&file=pyparsing.cpython-36.pyc&path=//lib/python3.6/site-packages/__pycache__ HTTP/1.1" 200 563 "-" "Mozilla/5.0 (compatible; MJ12bot/v1.4.8; http://mj12bot.com/)"
94.23.203.107 - - [04/Apr/2025:09:22:49 -0400] "GET /Owl-mxmRlf8R.php?action=edit&file=nonblocking.py&path=//lib/python3.6/site-packages/rhn HTTP/1.1" 200 1363 "-" "Mozilla/5.0 (compatible; MJ12bot/v1.4.8; http://mj12bot.com/)"
217.77.5.99 - - [04/Apr/2025:09:22:50 -0400] "GET /Owl-mxmRlf8R.php?action=edit&file=query.py&path=//lib/python3.6/site-packages/dnf HTTP/1.1" 200 1330 "-" "Mozilla/5.0 (compatible; MJ12bot/v1.4.8; http://mj12bot.com/)"
217.77.5.99 - - [04/Apr/2025:09:22:52 -0400] "GET /Owl-mxmRlf8R.php?action=edit&file=query.py&path=//lib/python3.6/site-packages/dns HTTP/1.1" 200 5797 "-" "Mozilla/5.0 (compatible; MJ12bot/v1.4.8; http://mj12bot.com/)"
94.23.203.107 - - [04/Apr/2025:09:22:53 -0400] "GET /Owl-mxmRlf8R.php?action=edit&file=none.00-17.14.gz&path=//lib/kbd/consolefonts/partialfonts HTTP/1.1" 200 556 "-" "Mozilla/5.0 (compatible; MJ12bot/v1.4.8; http://mj12bot.com/)"
94.23.203.107 - - [04/Apr/2025:09:22:58 -0400] "GET /Owl-mxmRlf8R.php?action=edit&file=not-zip-safe&path=//lib/python3.6/site-packages/requests-2.20.0-py3.6.egg-info HTTP/1.1" 200 553 "-" "Mozilla/5.0 (compatible; MJ12bot/v1.4.8; http://mj12bot.com/)"
217.77.5.99 - - [04/Apr/2025:09:22:58 -0400] "GET /Owl-mxmRlf8R.php?action=edit&file=rcode.py&path=//lib/python3.6/site-packages/dns HTTP/1.1" 200 1969 "-" "Mozilla/5.0 (compatible; MJ12bot/v1.4.8; http://mj12bot.com/)"
94.23.203.107 - - [04/Apr/2025:09:22:59 -0400] "GET /Owl-mxmRlf8R.php?action=edit&file=npm&path=//lib/node_modules/npm/bin HTTP/1.1" 200 860 "-" "Mozilla/5.0 (compatible; MJ12bot/v1.4.8; http://mj12bot.com/)"
217.77.5.99 - - [04/Apr/2025:09:22:59 -0400] "GET /Owl-mxmRlf8R.php?action=edit&file=rdata.py&path=//lib/python3.6/site-packages/dns HTTP/1.1" 200 4812 "-" "Mozilla/5.0 (compatible; MJ12bot/v1.4.8; http://mj12bot.com/)"
94.23.203.107 - - [04/Apr/2025:09:23:01 -0400] "GET /Owl-mxmRlf8R.php?action=edit&file=npm-cli.js&path=//lib/node_modules/npm/bin HTTP/1.1" 200 1753 "-" "Mozilla/5.0 (compatible; MJ12bot/v1.4.8; http://mj12bot.com/)"
94.23.203.107 - - [04/Apr/2025:09:23:02 -0400] "GET /Owl-mxmRlf8R.php?action=edit&file=npm.cmd&path=//lib/node_modules/npm/bin HTTP/1.1" 200 795 "-" "Mozilla/5.0 (compatible; MJ12bot/v1.4.8; http://mj12bot.com/)"
217.77.5.99 - - [04/Apr/2025:09:23:02 -0400] "GET /Owl-mxmRlf8R.php?action=edit&file=rdataset.py&path=//lib/python3.6/site-packages/dns HTTP/1.1" 200 4132 "-" "Mozilla/5.0 (compatible; MJ12bot/v1.4.8; http://mj12bot.com/)"
94.23.203.107 - - [04/Apr/2025:09:23:04 -0400] "GET /Owl-mxmRlf8R.php?action=edit&file=npm.js&path=//lib/node_modules/npm/lib HTTP/1.1" 200 5328 "-" "Mozilla/5.0 (compatible; MJ12bot/v1.4.8; http://mj12bot.com/)"
217.77.5.99 - - [04/Apr/2025:09:23:04 -0400] "GET /Owl-mxmRlf8R.php?action=edit&file=rdatatype.py&path=//lib/python3.6/site-packages/dns HTTP/1.1" 200 2899 "-" "Mozilla/5.0 (compatible; MJ12bot/v1.4.8; http://mj12bot.com/)"
94.23.203.107 - - [04/Apr/2025:09:23:05 -0400] "GET /Owl-mxmRlf8R.php?action=edit&file=npx&path=//lib/node_modules/npm/bin HTTP/1.1" 200 865 "-" "Mozilla/5.0 (compatible; MJ12bot/v1.4.8; http://mj12bot.com/)"
217.77.5.99 - - [04/Apr/2025:09:23:06 -0400] "GET /Owl-mxmRlf8R.php?action=edit&file=rdn_name.so&path=//lib64/ldb/modules/ldb HTTP/1.1" 200 554 "-" "Mozilla/5.0 (compatible; MJ12bot/v1.4.8; http://mj12bot.com/)"
94.23.203.107 - - [04/Apr/2025:09:23:07 -0400] "GET /Owl-mxmRlf8R.php?action=edit&file=npx-cli.js&path=//lib/node_modules/npm/bin HTTP/1.1" 200 662 "-" "Mozilla/5.0 (compatible; MJ12bot/v1.4.8; http://mj12bot.com/)"
217.77.5.99 - - [04/Apr/2025:09:23:07 -0400] "GET /Owl-mxmRlf8R.php?action=edit&file=re.so&path=//lib64/perl5/auto/re HTTP/1.1" 200 550 "-" "Mozilla/5.0 (compatible; MJ12bot/v1.4.8; http://mj12bot.com/)"
94.23.203.107 - - [04/Apr/2025:09:23:08 -0400] "GET /Owl-mxmRlf8R.php?action=edit&file=npx.cmd&path=//lib/node_modules/npm/bin HTTP/1.1" 200 800 "-" "Mozilla/5.0 (compatible; MJ12bot/v1.4.8; http://mj12bot.com/)"
217.77.5.99 - - [04/Apr/2025:09:23:09 -0400] "GET /Owl-mxmRlf8R.php?action=edit&file=rebuild.js&path=//lib/node_modules/npm/lib HTTP/1.1" 200 1459 "-" "Mozilla/5.0 (compatible; MJ12bot/v1.4.8; http://mj12bot.com/)"
94.23.203.107 - - [04/Apr/2025:09:23:10 -0400] "GET /Owl-mxmRlf8R.php?action=edit&file=null.la&path=//lib64/GraphicsMagick-1.3.38/modules-Q16/coders HTTP/1.1" 200 1069 "-" "Mozilla/5.0 (compatible; MJ12bot/v1.4.8; http://mj12bot.com/)"
217.77.5.99 - - [04/Apr/2025:09:23:10 -0400] "GET /Owl-mxmRlf8R.php?action=edit&file=relativedelta.py&path=//lib/python3.6/site-packages/dateutil HTTP/1.1" 200 6153 "-" "Mozilla/5.0 (compatible; MJ12bot/v1.4.8; http://mj12bot.com/)"
217.77.5.99 - - [04/Apr/2025:09:23:12 -0400] "GET /Owl-mxmRlf8R.php?action=edit&file=release.sh&path=//lib/node_modules/npm/scripts HTTP/1.1" 200 944 "-" "Mozilla/5.0 (compatible; MJ12bot/v1.4.8; http://mj12bot.com/)"
94.23.203.107 - - [04/Apr/2025:09:23:13 -0400] "GET /Owl-mxmRlf8R.php?action=edit&file=null.so&path=//lib64/GraphicsMagick-1.3.38/modules-Q16/coders HTTP/1.1" 200 549 "-" "Mozilla/5.0 (compatible; MJ12bot/v1.4.8; http://mj12bot.com/)"
94.23.203.107 - - [04/Apr/2025:09:23:16 -0400] "GET /Owl-mxmRlf8R.php?action=edit&file=opcode.py&path=//lib/python3.6/site-packages/dns HTTP/1.1" 200 1748 "-" "Mozilla/5.0 (compatible; MJ12bot/v1.4.8; http://mj12bot.com/)"
217.77.5.99 - - [04/Apr/2025:09:23:16 -0400] "GET /Owl-mxmRlf8R.php?action=edit&file=replcheck_param.pl&path=//lib64/nagios/plugins/nccustom HTTP/1.1" 200 2608 "-" "Mozilla/5.0 (compatible; MJ12bot/v1.4.8; http://mj12bot.com/)"
94.23.203.107 - - [04/Apr/2025:09:23:18 -0400] "GET /Owl-mxmRlf8R.php?action=edit&file=openssl.so&path=//lib64/gems/ruby/openssl-2.1.2 HTTP/1.1" 200 551 "-" "Mozilla/5.0 (compatible; MJ12bot/v1.4.8; http://mj12bot.com/)"
94.23.203.107 - - [04/Apr/2025:09:23:21 -0400] "GET /Owl-mxmRlf8R.php?action=edit&file=otb.la&path=//lib64/GraphicsMagick-1.3.38/modules-Q16/coders HTTP/1.1" 200 1073 "-" "Mozilla/5.0 (compatible; MJ12bot/v1.4.8; http://mj12bot.com/)"
217.77.5.99 - - [04/Apr/2025:09:23:21 -0400] "GET /Owl-mxmRlf8R.php?action=edit&file=repoclosure.py&path=//lib/python3.6/site-packages/dnf-plugins HTTP/1.1" 200 2849 "-" "Mozilla/5.0 (compatible; MJ12bot/v1.4.8; http://mj12bot.com/)"
94.23.203.107 - - [04/Apr/2025:09:22:56 -0400] "GET /Owl-mxmRlf8R.php?action=edit&file=not-zip-safe&path=//lib/python3.6/site-packages/decorator-4.2.1-py3.6.egg-info HTTP/1.1" 200 553 "-" "Mozilla/5.0 (compatible; MJ12bot/v1.4.8; http://mj12bot.com/)"
217.77.5.99 - - [04/Apr/2025:09:22:56 -0400] "GET /Owl-mxmRlf8R.php?action=edit&file=raw.so&path=//lib64/ImageMagick-6.9.13/modules-Q16/coders HTTP/1.1" 200 551 "-" "Mozilla/5.0 (compatible; MJ12bot/v1.4.8; http://mj12bot.com/)"
217.77.5.99 - - [04/Apr/2025:09:23:01 -0400] "GET /Owl-mxmRlf8R.php?action=edit&file=rdataclass.py&path=//lib/python3.6/site-packages/dns HTTP/1.1" 200 2032 "-" "Mozilla/5.0 (compatible; MJ12bot/v1.4.8; http://mj12bot.com/)"
94.23.203.107 - - [04/Apr/2025:09:23:11 -0400] "GET /Owl-mxmRlf8R.php?action=edit&file=null.la&path=//lib64/ImageMagick-6.9.13/modules-Q16/coders HTTP/1.1" 200 1103 "-" "Mozilla/5.0 (compatible; MJ12bot/v1.4.8; http://mj12bot.com/)"
217.77.5.99 - - [04/Apr/2025:09:23:13 -0400] "GET /Owl-mxmRlf8R.php?action=edit&file=relocate.sh&path=//lib/node_modules/npm/scripts HTTP/1.1" 200 931 "-" "Mozilla/5.0 (compatible; MJ12bot/v1.4.8; http://mj12bot.com/)"
94.23.203.107 - - [04/Apr/2025:09:23:14 -0400] "GET /Owl-mxmRlf8R.php?action=edit&file=null.so&path=//lib64/ImageMagick-6.9.13/modules-Q16/coders HTTP/1.1" 200 549 "-" "Mozilla/5.0 (compatible; MJ12bot/v1.4.8; http://mj12bot.com/)"
217.77.5.99 - - [04/Apr/2025:09:23:15 -0400] "GET /Owl-mxmRlf8R.php?action=edit&file=renderer.py&path=//lib/python3.6/site-packages/dns HTTP/1.1" 200 3939 "-" "Mozilla/5.0 (compatible; MJ12bot/v1.4.8; http://mj12bot.com/)"
217.77.5.99 - - [04/Apr/2025:09:23:18 -0400] "GET /Owl-mxmRlf8R.php?action=edit&file=repo.js&path=//lib/node_modules/npm/lib HTTP/1.1" 200 1258 "-" "Mozilla/5.0 (compatible; MJ12bot/v1.4.8; http://mj12bot.com/)"
94.23.203.107 - - [04/Apr/2025:09:23:19 -0400] "GET /Owl-mxmRlf8R.php?action=edit&file=org.js&path=//lib/node_modules/npm/lib HTTP/1.1" 200 1913 "-" "Mozilla/5.0 (compatible; MJ12bot/v1.4.8; http://mj12bot.com/)"
217.77.5.99 - - [04/Apr/2025:09:23:19 -0400] "GET /Owl-mxmRlf8R.php?action=edit&file=repo.py&path=//lib/python3.6/site-packages/dnf HTTP/1.1" 200 6557 "-" "Mozilla/5.0 (compatible; MJ12bot/v1.4.8; http://mj12bot.com/)"
217.77.5.99 - - [04/Apr/2025:09:23:24 -0400] "GET /Owl-mxmRlf8R.php?action=edit&file=repodiff.py&path=//lib/python3.6/site-packages/dnf-plugins HTTP/1.1" 200 3828 "-" "Mozilla/5.0 (compatible; MJ12bot/v1.4.8; http://mj12bot.com/)"
94.23.203.107 - - [04/Apr/2025:09:23:24 -0400] "GET /Owl-mxmRlf8R.php?action=edit&file=otb.so&path=//lib64/GraphicsMagick-1.3.38/modules-Q16/coders HTTP/1.1" 200 551 "-" "Mozilla/5.0 (compatible; MJ12bot/v1.4.8; http://mj12bot.com/)"
94.23.203.107 - - [04/Apr/2025:09:23:28 -0400] "GET /Owl-mxmRlf8R.php?action=edit&file=override.conf&path=//lib/systemd/system/rsyslog.service.d HTTP/1.1" 200 571 "-" "Mozilla/5.0 (compatible; MJ12bot/v1.4.8; http://mj12bot.com/)"
94.23.203.107 - - [04/Apr/2025:09:23:22 -0400] "GET /Owl-mxmRlf8R.php?action=edit&file=otb.la&path=//lib64/ImageMagick-6.9.13/modules-Q16/coders HTTP/1.1" 200 1104 "-" "Mozilla/5.0 (compatible; MJ12bot/v1.4.8; http://mj12bot.com/)"
217.77.5.99 - - [04/Apr/2025:09:23:22 -0400] "GET /Owl-mxmRlf8R.php?action=edit&file=repodict.py&path=//lib/python3.6/site-packages/dnf HTTP/1.1" 200 2424 "-" "Mozilla/5.0 (compatible; MJ12bot/v1.4.8; http://mj12bot.com/)"
217.77.5.99 - - [04/Apr/2025:09:23:25 -0400] "GET /Owl-mxmRlf8R.php?action=edit&file=repograph.py&path=//lib/python3.6/site-packages/dnf-plugins HTTP/1.1" 200 2166 "-" "Mozilla/5.0 (compatible; MJ12bot/v1.4.8; http://mj12bot.com/)"
94.23.203.107 - - [04/Apr/2025:09:23:25 -0400] "GET /Owl-mxmRlf8R.php?action=edit&file=otb.so&path=//lib64/ImageMagick-6.9.13/modules-Q16/coders HTTP/1.1" 200 551 "-" "Mozilla/5.0 (compatible; MJ12bot/v1.4.8; http://mj12bot.com/)"
